000
CDUS44 KOUN 250728
CLILAW

CLIMATE REPORT
NATIONAL WEATHER SERVICE NORMAN OK
226 AM CDT SAT MAY 25 2019


...................................

...THE LAWTON CLIMATE SUMMARY FOR MAY 24 2019...

CLIMATE NORMAL PERIOD 1981 TO 2010
CLIMATE RECORD PERIOD 1912 TO 2019


WEATHER ITEM   OBSERVED TIME   RECORD YEAR NORMAL DEPARTURE LAST
                VALUE   (LST)  VALUE       VALUE  FROM      YEAR
                                                  NORMAL
..................................................................
TEMPERATURE (F)
 YESTERDAY
  MAXIMUM         86    346 PM 109    2000  86      0       90
  MINIMUM         66   1053 PM  46    2017  62      4       68
                                      1935
                                      1917
  AVERAGE         76                        74      2       79

PRECIPITATION (IN)
  YESTERDAY        1.66R         1.66 2019   0.11   1.55     0.00
  MONTH TO DATE    7.08                      3.48   3.60     3.10
  SINCE MAR 1     14.14                      8.60   5.54     5.66
  SINCE JAN 1     15.98                     11.09   4.89     7.34

SNOWFALL (IN)
  YESTERDAY        0.0

DEGREE DAYS
 HEATING
  YESTERDAY        0                         0      0        0
  MONTH TO DATE   30                        22      8        0
  SINCE MAR 1    562                       531     31      535
  SINCE JUL 1   3299                      3149    150     3152

 COOLING
  YESTERDAY       11                         9      2       14
  MONTH TO DATE  132                       144    -12      243
  SINCE MAR 1    206                       219    -13      288
  SINCE JAN 1    207                       220    -13      299
..................................................................


WIND (MPH)
  HIGHEST WIND SPEED    26   HIGHEST WIND DIRECTION     W (270)
  HIGHEST GUST SPEED    38   HIGHEST GUST DIRECTION    NW (300)
  AVERAGE WIND SPEED    13.0


SKY COVER
  AVERAGE SKY COVER 0.6


WEATHER CONDITIONS
 THE FOLLOWING WEATHER WAS RECORDED YESTERDAY.
  THUNDERSTORM
  HEAVY RAIN
  RAIN
  LIGHT RAIN
  FOG


RELATIVE HUMIDITY (PERCENT)
 HIGHEST    87
 LOWEST     61
 AVERAGE    74

..........................................................


THE LAWTON CLIMATE NORMALS FOR TODAY
                         NORMAL    RECORD    YEAR
 MAXIMUM TEMPERATURE (F)   86       100      2006
                                             1990
 MINIMUM TEMPERATURE (F)   63        46      1947
                                             1924


SUNRISE AND SUNSET
MAY 25 2019...........SUNRISE   625 AM CDT   SUNSET   837 PM CDT
MAY 26 2019...........SUNRISE   624 AM CDT   SUNSET   837 PM CDT


-  INDICATES NEGATIVE NUMBERS.
R  INDICATES RECORD WAS SET OR TIED.
MM INDICATES DATA IS MISSING.
T  INDICATES TRACE AMOUNT.

$$
