395
CDUS44 KOUN 222218 RRA
CLILAW

CLIMATE REPORT
NATIONAL WEATHER SERVICE NORMAN OK
516 PM CDT FRI MAR 22 2019


...................................

...THE LAWTON CLIMATE SUMMARY FOR MARCH 22 2019...
VALID TODAY AS OF 0500 PM LOCAL TIME.

CLIMATE NORMAL PERIOD 1981 TO 2010
CLIMATE RECORD PERIOD 1912 TO 2019


WEATHER ITEM   OBSERVED TIME   RECORD YEAR NORMAL DEPARTURE LAST
                VALUE   (LST)  VALUE       VALUE  FROM      YEAR
                                                  NORMAL
..................................................................
TEMPERATURE (F)
 TODAY
  MAXIMUM         76    359 PM  91    2011  69      7       82
                                      1995
  MINIMUM         41    559 AM  20    1955  43     -2       49
  AVERAGE         59                        56      3       66

PRECIPITATION (IN)
  TODAY            0.00          0.68 1979   0.08  -0.08     0.00
  MONTH TO DATE    2.48                      1.38   1.10     0.04
  SINCE MAR 1      2.48                      1.38   1.10     0.04
  SINCE JAN 1      4.32                      3.87   0.45     1.72

SNOWFALL (IN)
  TODAY            0.0

DEGREE DAYS
 HEATING
  TODAY            6                        10     -4        0
  MONTH TO DATE  373                       286     87      234
  SINCE MAR 1    373                       286     87      234
  SINCE JUL 1   3110                      2904    206     2851

 COOLING
  TODAY            0                         1     -1        1
  MONTH TO DATE    0                         6     -6        1
  SINCE MAR 1      0                         6     -6        1
  SINCE JAN 1      1                         7     -6       12
..................................................................


WIND (MPH)
  HIGHEST WIND SPEED    18   HIGHEST WIND DIRECTION     E (110)
  HIGHEST GUST SPEED    22   HIGHEST GUST DIRECTION     E (110)
  AVERAGE WIND SPEED     6.1


SKY COVER
  AVERAGE SKY COVER 0.1


WEATHER CONDITIONS
 THE FOLLOWING WEATHER WAS RECORDED TODAY.
  NO SIGNIFICANT WEATHER WAS OBSERVED.


RELATIVE HUMIDITY (PERCENT)
 HIGHEST    89
 LOWEST     29
 AVERAGE    59

..........................................................


THE LAWTON CLIMATE NORMALS FOR TOMORROW
                         NORMAL    RECORD    YEAR
 MAXIMUM TEMPERATURE (F)   69        92      1929
 MINIMUM TEMPERATURE (F)   43        17      1915


SUNRISE AND SUNSET
MARCH 22 2019.........SUNRISE   735 AM CDT   SUNSET   747 PM CDT
MARCH 23 2019.........SUNRISE   733 AM CDT   SUNSET   748 PM CDT


-  INDICATES NEGATIVE NUMBERS.
R  INDICATES RECORD WAS SET OR TIED.
MM INDICATES DATA IS MISSING.
T  INDICATES TRACE AMOUNT.




$$
