000
CDUS46 KLOX 200130
CLILAX


CLIMATE REPORT
NATIONAL WEATHER SERVICE LOS ANGELES/OXNARD CA
629 PM PDT THU APR 19 2018


...................................

...THE LOS ANGELES AIRPORT CLIMATE SUMMARY FOR APRIL 19 2018...
VALID TODAY AS OF 0600 PM LOCAL TIME.

CLIMATE NORMAL PERIOD 1981 TO 2010
CLIMATE RECORD PERIOD 1944 TO 2018


WEATHER ITEM   OBSERVED TIME   RECORD YEAR NORMAL DEPARTURE LAST
                VALUE   (LST)  VALUE       VALUE  FROM      YEAR
                                                  NORMAL
..................................................................
TEMPERATURE (F)
 TODAY
  MAXIMUM         62    316 PM  87    2009  67     -5       68
  MINIMUM         51    647 AM  46    1995  54     -3       58
                                      1967
  AVERAGE         57                        60     -3       63

PRECIPITATION (IN)
  TODAY            0.05          0.38 1988   0.02   0.03      T
  MONTH TO DATE    0.05                      0.51  -0.46     0.38
  SINCE OCT 1      3.73                     12.04  -8.31    16.19
  SINCE JAN 1      3.62                      8.32  -4.70    11.94

SNOWFALL (IN)
  TODAY            0.0
  MONTH TO DATE    0.0
  SINCE MAR 1      0.0
  SINCE JUL 1      0.0

DEGREE DAYS
 HEATING
  TODAY            8                         5      3        2
  MONTH TO DATE   63                       108    -45       64
  SINCE MAR 1    252                       329    -77      176
  SINCE JUL 1    701                      1258   -557      949

 COOLING
  TODAY            0                         0      0        0
  MONTH TO DATE   19                         0     19        2
  SINCE MAR 1     19                         6     13        4
  SINCE JAN 1     50                        15     35        4
..................................................................


WIND (MPH)
  HIGHEST WIND SPEED    24   HIGHEST WIND DIRECTION    SW (240)
  HIGHEST GUST SPEED    29   HIGHEST GUST DIRECTION    SW (230)
  AVERAGE WIND SPEED    12.8


SKY COVER
  POSSIBLE SUNSHINE  MM
  AVERAGE SKY COVER 0.4


WEATHER CONDITIONS
 THE FOLLOWING WEATHER WAS RECORDED TODAY.
  LIGHT RAIN


RELATIVE HUMIDITY (PERCENT)
 HIGHEST    77           300 AM
 LOWEST     51          1200 PM
 AVERAGE    64

..........................................................


THE LOS ANGELES AIRPORT CLIMATE NORMALS FOR TOMORROW
                         NORMAL    RECORD    YEAR
 MAXIMUM TEMPERATURE (F)   67        95      2009
 MINIMUM TEMPERATURE (F)   54        47      1972
                                             1957


SUNRISE AND SUNSET
APRIL 19 2018.........SUNRISE   618 AM PDT   SUNSET   728 PM PDT
APRIL 20 2018.........SUNRISE   617 AM PDT   SUNSET   729 PM PDT


-  INDICATES NEGATIVE NUMBERS.
R  INDICATES RECORD WAS SET OR TIED.
MM INDICATES DATA IS MISSING.
T  INDICATES TRACE AMOUNT.




$$
