000
CDUS46 KLOX 270111
CLILAX


CLIMATE REPORT
NATIONAL WEATHER SERVICE LOS ANGELES/OXNARD CA
611 PM PDT TUE MAR 26 2019


...................................

...THE LOS ANGELES AIRPORT CLIMATE SUMMARY FOR MARCH 26 2019...
VALID TODAY AS OF 0600 PM LOCAL TIME.

CLIMATE NORMAL PERIOD 1981 TO 2010
CLIMATE RECORD PERIOD 1944 TO 2019


WEATHER ITEM   OBSERVED TIME   RECORD YEAR NORMAL DEPARTURE LAST
                VALUE   (LST)  VALUE       VALUE  FROM      YEAR
                                                  NORMAL
..................................................................
TEMPERATURE (F)
 TODAY
  MAXIMUM         67    128 PM  95    1988  65      2       69
  MINIMUM         52    424 AM  42    1977  52      0       52
                                      1948
  AVERAGE         60                        58      2       61

PRECIPITATION (IN)
  TODAY            0.00          0.70 1991   0.04  -0.04     0.00
  MONTH TO DATE    2.10                      1.65   0.45     2.07
  SINCE OCT 1     16.16                     11.33   4.83     3.68
  SINCE JAN 1     12.04                      7.61   4.43     3.57

SNOWFALL (IN)
  TODAY            0.0
  MONTH TO DATE    0.0
  SINCE MAR 1      0.0
  SINCE JUL 1      0.0

DEGREE DAYS
 HEATING
  TODAY            5                         7     -2        4
  MONTH TO DATE  156                       185    -29      164
  SINCE MAR 1    156                       185    -29      164
  SINCE JUL 1    920                      1114   -194      613

 COOLING
  TODAY            0                         0      0        0
  MONTH TO DATE    4                         0      4        0
  SINCE MAR 1      4                         0      4        0
  SINCE JAN 1      4                         9     -5       31
..................................................................


WIND (MPH)
  HIGHEST WIND SPEED    18   HIGHEST WIND DIRECTION     W (260)
  HIGHEST GUST SPEED    22   HIGHEST GUST DIRECTION     W (260)
  AVERAGE WIND SPEED     6.5


SKY COVER
  POSSIBLE SUNSHINE  MM
  AVERAGE SKY COVER 0.5


WEATHER CONDITIONS
 THE FOLLOWING WEATHER WAS RECORDED TODAY.
  NO SIGNIFICANT WEATHER WAS OBSERVED.


RELATIVE HUMIDITY (PERCENT)
 HIGHEST    93           100 AM
 LOWEST     52           100 PM
 AVERAGE    73

..........................................................


THE LOS ANGELES AIRPORT CLIMATE NORMALS FOR TOMORROW
                         NORMAL    RECORD    YEAR
 MAXIMUM TEMPERATURE (F)   65        87      1952
 MINIMUM TEMPERATURE (F)   52        40      1945


SUNRISE AND SUNSET
MARCH 26 2019.........SUNRISE   649 AM PDT   SUNSET   710 PM PDT
MARCH 27 2019.........SUNRISE   648 AM PDT   SUNSET   710 PM PDT


-  INDICATES NEGATIVE NUMBERS.
R  INDICATES RECORD WAS SET OR TIED.
MM INDICATES DATA IS MISSING.
T  INDICATES TRACE AMOUNT.




$$
