000
CDUS46 KLOX 250902
CLILAX


CLIMATE REPORT
NATIONAL WEATHER SERVICE LOS ANGELES/OXNARD CA
202 AM PDT TUE JUN 25 2019


...................................

...THE LOS ANGELES INTL AIRPORT CA CLIMATE SUMMARY FOR JUNE 24 2019...

CLIMATE NORMAL PERIOD 1981 TO 2010
CLIMATE RECORD PERIOD 1944 TO 2019


WEATHER ITEM   OBSERVED TIME   RECORD YEAR NORMAL DEPARTURE LAST
                VALUE   (LST)  VALUE       VALUE  FROM      YEAR
                                                  NORMAL
..................................................................
TEMPERATURE (F)
 YESTERDAY
  MAXIMUM         69    133 PM  99    1976  72     -3       74
  MINIMUM         61    746 AM  55    1962  62     -1       63
                                      1945
  AVERAGE         65                        67     -2       69

PRECIPITATION (IN)
  YESTERDAY        T             0.02 1950   0.00   0.00      T
  MONTH TO DATE    T                         0.07  -0.07      T
  SINCE OCT 1     16.94                     12.52   4.42     3.79
  SINCE JAN 1     12.82                      8.80   4.02     3.68

SNOWFALL (IN)
  YESTERDAY        0.0
  MONTH TO DATE    0.0
  SINCE JUN 1      0.0
  SINCE JUL 1      0.0

DEGREE DAYS
 HEATING
  YESTERDAY        0                         0      0        0
  MONTH TO DATE    4                        24    -20        1
  SINCE JUN 1      4                        24    -20        1
  SINCE JUL 1   1100                      1418   -318      799

 COOLING
  YESTERDAY        0                         2     -2        4
  MONTH TO DATE   35                        30      5       48
  SINCE JUN 1     35                        30      5       48
  SINCE JAN 1     62                        70     -8      101
..................................................................


WIND (MPH)
  HIGHEST WIND SPEED    14   HIGHEST WIND DIRECTION     W (260)
  HIGHEST GUST SPEED    20   HIGHEST GUST DIRECTION     W (270)
  AVERAGE WIND SPEED     6.3


SKY COVER
  POSSIBLE SUNSHINE  MM
  AVERAGE SKY COVER 1.0


WEATHER CONDITIONS
 THE FOLLOWING WEATHER WAS RECORDED YESTERDAY.
  LIGHT RAIN
  FOG
  HAZE


RELATIVE HUMIDITY (PERCENT)
 HIGHEST   100           100 AM
 LOWEST     73           200 PM
 AVERAGE    87

..........................................................


THE LOS ANGELES INTL AIRPORT CA CLIMATE NORMALS FOR TODAY
                         NORMAL    RECORD    YEAR
 MAXIMUM TEMPERATURE (F)   72        88      1970
 MINIMUM TEMPERATURE (F)   62        54      1950


SUNRISE AND SUNSET
JUNE 25 2019..........SUNRISE   544 AM PDT   SUNSET   808 PM PDT
JUNE 26 2019..........SUNRISE   544 AM PDT   SUNSET   809 PM PDT


-  INDICATES NEGATIVE NUMBERS.
R  INDICATES RECORD WAS SET OR TIED.
MM INDICATES DATA IS MISSING.
T  INDICATES TRACE AMOUNT.




$$
