000
CDUS44 KLUB 210141
CLILBB


CLIMATE REPORT
NATIONAL WEATHER SERVICE LUBBOCK, TX
841 PM CDT MON MAY 20 2019


...................................

...THE LUBBOCK CLIMATE SUMMARY FOR MAY 20 2019...
VALID TODAY AS OF 0800 PM LOCAL TIME.

CLIMATE NORMAL PERIOD 1981 TO 2010
CLIMATE RECORD PERIOD 1911 TO 2019


WEATHER ITEM   OBSERVED TIME   RECORD YEAR NORMAL DEPARTURE LAST
                VALUE   (LST)  VALUE       VALUE  FROM      YEAR
                                                  NORMAL
..................................................................
TEMPERATURE (F)
 TODAY
  MAXIMUM         88    218 PM 102    2006  85      3       72
  MINIMUM         62    318 PM  40    1931  57      5       57
  AVERAGE         75                        71      4       65

PRECIPITATION (IN)
  TODAY            0.04          1.81 1941   0.08  -0.04     0.09
  MONTH TO DATE    0.73                      1.29  -0.56     1.23
  SINCE MAR 1      3.61                      3.80  -0.19     2.13
  SINCE JAN 1      3.65                      5.20  -1.55     2.33

SNOWFALL (IN)
  TODAY            0.0           T    1950   0.0    0.0      0.0
  MONTH TO DATE    T                         0.0    0.0      0.0
  SINCE MAR 1      T                         0.8   -0.8      0.0
  SINCE JUL 1     10.1                       8.2    1.9      0.3
  SNOW DEPTH       0

DEGREE DAYS
 HEATING
  TODAY            0                         1     -1        0
  MONTH TO DATE   52                        33     19        0
  SINCE MAR 1    677                       631     46      493
  SINCE JUL 1   3449                      3370     79     3014

 COOLING
  TODAY           10                         7      3        0
  MONTH TO DATE   79                        99    -20      238
  SINCE MAR 1    142                       155    -13      318
  SINCE JAN 1    142                       155    -13      321
..................................................................


WIND (MPH)
  RESULTANT WIND SPEED  17   RESULTANT WIND DIRECTION   S (160)
  HIGHEST WIND SPEED    48   HIGHEST WIND DIRECTION    SE (140)
  HIGHEST GUST SPEED    63   HIGHEST GUST DIRECTION    SE (140)
  AVERAGE WIND SPEED    19.2


SKY COVER
  AVERAGE SKY COVER 0.9


WEATHER CONDITIONS
 THE FOLLOWING WEATHER WAS RECORDED TODAY.
  THUNDERSTORM
  HEAVY RAIN
  LIGHT RAIN
  FOG
  HAZE


RELATIVE HUMIDITY (PERCENT)
 HIGHEST    93           600 AM
 LOWEST     34           100 PM
 AVERAGE    64

..........................................................


THE LUBBOCK CLIMATE NORMALS FOR TOMORROW
                         NORMAL    RECORD    YEAR
 MAXIMUM TEMPERATURE (F)   85       101      1989
                                             1966
 MINIMUM TEMPERATURE (F)   58        39      1967


SUNRISE AND SUNSET
MAY 20 2019...........SUNRISE   643 AM CDT   SUNSET   845 PM CDT
MAY 21 2019...........SUNRISE   643 AM CDT   SUNSET   845 PM CDT


-  INDICATES NEGATIVE NUMBERS.
R  INDICATES RECORD WAS SET OR TIED.
MM INDICATES DATA IS MISSING.
T  INDICATES TRACE AMOUNT.




$$
