000
CDUS44 KLUB 200126
CLILBB


CLIMATE REPORT
NATIONAL WEATHER SERVICE LUBBOCK, TX
825 PM CDT TUE MAR 19 2019


...................................

...THE LUBBOCK CLIMATE SUMMARY FOR MARCH 19 2019...
VALID TODAY AS OF 0800 PM LOCAL TIME.

CLIMATE NORMAL PERIOD 1981 TO 2010
CLIMATE RECORD PERIOD 1911 TO 2019


WEATHER ITEM   OBSERVED TIME   RECORD YEAR NORMAL DEPARTURE LAST
                VALUE   (LST)  VALUE       VALUE  FROM      YEAR
                                                  NORMAL
..................................................................
TEMPERATURE (F)
 TODAY
  MAXIMUM         67    442 PM  89    2017  68     -1       64
  MINIMUM         37    718 AM  11    1923  38     -1       37
  AVERAGE         52                        53     -1       51

PRECIPITATION (IN)
  TODAY            0.00          0.85 2006   0.04  -0.04     0.00
  MONTH TO DATE    1.12                      0.64   0.48     0.04
  SINCE MAR 1      1.12                      0.64   0.48     0.04
  SINCE JAN 1      1.16                      2.04  -0.88     0.24

SNOWFALL (IN)
  TODAY            0.0           4.7  1961   0.0    0.0      0.0
  MONTH TO DATE    T                         0.4   -0.4      0.0
  SINCE MAR 1      T                         0.4   -0.4      0.0
  SINCE JUL 1     10.1                       7.8    2.3      0.3
  SNOW DEPTH       0

DEGREE DAYS
 HEATING
  TODAY           13                        13      0       14
  MONTH TO DATE  375                       283     92      210
  SINCE MAR 1    375                       283     92      210
  SINCE JUL 1   3147                      3022    125     2731

 COOLING
  TODAY            0                         0      0        0
  MONTH TO DATE    0                         0      0        4
  SINCE MAR 1      0                         0      0        4
  SINCE JAN 1      0                         0      0        7
..................................................................


WIND (MPH)
  RESULTANT WIND SPEED  11   RESULTANT WIND DIRECTION   S (200)
  HIGHEST WIND SPEED    23   HIGHEST WIND DIRECTION    SW (230)
  HIGHEST GUST SPEED    33   HIGHEST GUST DIRECTION    SW (220)
  AVERAGE WIND SPEED    11.9


SKY COVER
  AVERAGE SKY COVER 0.1


WEATHER CONDITIONS
 THE FOLLOWING WEATHER WAS RECORDED TODAY.
  NO SIGNIFICANT WEATHER WAS OBSERVED.


RELATIVE HUMIDITY (PERCENT)
 HIGHEST    76           700 AM
 LOWEST     24           400 PM
 AVERAGE    50

..........................................................


THE LUBBOCK CLIMATE NORMALS FOR TOMORROW
                         NORMAL    RECORD    YEAR
 MAXIMUM TEMPERATURE (F)   68        93      2017
 MINIMUM TEMPERATURE (F)   38         8      1965


SUNRISE AND SUNSET
MARCH 19 2019.........SUNRISE   753 AM CDT   SUNSET   758 PM CDT
MARCH 20 2019.........SUNRISE   751 AM CDT   SUNSET   759 PM CDT


-  INDICATES NEGATIVE NUMBERS.
R  INDICATES RECORD WAS SET OR TIED.
MM INDICATES DATA IS MISSING.
T  INDICATES TRACE AMOUNT.




$$
