000
CDUS43 KLBF 230934
CLILBF


CLIMATE REPORT
NATIONAL WEATHER SERVICE NORTH PLATTE
433 AM CDT THU MAY 23 2019


...................................

...THE NORTH PLATTE NE CLIMATE SUMMARY FOR MAY 22 2019...

CLIMATE NORMAL PERIOD 1981 TO 2010
CLIMATE RECORD PERIOD 1874 TO 2019


WEATHER ITEM   OBSERVED TIME   RECORD YEAR NORMAL DEPARTURE LAST
                VALUE   (LST)  VALUE       VALUE  FROM      YEAR
                                                  NORMAL
..................................................................
TEMPERATURE (F)
 YESTERDAY
  MAXIMUM         59    546 PM  94    2012  73    -14       84
  MINIMUM         38   1141 PM  30    2001  46     -8       52
                                      1963
  AVERAGE         49                        60    -11       68

PRECIPITATION (IN)
  YESTERDAY        0.00          2.52 2008   0.11  -0.11      T
  MONTH TO DATE    3.43                      2.20   1.23     5.65
  SINCE MAR 1      7.54                      5.52   2.02     7.82
  SINCE JAN 1      8.30                      6.36   1.94     9.72

SNOWFALL (IN)
  YESTERDAY        0.0           0.0    MM   0.0    0.0      0.0
  MONTH TO DATE    0.0                       0.0    0.0      0.0
  SINCE MAR 1     20.9                       7.6   13.3     12.6
  SINCE JUL 1     41.3                      28.5   12.8     49.1
  SNOW DEPTH       0

DEGREE DAYS
 HEATING
  YESTERDAY       16                         6     10        0
  MONTH TO DATE  296                       199     97      112
  SINCE MAR 1   1759                      1561    198     1548
  SINCE JUL 1   6902                      6589    313     6574

 COOLING
  YESTERDAY        0                         1     -1        3
  MONTH TO DATE   12                        12      0       18
  SINCE MAR 1     12                        15     -3       25
  SINCE JAN 1     12                        15     -3       25
..................................................................


WIND (MPH)
  HIGHEST WIND SPEED    25   HIGHEST WIND DIRECTION     W (290)
  HIGHEST GUST SPEED    35   HIGHEST GUST DIRECTION     W (280)
  AVERAGE WIND SPEED    14.7


SKY COVER
  POSSIBLE SUNSHINE  MM
  AVERAGE SKY COVER 0.4


WEATHER CONDITIONS
 THE FOLLOWING WEATHER WAS RECORDED YESTERDAY.
  NO SIGNIFICANT WEATHER WAS OBSERVED.


RELATIVE HUMIDITY (PERCENT)
 HIGHEST    92           100 AM
 LOWEST     44           500 PM
 AVERAGE    68

..........................................................


THE NORTH PLATTE NE CLIMATE NORMALS FOR TODAY
                         NORMAL    RECORD    YEAR
 MAXIMUM TEMPERATURE (F)   74        98      1926
 MINIMUM TEMPERATURE (F)   47        30      2001


SUNRISE AND SUNSET
MAY 23 2019...........SUNRISE   618 AM CDT   SUNSET   902 PM CDT
MAY 24 2019...........SUNRISE   617 AM CDT   SUNSET   902 PM CDT


-  INDICATES NEGATIVE NUMBERS.
R  INDICATES RECORD WAS SET OR TIED.
MM INDICATES DATA IS MISSING.
T  INDICATES TRACE AMOUNT.




$$
