000
CDUS43 KLBF 192243
CLILBF


CLIMATE REPORT
NATIONAL WEATHER SERVICE NORTH PLATTE
542 PM CDT TUE MAR 19 2019


...................................

...THE NORTH PLATTE NE CLIMATE SUMMARY FOR MARCH 19 2019...
VALID TODAY AS OF 0500 PM LOCAL TIME.

CLIMATE NORMAL PERIOD 1981 TO 2010
CLIMATE RECORD PERIOD 1874 TO 2019


WEATHER ITEM   OBSERVED TIME   RECORD YEAR NORMAL DEPARTURE LAST
                VALUE   (LST)  VALUE       VALUE  FROM      YEAR
                                                  NORMAL
..................................................................
TEMPERATURE (F)
 TODAY
  MAXIMUM         49   1233 PM  90    2017  54     -5       37
  MINIMUM         28    749 AM  -6    1965  24      4       23
  AVERAGE         39                        39      0       30

PRECIPITATION (IN)
  TODAY            0.07          0.91 1964   0.04   0.03     0.05
  MONTH TO DATE    1.48                      0.57   0.91     0.55
  SINCE MAR 1      1.48                      0.57   0.91     0.55
  SINCE JAN 1      2.24                      1.41   0.83     2.45

SNOWFALL (IN)
  TODAY            T             7.4  1888   0.2   -0.2      0.3
  MONTH TO DATE    7.9                       2.8    5.1      1.5
  SINCE MAR 1      7.9                       2.8    5.1      1.5
  SINCE JUL 1     28.3                      23.7    4.6     38.0
  SNOW DEPTH       T

DEGREE DAYS
 HEATING
  TODAY           26                        26      0       35
  MONTH TO DATE  739                       547    192      502
  SINCE MAR 1    739                       547    192      502
  SINCE JUL 1   5882                      5575    307     5528

 COOLING
  TODAY            0                         0      0        0
  MONTH TO DATE    0                         0      0        0
  SINCE MAR 1      0                         0      0        0
  SINCE JAN 1      0                         0      0        0
..................................................................


WIND (MPH)
  HIGHEST WIND SPEED    22   HIGHEST WIND DIRECTION    NE (50)
  HIGHEST GUST SPEED    29   HIGHEST GUST DIRECTION    NE (50)
  AVERAGE WIND SPEED     5.6


SKY COVER
  POSSIBLE SUNSHINE  MM
  AVERAGE SKY COVER 0.4


WEATHER CONDITIONS
 THE FOLLOWING WEATHER WAS RECORDED TODAY.
  LIGHT RAIN
  LIGHT SNOW
  FOG


RELATIVE HUMIDITY (PERCENT)
 HIGHEST    96           500 AM
 LOWEST     65          1100 AM
 AVERAGE    81

..........................................................


THE NORTH PLATTE NE CLIMATE NORMALS FOR TOMORROW
                         NORMAL    RECORD    YEAR
 MAXIMUM TEMPERATURE (F)   54        83      1997
 MINIMUM TEMPERATURE (F)   25        -4      1912
                                             1876


SUNRISE AND SUNSET
MARCH 19 2019.........SUNRISE   748 AM CDT   SUNSET   754 PM CDT
MARCH 20 2019.........SUNRISE   746 AM CDT   SUNSET   755 PM CDT


-  INDICATES NEGATIVE NUMBERS.
R  INDICATES RECORD WAS SET OR TIED.
MM INDICATES DATA IS MISSING.
T  INDICATES TRACE AMOUNT.




$$
