000
CDUS42 KILM 222050
CLILBT


CLIMATE REPORT
NATIONAL WEATHER SERVICE WILMINGTON NC
450 PM EDT FRI MAR 22 2019


...................................

...THE LUMBERTON NORTH CAROLINA CLIMATE SUMMARY FOR MARCH 22 2019...
VALID TODAY AS OF 0400 PM LOCAL TIME.

CLIMATE NORMAL PERIOD 1981 TO 2010
CLIMATE RECORD PERIOD 1903 TO 2019


WEATHER ITEM   OBSERVED TIME   RECORD YEAR NORMAL DEPARTURE LAST
                VALUE   (LST)  VALUE       VALUE  FROM      YEAR
                                                  NORMAL
..................................................................
TEMPERATURE (F)
 TODAY
  MAXIMUM         65        MM  87    1948  68     -3       56
  MINIMUM         42        MM  22    1986  44     -2       35
  AVERAGE         54                        56     -2       46

PRECIPITATION (IN)
  TODAY            0.00          1.82 1970   0.10  -0.10     0.00
  MONTH TO DATE    2.71                      2.36   0.35     2.05
  SINCE MAR 1      2.71                      2.36   0.35     2.05
  SINCE JAN 1      7.27                      8.23  -0.96     5.06

SNOWFALL (IN)
  TODAY           MM             0.1  1914
  MONTH TO DATE   MM
  SINCE MAR 1     MM
  SINCE JUL 1     MM
  SNOW DEPTH      MM

DEGREE DAYS
 HEATING
  TODAY           11                        10      1       19
  MONTH TO DATE  273                       272      1      346
  SINCE MAR 1    273                       272      1      346
  SINCE JUL 1   2119                      2502   -383     2434

 COOLING
  TODAY            0                         0      0        0
  MONTH TO DATE    7                         0      7        2
  SINCE MAR 1      7                         0      7        2
  SINCE JAN 1     19                         3     16       47
..................................................................


WIND (MPH)
  RESULTANT WIND SPEED  MM   RESULTANT WIND DIRECTION  MM
  HIGHEST WIND SPEED    MM   HIGHEST WIND DIRECTION    MM
  HIGHEST GUST SPEED     0   HIGHEST GUST DIRECTION     N (0)
  AVERAGE WIND SPEED    MM


SKY COVER
  POSSIBLE SUNSHINE   0 PERCENT
  AVERAGE SKY COVER 0.0


WEATHER CONDITIONS
 THE FOLLOWING WEATHER WAS RECORDED TODAY.
  NO SIGNIFICANT WEATHER WAS OBSERVED.


RELATIVE HUMIDITY (PERCENT)
 HIGHEST     0          1200 AM
 LOWEST      0          1200 AM
 AVERAGE     0

..........................................................


THE LUMBERTON NORTH CAROLINA CLIMATE NORMALS FOR TOMORROW
                         NORMAL    RECORD    YEAR
 MAXIMUM TEMPERATURE (F)   68        91      1907
 MINIMUM TEMPERATURE (F)   44        24      2004


SUNRISE AND SUNSET
MARCH 22 2019.........SUNRISE   718 AM EDT   SUNSET   729 PM EDT
MARCH 23 2019.........SUNRISE   716 AM EDT   SUNSET   730 PM EDT


-  INDICATES NEGATIVE NUMBERS.
R  INDICATES RECORD WAS SET OR TIED.
MM INDICATES DATA IS MISSING.
T  INDICATES TRACE AMOUNT.




$$
