000
CDUS42 KILM 272049
CLILBT


CLIMATE REPORT
NATIONAL WEATHER SERVICE WILMINGTON NC
448 PM EDT SUN MAY 27 2018


...................................

...THE LUMBERTON NORTH CAROLINA CLIMATE SUMMARY FOR MAY 27 2018...
VALID TODAY AS OF 0400 PM LOCAL TIME.

CLIMATE NORMAL PERIOD 1981 TO 2010
CLIMATE RECORD PERIOD 1903 TO 2018


WEATHER ITEM   OBSERVED TIME   RECORD YEAR NORMAL DEPARTURE LAST
                VALUE   (LST)  VALUE       VALUE  FROM      YEAR
                                                  NORMAL
..................................................................
TEMPERATURE (F)
 TODAY
  MAXIMUM         88    238 PM 100    1911  85      3       91
  MINIMUM         67    500 AM  41    1988  62      5       61
  AVERAGE         78                        73      5       76

PRECIPITATION (IN)
  TODAY            0.00          0.91 1994   0.12  -0.12     0.00
  MONTH TO DATE    1.17                      2.54  -1.37     3.80
  SINCE MAR 1      6.99                      8.69  -1.70    13.77
  SINCE JAN 1     10.00                     14.56  -4.56    17.26

DEGREE DAYS
 HEATING
  TODAY            0                         0      0        0
  MONTH TO DATE    2                        30    -28       14
  SINCE MAR 1    657                       529    128      432
  SINCE JUL 1   2745                      2759    -14     2079

 COOLING
  TODAY           13                         8      5       11
  MONTH TO DATE  269                       146    123      188
  SINCE MAR 1    303                       211     92      337
  SINCE JAN 1    348                       214    134      347
..................................................................


WIND (MPH)
  RESULTANT WIND SPEED   4   RESULTANT WIND DIRECTION   S (160)
  HIGHEST WIND SPEED    14   HIGHEST WIND DIRECTION     S (190)
  HIGHEST GUST SPEED    20   HIGHEST GUST DIRECTION     S (160)
  AVERAGE WIND SPEED     4.8


SKY COVER
  POSSIBLE SUNSHINE  MM
  AVERAGE SKY COVER 0.3


WEATHER CONDITIONS
 THE FOLLOWING WEATHER WAS RECORDED TODAY.
  FOG
  FOG W/VISIBILITY <= 1/4 MILE


RELATIVE HUMIDITY (PERCENT)
 HIGHEST   100           400 AM
 LOWEST     48           300 PM
 AVERAGE    74

..........................................................


THE LUMBERTON NORTH CAROLINA CLIMATE NORMALS FOR TOMORROW
                         NORMAL    RECORD    YEAR
 MAXIMUM TEMPERATURE (F)   85        99      1916
 MINIMUM TEMPERATURE (F)   62        37      1961


SUNRISE AND SUNSET
MAY 27 2018...........SUNRISE   606 AM EDT   SUNSET   821 PM EDT
MAY 28 2018...........SUNRISE   606 AM EDT   SUNSET   821 PM EDT


-  INDICATES NEGATIVE NUMBERS.
R  INDICATES RECORD WAS SET OR TIED.
MM INDICATES DATA IS MISSING.
T  INDICATES TRACE AMOUNT.




$$
