000
CDUS42 KILM 270845
CLILBT


CLIMATE REPORT
NATIONAL WEATHER SERVICE WILMINGTON NC
445 AM EDT MON MAY 27 2019


...................................

...THE LUMBERTON NORTH CAROLINA CLIMATE SUMMARY FOR MAY 26 2019...

CLIMATE NORMAL PERIOD 1981 TO 2010
CLIMATE RECORD PERIOD 1903 TO 2019


WEATHER ITEM   OBSERVED TIME   RECORD YEAR NORMAL DEPARTURE LAST
                VALUE   (LST)  VALUE       VALUE  FROM      YEAR
                                                  NORMAL
..................................................................
TEMPERATURE (F)
 YESTERDAY
  MAXIMUM         99        MM 101    1926  84     15       92
  MINIMUM         71        MM  45    1988  61     10       68
                                      1979
  AVERAGE         85                        73     12       80

PRECIPITATION (IN)
  YESTERDAY        0.00          1.79 1907   0.12  -0.12     0.00
  MONTH TO DATE    1.29                      2.42  -1.13     1.17
  SINCE MAR 1      9.20                      8.57   0.63     6.99
  SINCE JAN 1     13.76                     14.44  -0.68    10.00

DEGREE DAYS
 HEATING
  YESTERDAY        0                         0      0        0
  MONTH TO DATE    6                        30    -24        2
  SINCE MAR 1    457                       529    -72      657
  SINCE JUL 1   2303                      2759   -456     2745

 COOLING
  YESTERDAY       20                         8     12       15
  MONTH TO DATE  257                       138    119      256
  SINCE MAR 1    372                       203    169      290
  SINCE JAN 1    384                       206    178      335
..................................................................


WIND (MPH)
  RESULTANT WIND SPEED  MM   RESULTANT WIND DIRECTION  MM
  HIGHEST WIND SPEED    MM   HIGHEST WIND DIRECTION    MM
  HIGHEST GUST SPEED     0   HIGHEST GUST DIRECTION     N (0)
  AVERAGE WIND SPEED    MM


SKY COVER
  POSSIBLE SUNSHINE   0 PERCENT
  AVERAGE SKY COVER 0.0


WEATHER CONDITIONS
 THE FOLLOWING WEATHER WAS RECORDED YESTERDAY.
  NO SIGNIFICANT WEATHER WAS OBSERVED.


RELATIVE HUMIDITY (PERCENT)
 HIGHEST     0          1200 AM
 LOWEST      0          1200 AM
 AVERAGE     0

..........................................................


THE LUMBERTON NORTH CAROLINA CLIMATE NORMALS FOR TODAY
                         NORMAL    RECORD    YEAR
 MAXIMUM TEMPERATURE (F)   85       100      1911
 MINIMUM TEMPERATURE (F)   62        41      1988


SUNRISE AND SUNSET
MAY 27 2019...........SUNRISE   607 AM EDT   SUNSET   821 PM EDT
MAY 28 2019...........SUNRISE   606 AM EDT   SUNSET   821 PM EDT


-  INDICATES NEGATIVE NUMBERS.
R  INDICATES RECORD WAS SET OR TIED.
MM INDICATES DATA IS MISSING.
T  INDICATES TRACE AMOUNT.




$$

21
