668
CDUS44 KLCH 192313
CLILCH


CLIMATE REPORT
NATIONAL WEATHER SERVICE LAKE CHARLES, LA
608 PM CDT SUN MAY 19 2019


...................................

...THE LAKE CHARLES CLIMATE SUMMARY FOR MAY 19 2019...
VALID TODAY AS OF 0500 PM LOCAL TIME.

CLIMATE NORMAL PERIOD 1981 TO 2010
CLIMATE RECORD PERIOD 1895 TO 2019


WEATHER ITEM   OBSERVED TIME   RECORD YEAR NORMAL DEPARTURE LAST
                VALUE   (LST)  VALUE       VALUE  FROM      YEAR
                                                  NORMAL
..................................................................
TEMPERATURE (F)
 TODAY
  MAXIMUM         86   1239 PM  94    1906  85      1       90
  MINIMUM         73    753 AM  52    2002  68      5       71
  AVERAGE         80                        76      4       81

PRECIPITATION (IN)
  TODAY            0.03          3.45 1952   0.17  -0.14     0.00
  MONTH TO DATE    5.26                      2.96   2.30     1.77
  SINCE MAR 1     17.69                      9.95   7.74     7.56
  SINCE JAN 1     25.61                     18.64   6.97    20.15

SNOWFALL (IN)
  TODAY            0.0           0.0    MM   0.0    0.0      0.0
  MONTH TO DATE    0.0                       0.0    0.0      0.0
  SINCE MAR 1      0.0                       0.0    0.0      0.0
  SINCE JUL 1      0.0                       0.1   -0.1      2.2
  SNOW DEPTH       0

DEGREE DAYS
 HEATING
  TODAY            0                         0      0        0
  MONTH TO DATE    0                         0      0        0
  SINCE MAR 1    191                       207    -16      143
  SINCE JUL 1   1227                      1489   -262     1299

 COOLING
  TODAY           15                        11      4       16
  MONTH TO DATE  212                       176     36      251
  SINCE MAR 1    419                       361     58      438
  SINCE JAN 1    445                       384     61      540
..................................................................


WIND (MPH)
  HIGHEST WIND SPEED    21   HIGHEST WIND DIRECTION    SE (150)
  HIGHEST GUST SPEED    36   HIGHEST GUST DIRECTION     S (190)
  AVERAGE WIND SPEED    14.0


SKY COVER
  POSSIBLE SUNSHINE  MM
  AVERAGE SKY COVER 1.0


WEATHER CONDITIONS
 THE FOLLOWING WEATHER WAS RECORDED TODAY.
  THUNDERSTORM
  RAIN
  LIGHT RAIN
  FOG


RELATIVE HUMIDITY (PERCENT)
 HIGHEST    91           600 AM
 LOWEST     69           400 PM
 AVERAGE    80

..........................................................


THE LAKE CHARLES CLIMATE NORMALS FOR TOMORROW
                         NORMAL    RECORD    YEAR
 MAXIMUM TEMPERATURE (F)   86        93      2003
 MINIMUM TEMPERATURE (F)   68        52      2002


SUNRISE AND SUNSET
MAY 19 2019...........SUNRISE   617 AM CDT   SUNSET   802 PM CDT
MAY 20 2019...........SUNRISE   617 AM CDT   SUNSET   803 PM CDT


-  INDICATES NEGATIVE NUMBERS.
R  INDICATES RECORD WAS SET OR TIED.
MM INDICATES DATA IS MISSING.
T  INDICATES TRACE AMOUNT.




$$
