267
CDUS44 KLCH 210808
CLILCH


CLIMATE REPORT
NATIONAL WEATHER SERVICE LAKE CHARLES, LA
307 AM CDT THU MAR 21 2019


...................................

...THE LAKE CHARLES CLIMATE SUMMARY FOR MARCH 20 2019...

CLIMATE NORMAL PERIOD 1981 TO 2010
CLIMATE RECORD PERIOD 1895 TO 2019


WEATHER ITEM   OBSERVED TIME   RECORD YEAR NORMAL DEPARTURE LAST
                VALUE   (LST)  VALUE       VALUE  FROM      YEAR
                                                  NORMAL
..................................................................
TEMPERATURE (F)
 YESTERDAY
  MAXIMUM         75    349 PM  86    1918  72      3       72
  MINIMUM         45    624 AM  14    1896  52     -7       53
  AVERAGE         60                        62     -2       63

PRECIPITATION (IN)
  YESTERDAY        0.00          2.55 1985   0.12  -0.12     0.00
  MONTH TO DATE    0.17                      2.35  -2.18     1.76
  SINCE MAR 1      0.17                      2.35  -2.18     1.76
  SINCE JAN 1      8.09                     11.04  -2.95    14.35

SNOWFALL (IN)
  YESTERDAY        0.0           0.0    MM   0.0    0.0      0.0
  MONTH TO DATE    0.0                       0.0    0.0      0.0
  SINCE MAR 1      0.0                       0.0    0.0      0.0
  SINCE JUL 1      0.0                       0.1   -0.1      2.2
  SNOW DEPTH       0

DEGREE DAYS
 HEATING
  YESTERDAY        5                         4      1        2
  MONTH TO DATE  125                       123      2       76
  SINCE MAR 1    125                       123      2       76
  SINCE JUL 1   1161                      1405   -244     1232

 COOLING
  YESTERDAY        0                         2     -2        0
  MONTH TO DATE   49                        27     22       53
  SINCE MAR 1     49                        27     22       53
  SINCE JAN 1     75                        50     25      155
..................................................................


WIND (MPH)
  HIGHEST WIND SPEED    15   HIGHEST WIND DIRECTION     N (340)
  HIGHEST GUST SPEED    18   HIGHEST GUST DIRECTION     N (340)
  AVERAGE WIND SPEED     4.0


SKY COVER
  POSSIBLE SUNSHINE  MM
  AVERAGE SKY COVER 0.1


WEATHER CONDITIONS
 THE FOLLOWING WEATHER WAS RECORDED YESTERDAY.
  NO SIGNIFICANT WEATHER WAS OBSERVED.


RELATIVE HUMIDITY (PERCENT)
 HIGHEST    77          1000 PM
 LOWEST     25          1200 PM
 AVERAGE    51

..........................................................


THE LAKE CHARLES CLIMATE NORMALS FOR TODAY
                         NORMAL    RECORD    YEAR
 MAXIMUM TEMPERATURE (F)   73        87      1910
 MINIMUM TEMPERATURE (F)   52        17      1896


SUNRISE AND SUNSET
MARCH 21 2019.........SUNRISE   716 AM CDT   SUNSET   725 PM CDT
MARCH 22 2019.........SUNRISE   715 AM CDT   SUNSET   725 PM CDT


-  INDICATES NEGATIVE NUMBERS.
R  INDICATES RECORD WAS SET OR TIED.
MM INDICATES DATA IS MISSING.
T  INDICATES TRACE AMOUNT.




$$
