000
CDUS43 KLMK 252032
CLILEX


CLIMATE REPORT
NATIONAL WEATHER SERVICE LOUISVILLE KY
431 PM EDT SAT MAY 25 2019


...................................

...THE LEXINGTON KY CLIMATE SUMMARY FOR MAY 25 2019...
VALID TODAY AS OF 0400 PM LOCAL TIME.

CLIMATE NORMAL PERIOD 1981 TO 2010
CLIMATE RECORD PERIOD 1872 TO 2019


WEATHER ITEM   OBSERVED TIME   RECORD YEAR NORMAL DEPARTURE LAST
                VALUE   (LST)  VALUE       VALUE  FROM      YEAR
                                                  NORMAL
..................................................................
TEMPERATURE (F)
 TODAY
  MAXIMUM         90    156 PM  91    1953  77     13       87
  MINIMUM         71    359 AM  36    1925  57     14       61
  AVERAGE         81                        67     14       74

PRECIPITATION (IN)
  TODAY            0.00          1.68 1997   0.17  -0.17     0.00
  MONTH TO DATE    1.58                      4.20  -2.62     6.20
  SINCE MAR 1      8.84                     11.87  -3.03    15.86
  SINCE JAN 1     20.58                     18.27   2.31    28.08

SNOWFALL (IN)
  TODAY            0.0          MM      MM   0.0    0.0      0.0
  MONTH TO DATE    0.0                       0.0    0.0      0.0
  SINCE MAR 1      3.3                       1.7    1.6     13.6
  SINCE JUL 1      9.8                      13.0   -3.2     21.2
  SNOW DEPTH       0

DEGREE DAYS
 HEATING
  TODAY            0                         2     -2        0
  MONTH TO DATE   51                       101    -50        6
  SINCE MAR 1    929                      1019    -90     1104
  SINCE JUL 1   4231                      4590   -359     4416

 COOLING
  TODAY           16                         4     12        9
  MONTH TO DATE  127                        57     70      187
  SINCE MAR 1    157                        79     78      195
  SINCE JAN 1    157                        79     78      202
..................................................................


WIND (MPH)
  HIGHEST WIND SPEED    22   HIGHEST WIND DIRECTION    SW (220)
  HIGHEST GUST SPEED    32   HIGHEST GUST DIRECTION    SW (240)
  AVERAGE WIND SPEED    11.0


SKY COVER
  POSSIBLE SUNSHINE  MM
  AVERAGE SKY COVER 0.3


WEATHER CONDITIONS
 THE FOLLOWING WEATHER WAS RECORDED TODAY.
  NO SIGNIFICANT WEATHER WAS OBSERVED.


RELATIVE HUMIDITY (PERCENT)
 HIGHEST    79           100 AM
 LOWEST     38           200 PM
 AVERAGE    59

..........................................................


THE LEXINGTON KY CLIMATE NORMALS FOR TOMORROW
                         NORMAL    RECORD    YEAR
 MAXIMUM TEMPERATURE (F)   77        94      1939
 MINIMUM TEMPERATURE (F)   57        38      1925


SUNRISE AND SUNSET
MAY 25 2019...........SUNRISE   621 AM EDT   SUNSET   850 PM EDT
MAY 26 2019...........SUNRISE   620 AM EDT   SUNSET   851 PM EDT


-  INDICATES NEGATIVE NUMBERS.
R  INDICATES RECORD WAS SET OR TIED.
MM INDICATES DATA IS MISSING.
T  INDICATES TRACE AMOUNT.




$$
