000
CDUS43 KLMK 250627
CLILEX


CLIMATE REPORT
NATIONAL WEATHER SERVICE LOUISVILLE KY
227 AM EDT MON MAR 25 2019


...................................

...THE LEXINGTON KY CLIMATE SUMMARY FOR MARCH 24 2019...

CLIMATE NORMAL PERIOD 1981 TO 2010
CLIMATE RECORD PERIOD 1872 TO 2019


WEATHER ITEM   OBSERVED TIME   RECORD YEAR NORMAL DEPARTURE LAST
                VALUE   (LST)  VALUE       VALUE  FROM      YEAR
                                                  NORMAL
..................................................................
TEMPERATURE (F)
 YESTERDAY
  MAXIMUM         69    111 PM  85    1910  58     11       43
  MINIMUM         39    550 AM  14    1896  38      1       34
  AVERAGE         54                        48      6       39

PRECIPITATION (IN)
  YESTERDAY        T             1.30 2018   0.13  -0.13     1.30
  MONTH TO DATE    1.77                      3.13  -1.36     3.73
  SINCE MAR 1      1.77                      3.13  -1.36     3.73
  SINCE JAN 1     13.51                      9.53   3.98    15.95

SNOWFALL (IN)
  YESTERDAY        0.0           2.5  1990   0.0    0.0      0.3
  MONTH TO DATE    3.3                       1.2    2.1     12.2
  SINCE MAR 1      3.3                       1.2    2.1     12.2
  SINCE JUL 1      9.8                      12.5   -2.7     19.8
  SNOW DEPTH       0

DEGREE DAYS
 HEATING
  YESTERDAY       11                        17     -6       26
  MONTH TO DATE  567                       495     72      584
  SINCE MAR 1    567                       495     72      584
  SINCE JUL 1   3869                      4066   -197     3896

 COOLING
  YESTERDAY        0                         0      0        0
  MONTH TO DATE    2                         0      2        0
  SINCE MAR 1      2                         0      2        0
  SINCE JAN 1      2                         0      2        7
..................................................................


WIND (MPH)
  HIGHEST WIND SPEED    22   HIGHEST WIND DIRECTION     W (250)
  HIGHEST GUST SPEED    30   HIGHEST GUST DIRECTION     W (260)
  AVERAGE WIND SPEED     7.4


SKY COVER
  POSSIBLE SUNSHINE  MM
  AVERAGE SKY COVER 0.4


WEATHER CONDITIONS
 THE FOLLOWING WEATHER WAS RECORDED YESTERDAY.
  NO SIGNIFICANT WEATHER WAS OBSERVED.


RELATIVE HUMIDITY (PERCENT)
 HIGHEST    57           500 PM
 LOWEST     22           100 PM
 AVERAGE    40

..........................................................


THE LEXINGTON KY CLIMATE NORMALS FOR TODAY
                         NORMAL    RECORD    YEAR
 MAXIMUM TEMPERATURE (F)   59        86      1929
 MINIMUM TEMPERATURE (F)   38        16      1974
                                             1960


SUNRISE AND SUNSET
MARCH 25 2019.........SUNRISE   735 AM EDT   SUNSET   755 PM EDT
MARCH 26 2019.........SUNRISE   733 AM EDT   SUNSET   756 PM EDT


-  INDICATES NEGATIVE NUMBERS.
R  INDICATES RECORD WAS SET OR TIED.
MM INDICATES DATA IS MISSING.
T  INDICATES TRACE AMOUNT.




$$
