000
CDUS43 KLMK 252034
CLILEX


CLIMATE REPORT
NATIONAL WEATHER SERVICE LOUISVILLE KY
433 PM EDT FRI MAY 25 2018


...................................

...THE LEXINGTON KY CLIMATE SUMMARY FOR MAY 25 2018...
VALID TODAY AS OF 0400 PM LOCAL TIME.

CLIMATE NORMAL PERIOD 1981 TO 2010
CLIMATE RECORD PERIOD 1872 TO 2018


WEATHER ITEM   OBSERVED TIME   RECORD YEAR NORMAL DEPARTURE LAST
                VALUE   (LST)  VALUE       VALUE  FROM      YEAR
                                                  NORMAL
..................................................................
TEMPERATURE (F)
 TODAY
  MAXIMUM         87    245 PM  91    1953  77     10       64
  MINIMUM         61    529 AM  36    1925  57      4       56
  AVERAGE         74                        67      7       60

PRECIPITATION (IN)
  TODAY            0.00          1.68 1997   0.17  -0.17     0.51
  MONTH TO DATE    6.20                      4.20   2.00     5.23
  SINCE MAR 1     15.86                     11.87   3.99    10.35
  SINCE JAN 1     28.08                     18.27   9.81    18.45

SNOWFALL (IN)
  TODAY            0.0          MM      MM   0.0    0.0      0.0
  MONTH TO DATE    0.0                       0.0    0.0      0.0
  SINCE MAR 1     13.6                       1.7   11.9       T
  SINCE JUL 1     21.2                      13.0    8.2      3.4
  SNOW DEPTH       0

DEGREE DAYS
 HEATING
  TODAY            0                         2     -2        5
  MONTH TO DATE    6                       101    -95       99
  SINCE MAR 1   1104                      1019     85      761
  SINCE JUL 1   4416                      4590   -174     3471

 COOLING
  TODAY            9                         4      5        0
  MONTH TO DATE  187                        57    130       87
  SINCE MAR 1    195                        79    116      158
  SINCE JAN 1    202                        79    123      162
..................................................................


WIND (MPH)
  HIGHEST WIND SPEED    15   HIGHEST WIND DIRECTION     W (260)
  HIGHEST GUST SPEED    18   HIGHEST GUST DIRECTION     W (260)
  AVERAGE WIND SPEED     2.7


SKY COVER
  POSSIBLE SUNSHINE  MM
  AVERAGE SKY COVER 0.1


WEATHER CONDITIONS
 THE FOLLOWING WEATHER WAS RECORDED TODAY.
  NO SIGNIFICANT WEATHER WAS OBSERVED.


RELATIVE HUMIDITY (PERCENT)
 HIGHEST    87           700 AM
 LOWEST     44           300 PM
 AVERAGE    66

..........................................................


THE LEXINGTON KY CLIMATE NORMALS FOR TOMORROW
                         NORMAL    RECORD    YEAR
 MAXIMUM TEMPERATURE (F)   77        94      1939
 MINIMUM TEMPERATURE (F)   57        38      1925


SUNRISE AND SUNSET
MAY 25 2018...........SUNRISE   621 AM EDT   SUNSET   850 PM EDT
MAY 26 2018...........SUNRISE   620 AM EDT   SUNSET   851 PM EDT


-  INDICATES NEGATIVE NUMBERS.
R  INDICATES RECORD WAS SET OR TIED.
MM INDICATES DATA IS MISSING.
T  INDICATES TRACE AMOUNT.




$$
