634
CDUS44 KSHV 220749
CLILFK


CLIMATE REPORT
NATIONAL WEATHER SERVICE SHREVEPORT, LA
249 AM CDT FRI MAR 22 2019


...................................

...THE LUFKIN CLIMATE SUMMARY FOR MARCH 21 2019...

CLIMATE NORMAL PERIOD 1981 TO 2010
CLIMATE RECORD PERIOD 1906 TO 2019


WEATHER ITEM   OBSERVED TIME   RECORD YEAR NORMAL DEPARTURE LAST
                VALUE   (LST)  VALUE       VALUE  FROM      YEAR
                                                  NORMAL
..................................................................
TEMPERATURE (F)
 YESTERDAY
  MAXIMUM         75    336 PM  89    1910  73      2       74
  MINIMUM         39    643 AM  28    1996  49    -10       39
  AVERAGE         57                        61     -4       57

PRECIPITATION (IN)
  YESTERDAY        0.00          2.38 1955   0.12  -0.12     0.00
  MONTH TO DATE    1.06                      2.62  -1.56     0.61
  SINCE DEC 1     18.99                     15.11   3.88    14.52
  SINCE JAN 1      7.83                     10.67  -2.84    10.91

SNOWFALL (IN)
  YESTERDAY        0.0
  MONTH TO DATE    T
  SINCE MAR 1      T
  SINCE JUL 1      T
  SNOW DEPTH       0

DEGREE DAYS
 HEATING
  YESTERDAY        8                         6      2        8
  MONTH TO DATE  229                       162     67      113
  SINCE MAR 1    229                       162     67      113
  SINCE JUL 1   1909                      1796    113     1733

 COOLING
  YESTERDAY        0                         1     -1        0
  MONTH TO DATE   12                        21     -9       47
  SINCE MAR 1     12                        21     -9       47
  SINCE JAN 1     30                        40    -10       90
..................................................................


WIND (MPH)
  HIGHEST WIND SPEED    15   HIGHEST WIND DIRECTION    NW (300)
  HIGHEST GUST SPEED    20   HIGHEST GUST DIRECTION    NW (310)
  AVERAGE WIND SPEED     3.0


SKY COVER
  POSSIBLE SUNSHINE  MM
  AVERAGE SKY COVER 0.0


WEATHER CONDITIONS
 THE FOLLOWING WEATHER WAS RECORDED YESTERDAY.
  FOG


RELATIVE HUMIDITY (PERCENT)
 HIGHEST   100           100 AM
 LOWEST     29           200 PM
 AVERAGE    65

..........................................................


THE LUFKIN CLIMATE NORMALS FOR TODAY
                         NORMAL    RECORD    YEAR
 MAXIMUM TEMPERATURE (F)   73        89      1910
 MINIMUM TEMPERATURE (F)   49        24      1915


SUNRISE AND SUNSET
MARCH 22 2019.........SUNRISE   721 AM CDT   SUNSET   732 PM CDT
MARCH 23 2019.........SUNRISE   719 AM CDT   SUNSET   732 PM CDT


-  INDICATES NEGATIVE NUMBERS.
R  INDICATES RECORD WAS SET OR TIED.
MM INDICATES DATA IS MISSING.
T  INDICATES TRACE AMOUNT.




$$
