000
CDUS44 KSHV 270742
CLILFK


CLIMATE REPORT
NATIONAL WEATHER SERVICE SHREVEPORT, LA
242 AM CDT MON MAY 27 2019


...................................

...THE LUFKIN CLIMATE SUMMARY FOR MAY 26 2019...

CLIMATE NORMAL PERIOD 1981 TO 2010
CLIMATE RECORD PERIOD 1906 TO 2019


WEATHER ITEM   OBSERVED TIME   RECORD YEAR NORMAL DEPARTURE LAST
                VALUE   (LST)  VALUE       VALUE  FROM      YEAR
                                                  NORMAL
..................................................................
TEMPERATURE (F)
 YESTERDAY
  MAXIMUM         89    428 PM  96    2010  87      2       93
  MINIMUM         70    603 AM  51    1979  66      4       68
  AVERAGE         80                        77      3       81

PRECIPITATION (IN)
  YESTERDAY        0.00          3.50 2016   0.16  -0.16      T
  MONTH TO DATE    3.88                      3.81   0.07     1.09
  SINCE DEC 1     28.37                     23.13   5.24    24.38
  SINCE JAN 1     17.21                     18.69  -1.48    20.77

SNOWFALL (IN)
  YESTERDAY        0.0
  MONTH TO DATE    0.0
  SINCE MAR 1      T
  SINCE JUL 1      T
  SNOW DEPTH       0

DEGREE DAYS
 HEATING
  YESTERDAY        0                         0      0        0
  MONTH TO DATE    0                         1     -1        0
  SINCE MAR 1    362                       280     82      232
  SINCE JUL 1   2042                      1914    128     1852

 COOLING
  YESTERDAY       15                        12      3       16
  MONTH TO DATE  244                       230     14      321
  SINCE MAR 1    330                       387    -57      470
  SINCE JAN 1    348                       406    -58      513
..................................................................


WIND (MPH)
  HIGHEST WIND SPEED    14   HIGHEST WIND DIRECTION    SE (150)
  HIGHEST GUST SPEED    20   HIGHEST GUST DIRECTION     S (170)
  AVERAGE WIND SPEED     6.6


SKY COVER
  POSSIBLE SUNSHINE  MM
  AVERAGE SKY COVER 0.4


WEATHER CONDITIONS
 THE FOLLOWING WEATHER WAS RECORDED YESTERDAY.
  FOG


RELATIVE HUMIDITY (PERCENT)
 HIGHEST   100           300 AM
 LOWEST     53           400 PM
 AVERAGE    77

..........................................................


THE LUFKIN CLIMATE NORMALS FOR TODAY
                         NORMAL    RECORD    YEAR
 MAXIMUM TEMPERATURE (F)   87        98      1958
 MINIMUM TEMPERATURE (F)   66        48      1988


SUNRISE AND SUNSET
MAY 27 2019...........SUNRISE   617 AM CDT   SUNSET   815 PM CDT
MAY 28 2019...........SUNRISE   617 AM CDT   SUNSET   816 PM CDT


-  INDICATES NEGATIVE NUMBERS.
R  INDICATES RECORD WAS SET OR TIED.
MM INDICATES DATA IS MISSING.
T  INDICATES TRACE AMOUNT.




$$
