000
CDUS44 KLCH 190918
CLILFT


CLIMATE REPORT
NATIONAL WEATHER SERVICE LAKE CHARLES, LA
408 AM CDT SUN MAY 19 2019


...................................

...THE LAFAYETTE CLIMATE SUMMARY FOR MAY 18 2019...

CLIMATE NORMAL PERIOD 1981 TO 2010
CLIMATE RECORD PERIOD 1893 TO 2019


WEATHER ITEM   OBSERVED TIME   RECORD YEAR NORMAL DEPARTURE LAST
                VALUE   (LST)  VALUE       VALUE  FROM      YEAR
                                                  NORMAL
..................................................................
TEMPERATURE (F)
 YESTERDAY
  MAXIMUM         89    120 PM  94    2018  87      2       94
                                      1998
                                      1988
  MINIMUM         72    445 AM  53    1945  68      4       74
                                      1893
  AVERAGE         81                        77      4       84

PRECIPITATION (IN)
  YESTERDAY        T             3.78 1953   0.14  -0.14     0.00
  MONTH TO DATE    6.19                      2.62   3.57      T
  SINCE MAR 1     11.46                     10.34   1.12     7.03
  SINCE JAN 1     17.22                     20.46  -3.24    13.76

DEGREE DAYS
 COOLING
  YESTERDAY       16                        12      4       19
  MONTH TO DATE  222                       184     38      249
  SINCE MAR 1    453                       406     47      410
  SINCE JAN 1    501                       438     63      530
..................................................................


WIND (MPH)
  HIGHEST WIND SPEED    21   HIGHEST WIND DIRECTION     S (190)
  HIGHEST GUST SPEED    30   HIGHEST GUST DIRECTION     S (180)
  AVERAGE WIND SPEED     9.2


SKY COVER
  POSSIBLE SUNSHINE  MM
  AVERAGE SKY COVER 0.6


WEATHER CONDITIONS
 THE FOLLOWING WEATHER WAS RECORDED YESTERDAY.
  NO SIGNIFICANT WEATHER WAS OBSERVED.


RELATIVE HUMIDITY (PERCENT)
 HIGHEST    94           700 AM
 LOWEST     59          1200 PM
 AVERAGE    77

..........................................................


THE LAFAYETTE CLIMATE NORMALS FOR TODAY
                         NORMAL    RECORD    YEAR
 MAXIMUM TEMPERATURE (F)   87        94      1998
                                             1956
                                             1899
 MINIMUM TEMPERATURE (F)   68        50      2002


SUNRISE AND SUNSET
MAY 19 2019...........SUNRISE   612 AM CDT   SUNSET   757 PM CDT
MAY 20 2019...........SUNRISE   611 AM CDT   SUNSET   758 PM CDT


-  INDICATES NEGATIVE NUMBERS.
R  INDICATES RECORD WAS SET OR TIED.
MM INDICATES DATA IS MISSING.
T  INDICATES TRACE AMOUNT.




$$
