000
CDUS44 KLCH 182212
CLILFT


CLIMATE REPORT
NATIONAL WEATHER SERVICE LAKE CHARLES, LA
512 PM CDT MON MAR 18 2019


...................................

...THE LAFAYETTE CLIMATE SUMMARY FOR MARCH 18 2019...
VALID TODAY AS OF 0500 PM LOCAL TIME.

CLIMATE NORMAL PERIOD 1981 TO 2010
CLIMATE RECORD PERIOD 1893 TO 2019


WEATHER ITEM   OBSERVED TIME   RECORD YEAR NORMAL DEPARTURE LAST
                VALUE   (LST)  VALUE       VALUE  FROM      YEAR
                                                  NORMAL
..................................................................
TEMPERATURE (F)
 TODAY
  MAXIMUM         67    347 PM  86    1911  73     -6       83
                                      1907
  MINIMUM         42    352 AM  31    1915  53    -11       69
  AVERAGE         55                        63     -8       76

PRECIPITATION (IN)
  TODAY            0.00          2.32 1957   0.11  -0.11     0.01
  MONTH TO DATE    0.26                      2.30  -2.04     1.79
  SINCE MAR 1      0.26                      2.30  -2.04     1.79
  SINCE JAN 1      6.02                     12.42  -6.40     8.52

SNOWFALL (IN)
  TODAY            0.0           0.0    MM   0.0    0.0      0.0
  MONTH TO DATE    0.0                       0.0    0.0      0.0
  SINCE MAR 1      0.0                       0.0    0.0      0.0
  SINCE JUL 1      0.0                       T      0.0      2.0
  SNOW DEPTH       0

DEGREE DAYS
 HEATING
  TODAY           10                         4      6        0
  MONTH TO DATE  118                       105     13       91
  SINCE MAR 1    118                       105     13       91
  SINCE JUL 1   1137                      1335   -198     1281

 COOLING
  TODAY            0                         2     -2       11
  MONTH TO DATE   50                        30     20       34
  SINCE MAR 1     50                        30     20       34
  SINCE JAN 1     98                        62     36      154
..................................................................


WIND (MPH)
  HIGHEST WIND SPEED    12   HIGHEST WIND DIRECTION    NE (40)
  HIGHEST GUST SPEED    16   HIGHEST GUST DIRECTION    NE (50)
  AVERAGE WIND SPEED     4.8


SKY COVER
  POSSIBLE SUNSHINE  MM
  AVERAGE SKY COVER 0.0


WEATHER CONDITIONS
 THE FOLLOWING WEATHER WAS RECORDED TODAY.
  NO SIGNIFICANT WEATHER WAS OBSERVED.


RELATIVE HUMIDITY (PERCENT)
 HIGHEST    89          1200 AM
 LOWEST     32           100 PM
 AVERAGE    61

..........................................................


THE LAFAYETTE CLIMATE NORMALS FOR TOMORROW
                         NORMAL    RECORD    YEAR
 MAXIMUM TEMPERATURE (F)   73        87      1955
 MINIMUM TEMPERATURE (F)   53        29      1923


SUNRISE AND SUNSET
MARCH 18 2019.........SUNRISE   714 AM CDT   SUNSET   718 PM CDT
MARCH 19 2019.........SUNRISE   713 AM CDT   SUNSET   719 PM CDT


-  INDICATES NEGATIVE NUMBERS.
R  INDICATES RECORD WAS SET OR TIED.
MM INDICATES DATA IS MISSING.
T  INDICATES TRACE AMOUNT.




$$
