000
CDUS44 KLCH 221245
CLILFT


CLIMATE REPORT
NATIONAL WEATHER SERVICE LAKE CHARLES, LA
745 AM CDT SUN APR 22 2018


...................................

...THE LAFAYETTE CLIMATE SUMMARY FOR APRIL 21 2018...

CLIMATE NORMAL PERIOD 1981 TO 2010
CLIMATE RECORD PERIOD 1893 TO 2018


WEATHER ITEM   OBSERVED TIME   RECORD YEAR NORMAL DEPARTURE LAST
                VALUE   (LST)  VALUE       VALUE  FROM      YEAR
                                                  NORMAL
..................................................................
TEMPERATURE (F)
 YESTERDAY
  MAXIMUM         78    220 PM  93    1987  81     -3       87
  MINIMUM         53    353 AM  41    1953  60     -7       70
  AVERAGE         66                        70     -4       79

PRECIPITATION (IN)
  YESTERDAY        0.00          7.84 1979   0.14  -0.14     0.00
  MONTH TO DATE    0.51                      2.69  -2.18     4.85
  SINCE MAR 1      3.11                      6.48  -3.37     6.63
  SINCE JAN 1      9.84                     16.60  -6.76    10.15

SNOWFALL (IN)
  YESTERDAY        0.0           0.0    MM   0.0    0.0      0.0
  MONTH TO DATE    0.0                       0.0    0.0      0.0
  SINCE MAR 1      0.0                       0.0    0.0      0.0
  SINCE JUL 1      2.0                       T      2.0      0.0
  SNOW DEPTH       0

DEGREE DAYS
 HEATING
  YESTERDAY        0                         1     -1        0
  MONTH TO DATE   66                        36     30        0
  SINCE MAR 1    179                       186     -7       60
  SINCE JUL 1   1369                      1416    -47      637

 COOLING
  YESTERDAY        1                         6     -5       14
  MONTH TO DATE   39                        96    -57      197
  SINCE MAR 1    129                       159    -30      356
  SINCE JAN 1    249                       191     58      540
..................................................................


WIND (MPH)
  HIGHEST WIND SPEED    10   HIGHEST WIND DIRECTION     S (160)
  HIGHEST GUST SPEED    18   HIGHEST GUST DIRECTION    SE (140)
  AVERAGE WIND SPEED     4.2


SKY COVER
  POSSIBLE SUNSHINE  MM
  AVERAGE SKY COVER 0.2


WEATHER CONDITIONS
 THE FOLLOWING WEATHER WAS RECORDED YESTERDAY.
  NO SIGNIFICANT WEATHER WAS OBSERVED.


RELATIVE HUMIDITY (PERCENT)
 HIGHEST    93           400 AM
 LOWEST     56           100 PM
 AVERAGE    75

..........................................................


THE LAFAYETTE CLIMATE NORMALS FOR TODAY
                         NORMAL    RECORD    YEAR
 MAXIMUM TEMPERATURE (F)   81        92      1925
 MINIMUM TEMPERATURE (F)   60        40      1931


SUNRISE AND SUNSET
APRIL 22 2018.........SUNRISE   633 AM CDT   SUNSET   740 PM CDT
APRIL 23 2018.........SUNRISE   632 AM CDT   SUNSET   741 PM CDT


-  INDICATES NEGATIVE NUMBERS.
R  INDICATES RECORD WAS SET OR TIED.
MM INDICATES DATA IS MISSING.
T  INDICATES TRACE AMOUNT.




$$
