000
CDUS41 KOKX 172034
CLILGA


CLIMATE REPORT
NATIONAL WEATHER SERVICE NEW YORK NY
434 PM EDT MON JUN 17 2019


...................................

...THE LAGUARDIA NY CLIMATE SUMMARY FOR JUNE 17 2019...
VALID TODAY AS OF 0400 PM LOCAL TIME.

CLIMATE NORMAL PERIOD 1981 TO 2010
CLIMATE RECORD PERIOD 1939 TO 2019


WEATHER ITEM   OBSERVED TIME   RECORD YEAR NORMAL DEPARTURE LAST
                VALUE   (LST)  VALUE       VALUE  FROM      YEAR
                                                  NORMAL
..................................................................
TEMPERATURE (F)
 TODAY
  MAXIMUM         76   1244 PM  96    1957  81     -5       91
  MINIMUM         70    505 AM  53    1959  65      5       67
                                      1950
  AVERAGE         73                        73      0       79

PRECIPITATION (IN)
  TODAY            T             2.30 2011   0.13  -0.13     0.00
  MONTH TO DATE    2.27                      2.37  -0.10     0.75
  SINCE JUN 1      2.27                      2.37  -0.10     0.75
  SINCE JAN 1     23.97                     20.06   3.91    21.15

SNOWFALL (IN)
  TODAY            0.0           T    2011   0.0    0.0      0.0
  MONTH TO DATE    0.0                       0.0    0.0      0.0
  SINCE OCT 1     18.2                      26.9   -8.7     38.4
  SINCE JUL 1     18.2                      26.9   -8.7     38.4
  SNOW DEPTH       0

DEGREE DAYS
 HEATING
  TODAY            0                         0      0        0
  MONTH TO DATE    4                        15    -11        8
  SINCE JUN 1      4                        15    -11        8
  SINCE JUL 1   4556                      4663   -107     4408

 COOLING
  TODAY            8                         8      0       14
  MONTH TO DATE   96                       105     -9      103
  SINCE JUN 1     96                       105     -9      103
  SINCE JAN 1    158                       171    -13      247
..................................................................


WIND (MPH)
  HIGHEST WIND SPEED    15   HIGHEST WIND DIRECTION    NE (30)
  HIGHEST GUST SPEED    17   HIGHEST GUST DIRECTION    NE (30)
  AVERAGE WIND SPEED     5.8


SKY COVER
  AVERAGE SKY COVER 1.0


WEATHER CONDITIONS
 THE FOLLOWING WEATHER WAS RECORDED TODAY.
  LIGHT RAIN


RELATIVE HUMIDITY (PERCENT)
 HIGHEST    84           500 AM
 LOWEST     64          1000 AM
 AVERAGE    74

..........................................................


THE LAGUARDIA NY CLIMATE NORMALS FOR TOMORROW
                         NORMAL    RECORD    YEAR
 MAXIMUM TEMPERATURE (F)   81        95      1994
 MINIMUM TEMPERATURE (F)   65        49      1950


SUNRISE AND SUNSET
JUNE 17 2019..........SUNRISE   524 AM EDT   SUNSET   829 PM EDT
JUNE 18 2019..........SUNRISE   524 AM EDT   SUNSET   830 PM EDT


-  INDICATES NEGATIVE NUMBERS.
R  INDICATES RECORD WAS SET OR TIED.
MM INDICATES DATA IS MISSING.
T  INDICATES TRACE AMOUNT.




$$
