000
CDUS41 KOKX 260616
CLILGA


CLIMATE REPORT
NATIONAL WEATHER SERVICE NEW YORK NY
216 AM EDT TUE MAR 26 2019


...................................

...THE LAGUARDIA NY CLIMATE SUMMARY FOR MARCH 25 2019...

CLIMATE NORMAL PERIOD 1981 TO 2010
CLIMATE RECORD PERIOD 1939 TO 2019


WEATHER ITEM   OBSERVED TIME   RECORD YEAR NORMAL DEPARTURE LAST
                VALUE   (LST)  VALUE       VALUE  FROM      YEAR
                                                  NORMAL
..................................................................
TEMPERATURE (F)
 YESTERDAY
  MAXIMUM         58   1241 AM  77    1963  53      5       44
  MINIMUM         42   1159 PM  18    1940  37      5       35
  AVERAGE         50                        45      5       40

PRECIPITATION (IN)
  YESTERDAY        T             1.55 1969   0.13  -0.13      T
  MONTH TO DATE    3.56                      3.15   0.41     3.98
  SINCE MAR 1      3.56                      3.15   0.41     3.98
  SINCE JAN 1     10.83                      9.08   1.75    12.04

SNOWFALL (IN)
  YESTERDAY        0.0           T    2014   0.1   -0.1      0.0
                                      2013
  MONTH TO DATE    9.9                       4.0    5.9     11.6
  SINCE OCT 1     18.2                      26.0   -7.8     32.9
  SINCE JUL 1     18.2                      26.0   -7.8     32.9
  SNOW DEPTH       0

DEGREE DAYS
 HEATING
  YESTERDAY       15                        20     -5       25
  MONTH TO DATE  623                       593     30      633
  SINCE MAR 1    623                       593     30      633
  SINCE JUL 1   3982                      4022    -40     3766

 COOLING
  YESTERDAY        0                         0      0        0
  MONTH TO DATE    0                         0      0        0
  SINCE MAR 1      0                         0      0        0
  SINCE JAN 1      0                         0      0        0
..................................................................


WIND (MPH)
  HIGHEST WIND SPEED    20   HIGHEST WIND DIRECTION     W (270)
  HIGHEST GUST SPEED    31   HIGHEST GUST DIRECTION     W (270)
  AVERAGE WIND SPEED     9.3


SKY COVER
  AVERAGE SKY COVER 1.0


WEATHER CONDITIONS
 THE FOLLOWING WEATHER WAS RECORDED YESTERDAY.
  LIGHT RAIN


RELATIVE HUMIDITY (PERCENT)
 HIGHEST    50           400 AM
 LOWEST     21          1200 AM
 AVERAGE    36

..........................................................


THE LAGUARDIA NY CLIMATE NORMALS FOR TODAY
                         NORMAL    RECORD    YEAR
 MAXIMUM TEMPERATURE (F)   53        72      1943
 MINIMUM TEMPERATURE (F)   38        20      1960


SUNRISE AND SUNSET
MARCH 26 2019.........SUNRISE   649 AM EDT   SUNSET   714 PM EDT
MARCH 27 2019.........SUNRISE   648 AM EDT   SUNSET   715 PM EDT


-  INDICATES NEGATIVE NUMBERS.
R  INDICATES RECORD WAS SET OR TIED.
MM INDICATES DATA IS MISSING.
T  INDICATES TRACE AMOUNT.




$$
