000
CDUS46 KLOX 250922
CLILGB


CLIMATE REPORT
NATIONAL WEATHER SERVICE LOS ANGELES/OXNARD CA
222 AM PDT SAT MAY 25 2019


...................................

...THE LONG BEACH AIRPORT CA CLIMATE SUMMARY FOR MAY 24 2019...

CLIMATE NORMAL PERIOD 1981 TO 2010
CLIMATE RECORD PERIOD 1958 TO 2019


WEATHER ITEM   OBSERVED TIME   RECORD YEAR NORMAL DEPARTURE LAST
                VALUE   (LST)  VALUE       VALUE  FROM      YEAR
                                                  NORMAL
..................................................................
TEMPERATURE (F)
 YESTERDAY
  MAXIMUM         74   1256 PM  81    2006  74      0       68
                                      1986
  MINIMUM         55    532 AM  49    1960  59     -4       60
  AVERAGE         65                        66     -1       64

PRECIPITATION (IN)
  YESTERDAY        0.00          0.08 1977   0.01  -0.01     0.00
  MONTH TO DATE    0.45                      0.18   0.27     0.01
  SINCE OCT 1     17.54                     11.92   5.62     3.53
  SINCE JAN 1     13.93                      8.34   5.59     3.46

SNOWFALL (IN)
  YESTERDAY        0.0
  MONTH TO DATE    0.0
  SINCE MAR 1      0.0
  SINCE JUL 1      0.0

DEGREE DAYS
 HEATING
  YESTERDAY        0                         1     -1        1
  MONTH TO DATE   18                        33    -15       26
  SINCE MAR 1    189                       318   -129      189
  SINCE JUL 1    940                      1209   -269      613

 COOLING
  YESTERDAY        0                         2     -2        0
  MONTH TO DATE    8                        48    -40       30
  SINCE MAR 1     56                        87    -31       77
  SINCE JAN 1     56                        95    -39      117
..................................................................


WIND (MPH)
  HIGHEST WIND SPEED    18   HIGHEST WIND DIRECTION    NW (300)
  HIGHEST GUST SPEED    23   HIGHEST GUST DIRECTION    NW (320)
  AVERAGE WIND SPEED     7.6


SKY COVER
  POSSIBLE SUNSHINE  MM
  AVERAGE SKY COVER 0.0


WEATHER CONDITIONS
 THE FOLLOWING WEATHER WAS RECORDED YESTERDAY.
  HAZE


RELATIVE HUMIDITY (PERCENT)
 HIGHEST    86           400 AM
 LOWEST     41          1200 PM
 AVERAGE    64

..........................................................


THE LONG BEACH AIRPORT CA CLIMATE NORMALS FOR TODAY
                         NORMAL    RECORD    YEAR
 MAXIMUM TEMPERATURE (F)   74        91      1974
 MINIMUM TEMPERATURE (F)   59        47      1980
                                             1962


SUNRISE AND SUNSET
MAY 25 2019...........SUNRISE   546 AM PDT   SUNSET   754 PM PDT
MAY 26 2019...........SUNRISE   545 AM PDT   SUNSET   754 PM PDT


-  INDICATES NEGATIVE NUMBERS.
R  INDICATES RECORD WAS SET OR TIED.
MM INDICATES DATA IS MISSING.
T  INDICATES TRACE AMOUNT.




$$
