000
CDUS46 KLOX 230120
CLILGB


CLIMATE REPORT
NATIONAL WEATHER SERVICE LOS ANGELES/OXNARD CA
620 PM PDT FRI MAR 22 2019


...................................

...THE LONG BEACH AIRPORT CA CLIMATE SUMMARY FOR MARCH 22 2019...
VALID TODAY AS OF 0600 PM LOCAL TIME.

CLIMATE NORMAL PERIOD 1981 TO 2010
CLIMATE RECORD PERIOD 1958 TO 2019


WEATHER ITEM   OBSERVED TIME   RECORD YEAR NORMAL DEPARTURE LAST
                VALUE   (LST)  VALUE       VALUE  FROM      YEAR
                                                  NORMAL
..................................................................
TEMPERATURE (F)
 TODAY
  MAXIMUM         65    310 PM  89    1976  69     -4       65
  MINIMUM         49    413 AM  39    1987  51     -2       58
  AVERAGE         57                        60     -3       62

PRECIPITATION (IN)
  TODAY            0.00          0.99 2005   0.04  -0.04     0.35
  MONTH TO DATE    1.98                      1.48   0.50     1.60
  SINCE OCT 1     17.07                     10.75   6.32     3.44
  SINCE JAN 1     13.46                      7.17   6.29     3.37

SNOWFALL (IN)
  TODAY            0.0
  MONTH TO DATE    0.0
  SINCE MAR 1      0.0
  SINCE JUL 1      0.0

DEGREE DAYS
 HEATING
  TODAY            8                         5      3        3
  MONTH TO DATE  122                       133    -11      100
  SINCE MAR 1    122                       133    -11      100
  SINCE JUL 1    873                      1024   -151      524

 COOLING
  TODAY            0                         0      0        0
  MONTH TO DATE    6                         0      6        1
  SINCE MAR 1      6                         0      6        1
  SINCE JAN 1      6                         8     -2       41
..................................................................


WIND (MPH)
  HIGHEST WIND SPEED    13   HIGHEST WIND DIRECTION    NW (300)
  HIGHEST GUST SPEED    17   HIGHEST GUST DIRECTION     S (190)
  AVERAGE WIND SPEED     4.0


SKY COVER
  POSSIBLE SUNSHINE  MM
  AVERAGE SKY COVER 0.4


WEATHER CONDITIONS
 THE FOLLOWING WEATHER WAS RECORDED TODAY.
  HAZE


RELATIVE HUMIDITY (PERCENT)
 HIGHEST    86           300 AM
 LOWEST     48           400 PM
 AVERAGE    67

..........................................................


THE LONG BEACH AIRPORT CA CLIMATE NORMALS FOR TOMORROW
                         NORMAL    RECORD    YEAR
 MAXIMUM TEMPERATURE (F)   69        89      2008
 MINIMUM TEMPERATURE (F)   51        42      1964


SUNRISE AND SUNSET
MARCH 22 2019.........SUNRISE   654 AM PDT   SUNSET   706 PM PDT
MARCH 23 2019.........SUNRISE   652 AM PDT   SUNSET   706 PM PDT


-  INDICATES NEGATIVE NUMBERS.
R  INDICATES RECORD WAS SET OR TIED.
MM INDICATES DATA IS MISSING.
T  INDICATES TRACE AMOUNT.




$$
