000
CDHW41 PHFO 221245
CLILIH


CLIMATE REPORT
NATIONAL WEATHER SERVICE HONOLULU HI
245 AM HST WED MAY 22 2019


...................................

...THE LIHUE HI CLIMATE SUMMARY FOR MAY 21 2019...

CLIMATE NORMAL PERIOD 1981 TO 2010
CLIMATE RECORD PERIOD 1950 TO 2019


WEATHER ITEM   OBSERVED TIME   RECORD YEAR NORMAL DEPARTURE LAST
                VALUE   (LST)  VALUE       VALUE  FROM      YEAR
                                                  NORMAL
..................................................................
TEMPERATURE (F)
 YESTERDAY
  MAXIMUM         87R   226 PM  86    2004  82      5       82
  MINIMUM         70    618 AM  61    2009  71     -1       74
                                      1985
  AVERAGE         79                        76      3       78

PRECIPITATION (IN)
  YESTERDAY        0.00          0.86 1967   0.06  -0.06      T
  MONTH TO DATE    1.62                      1.54   0.08     1.23
  SINCE MAR 1      4.76                      8.40  -3.64    15.96
  SINCE JAN 1      8.22                     15.31  -7.09    24.99

SNOWFALL (IN)
  YESTERDAY        0.0
  MONTH TO DATE    0.0
  SINCE MAR 1      0.0
  SINCE JUL 1      0.0
  SNOW DEPTH      MM

DEGREE DAYS
 HEATING
  YESTERDAY        0                         0      0        0
  MONTH TO DATE    0                         0      0        0
  SINCE MAR 1      0                         0      0        0
  SINCE JUL 1      1                         0      1        0

 COOLING
  YESTERDAY       14                        11      3       13
  MONTH TO DATE  243                       218     25      215
  SINCE MAR 1    825                       727     98      750
  SINCE JAN 1   1226                      1122    104     1201
..................................................................


WIND (MPH)
  HIGHEST WIND SPEED    17   HIGHEST WIND DIRECTION    NE (40)
  HIGHEST GUST SPEED    20   HIGHEST GUST DIRECTION    NE (40)
  AVERAGE WIND SPEED     9.0


SKY COVER
  POSSIBLE SUNSHINE  MM
  AVERAGE SKY COVER  MM


WEATHER CONDITIONS
 THE FOLLOWING WEATHER WAS RECORDED YESTERDAY.
  NO SIGNIFICANT WEATHER WAS OBSERVED.


RELATIVE HUMIDITY (PERCENT)
 HIGHEST    MM
 LOWEST     MM
 AVERAGE    MM

..........................................................


THE LIHUE HI CLIMATE NORMALS FOR TODAY
                         NORMAL    RECORD    YEAR
 MAXIMUM TEMPERATURE (F)   82        86      1992
 MINIMUM TEMPERATURE (F)   71        63      1987


SUNRISE AND SUNSET
MAY 22 2019...........SUNRISE   556 AM HST   SUNSET   713 PM HST
MAY 23 2019...........SUNRISE   555 AM HST   SUNSET   713 PM HST


-  INDICATES NEGATIVE NUMBERS.
R  INDICATES RECORD WAS SET OR TIED.
MM INDICATES DATA IS MISSING.
T  INDICATES TRACE AMOUNT.




$$
