000
CDUS44 KLZK 210637
CLILIT


CLIMATE REPORT
NATIONAL WEATHER SERVICE LITTLE ROCK AR
137 AM CDT THU MAR 21 2019


...................................

...THE LITTLE ROCK ADAMS FIELD CLIMATE SUMMARY FOR MARCH 20 2019...

CLIMATE NORMAL PERIOD 1981 TO 2010
CLIMATE RECORD PERIOD 1874 TO 2019


WEATHER ITEM   OBSERVED TIME   RECORD YEAR NORMAL DEPARTURE LAST
                VALUE   (LST)  VALUE       VALUE  FROM      YEAR
                                                  NORMAL
..................................................................
TEMPERATURE (F)
 YESTERDAY
  MAXIMUM         60    101 PM  87    1907  65     -5       59
  MINIMUM         40    843 PM  17    1965  44     -4       47
  AVERAGE         50                        55     -5       53

PRECIPITATION (IN)
  YESTERDAY        0.13          2.27 1968   0.16  -0.03      T
  MONTH TO DATE    2.92                      2.95  -0.03     2.31
  SINCE MAR 1      2.92                      2.95  -0.03     2.31
  SINCE JAN 1     13.11                     10.16   2.95    18.57

SNOWFALL (IN)
  YESTERDAY       MM             8.0  1876   0.0   MM        0.0
  MONTH TO DATE    T                         0.4   -0.4      0.0
  SINCE MAR 1      T                         0.4   -0.4      0.0
  SINCE JUL 1      0.2                       3.5   -3.3      1.7
  SNOW DEPTH       0

DEGREE DAYS
 HEATING
  YESTERDAY       15                        11      4       12
  MONTH TO DATE  351                       271     80      226
  SINCE MAR 1    351                       271     80      226
  SINCE JUL 1   2876                      2784     92     2751

 COOLING
  YESTERDAY        0                         0      0        0
  MONTH TO DATE    0                         0      0        1
  SINCE MAR 1      0                         0      0        1
  SINCE JAN 1      6                         2      4       10
..................................................................


WIND (MPH)
  HIGHEST WIND SPEED    24   HIGHEST WIND DIRECTION    NW (310)
  HIGHEST GUST SPEED    34   HIGHEST GUST DIRECTION    NW (310)
  AVERAGE WIND SPEED     5.8


SKY COVER
  POSSIBLE SUNSHINE  MM
  AVERAGE SKY COVER 0.5


WEATHER CONDITIONS
 THE FOLLOWING WEATHER WAS RECORDED YESTERDAY.
  LIGHT RAIN
  FOG


RELATIVE HUMIDITY (PERCENT)
 HIGHEST    96           900 PM
 LOWEST     40          1000 AM
 AVERAGE    68

..........................................................


THE LITTLE ROCK ADAMS FIELD CLIMATE NORMALS FOR TODAY
                         NORMAL    RECORD    YEAR
 MAXIMUM TEMPERATURE (F)   66        86      2017
                                             1916
                                             1907
 MINIMUM TEMPERATURE (F)   44        22      1965


SUNRISE AND SUNSET
MARCH 21 2019.........SUNRISE   711 AM CDT   SUNSET   721 PM CDT
MARCH 22 2019.........SUNRISE   710 AM CDT   SUNSET   722 PM CDT


-  INDICATES NEGATIVE NUMBERS.
R  INDICATES RECORD WAS SET OR TIED.
MM INDICATES DATA IS MISSING.
T  INDICATES TRACE AMOUNT.




$$
