000
CDUS44 KLZK 240639
CLILIT


CLIMATE REPORT
NATIONAL WEATHER SERVICE LITTLE ROCK AR
139 AM CDT TUE APR 24 2018


...................................

...THE LITTLE ROCK ADAMS FIELD CLIMATE SUMMARY FOR APRIL 23 2018...

CLIMATE NORMAL PERIOD 1981 TO 2010
CLIMATE RECORD PERIOD 1874 TO 2018


WEATHER ITEM   OBSERVED TIME   RECORD YEAR NORMAL DEPARTURE LAST
                VALUE   (LST)  VALUE       VALUE  FROM      YEAR
                                                  NORMAL
..................................................................
TEMPERATURE (F)
 YESTERDAY
  MAXIMUM         63    303 PM  90    2009  75    -12       72
  MINIMUM         52   1152 PM  40    1982  53     -1       49
  AVERAGE         58                        64     -6       61

PRECIPITATION (IN)
  YESTERDAY        T             5.13 1878   0.19  -0.19     0.00
  MONTH TO DATE    5.12                      3.89   1.23     3.28
  SINCE MAR 1      8.97                      8.57   0.40     7.15
  SINCE JAN 1     25.23                     15.78   9.45    12.15

SNOWFALL (IN)
  YESTERDAY        0.0          MM      MM   0.0    0.0      0.0
  MONTH TO DATE    T                         0.0    0.0      0.0
  SINCE MAR 1      T                         0.4   -0.4      0.0
  SINCE JUL 1      1.7                       3.5   -1.8      0.2
  SNOW DEPTH       0

DEGREE DAYS
 HEATING
  YESTERDAY        7                         3      4        4
  MONTH TO DATE  252                       128    124       55
  SINCE MAR 1    540                       503     37      335
  SINCE JUL 1   3065                      3016     49     2249

 COOLING
  YESTERDAY        0                         2     -2        0
  MONTH TO DATE   12                        36    -24       60
  SINCE MAR 1     26                        50    -24       81
  SINCE JAN 1     35                        52    -17       93
..................................................................


WIND (MPH)
  HIGHEST WIND SPEED    17   HIGHEST WIND DIRECTION    NW (300)
  HIGHEST GUST SPEED    22   HIGHEST GUST DIRECTION     W (290)
  AVERAGE WIND SPEED     7.5


SKY COVER
  POSSIBLE SUNSHINE  MM
  AVERAGE SKY COVER 1.0


WEATHER CONDITIONS
 THE FOLLOWING WEATHER WAS RECORDED YESTERDAY.
  LIGHT RAIN


RELATIVE HUMIDITY (PERCENT)
 HIGHEST    93          1200 AM
 LOWEST     72          1000 AM
 AVERAGE    83

..........................................................


THE LITTLE ROCK ADAMS FIELD CLIMATE NORMALS FOR TODAY
                         NORMAL    RECORD    YEAR
 MAXIMUM TEMPERATURE (F)   75        89      1965
                                             1949
 MINIMUM TEMPERATURE (F)   54        36      1910


SUNRISE AND SUNSET
APRIL 24 2018.........SUNRISE   626 AM CDT   SUNSET   748 PM CDT
APRIL 25 2018.........SUNRISE   625 AM CDT   SUNSET   749 PM CDT


-  INDICATES NEGATIVE NUMBERS.
R  INDICATES RECORD WAS SET OR TIED.
MM INDICATES DATA IS MISSING.
T  INDICATES TRACE AMOUNT.




$$
