000
CDUS44 KLZK 192108
CLILIT


CLIMATE REPORT
NATIONAL WEATHER SERVICE LITTLE ROCK AR
408 PM CDT SUN MAY 19 2019


...................................

...THE LITTLE ROCK ADAMS FIELD CLIMATE SUMMARY FOR MAY 19 2019...
VALID TODAY AS OF 0400 PM LOCAL TIME.

CLIMATE NORMAL PERIOD 1981 TO 2010
CLIMATE RECORD PERIOD 1874 TO 2019


WEATHER ITEM   OBSERVED TIME   RECORD YEAR NORMAL DEPARTURE LAST
                VALUE   (LST)  VALUE       VALUE  FROM      YEAR
                                                  NORMAL
..................................................................
TEMPERATURE (F)
 TODAY
  MAXIMUM         84    301 PM  95    1998  82      2       92
  MINIMUM         64    431 AM  45    2002  62      2       68
                                      1976
  AVERAGE         74                        72      2       80

PRECIPITATION (IN)
  TODAY            0.38          2.23 1928   0.14   0.24     0.00
  MONTH TO DATE    6.25                      3.19   3.06     0.41
  SINCE MAR 1     21.13                     13.01   8.12    10.23
  SINCE JAN 1     31.32                     20.22  11.10    26.49

SNOWFALL (IN)
  TODAY            0.0          MM      MM   0.0    0.0      0.0
  MONTH TO DATE    0.0                       0.0    0.0      0.0
  SINCE MAR 1      T                         0.4   -0.4       T
  SINCE JUL 1      0.2                       3.5   -3.3      1.7
  SNOW DEPTH       0

DEGREE DAYS
 HEATING
  TODAY            0                         0      0        0
  MONTH TO DATE   15                        18     -3        0
  SINCE MAR 1    593                       537     56      553
  SINCE JUL 1   3118                      3050     68     3078

 COOLING
  TODAY            9                         7      2       15
  MONTH TO DATE   82                       100    -18      198
  SINCE MAR 1    122                       170    -48      225
  SINCE JAN 1    128                       172    -44      234
..................................................................


WIND (MPH)
  HIGHEST WIND SPEED    17   HIGHEST WIND DIRECTION     W (270)
  HIGHEST GUST SPEED    23   HIGHEST GUST DIRECTION     W (280)
  AVERAGE WIND SPEED     8.7


SKY COVER
  POSSIBLE SUNSHINE  MM
  AVERAGE SKY COVER 0.9


WEATHER CONDITIONS
 THE FOLLOWING WEATHER WAS RECORDED TODAY.
  HEAVY RAIN
  RAIN
  LIGHT RAIN
  FOG


RELATIVE HUMIDITY (PERCENT)
 HIGHEST   100           600 AM
 LOWEST     55           200 PM
 AVERAGE    78

..........................................................


THE LITTLE ROCK ADAMS FIELD CLIMATE NORMALS FOR TOMORROW
                         NORMAL    RECORD    YEAR
 MAXIMUM TEMPERATURE (F)   82        95      2005
 MINIMUM TEMPERATURE (F)   63        46      1976


SUNRISE AND SUNSET
MAY 19 2019...........SUNRISE   603 AM CDT   SUNSET   808 PM CDT
MAY 20 2019...........SUNRISE   603 AM CDT   SUNSET   809 PM CDT


-  INDICATES NEGATIVE NUMBERS.
R  INDICATES RECORD WAS SET OR TIED.
MM INDICATES DATA IS MISSING.
T  INDICATES TRACE AMOUNT.




$$
