000
CDUS45 KPIH 262338
CLILLJ


CLIMATE REPORT
NATIONAL WEATHER SERVICE POCATELLO ID
536 PM MDT SUN MAY 26 2019


...................................

...THE CHALLIS ID CLIMATE SUMMARY FOR MAY 26 2019...
VALID TODAY AS OF 0500 PM LOCAL TIME.

CLIMATE NORMAL PERIOD 1981 TO 2010
CLIMATE RECORD PERIOD 1898 TO 2019


WEATHER ITEM   OBSERVED TIME   RECORD YEAR NORMAL DEPARTURE LAST
                VALUE   (LST)  VALUE       VALUE  FROM      YEAR
                                                  NORMAL
..................................................................
TEMPERATURE (F)
 TODAY
  MAXIMUM         65    113 PM  90    1966  69     -4       76
  MINIMUM         43    550 AM  26    1920  41      2       48
  AVERAGE         54                        55     -1       62

PRECIPITATION (IN)
  TODAY            0.01          0.49 1987   0.05  -0.04      T
  MONTH TO DATE    0.76                      1.19  -0.43     0.83
  SINCE OCT 1      4.26                      5.78  -1.52     3.75
  SINCE JAN 1      3.17                      3.85  -0.68     2.61

SNOWFALL (IN)
  TODAY           MM
  MONTH TO DATE   MM
  SINCE MAR 1     MM
  SINCE JUL 1     MM
  SNOW DEPTH      MM

DEGREE DAYS
 HEATING
  TODAY           11                        10      1        3
  MONTH TO DATE  302                       357    -55      179
  SINCE MAR 1   1745                      1899   -154     1640
  SINCE JUL 1   7512                      7948   -436     6914

 COOLING
  TODAY            0                         0      0        0
  MONTH TO DATE    0                         0      0        0
  SINCE MAR 1      0                         0      0        0
  SINCE JAN 1      0                         0      0        0
..................................................................


WIND (MPH)
  HIGHEST WIND SPEED    29   HIGHEST WIND DIRECTION     S (190)
  HIGHEST GUST SPEED    37   HIGHEST GUST DIRECTION     S (200)
  AVERAGE WIND SPEED     5.2


SKY COVER
  POSSIBLE SUNSHINE  MM
  AVERAGE SKY COVER 0.6


WEATHER CONDITIONS
 THE FOLLOWING WEATHER WAS RECORDED TODAY.
  THUNDERSTORM
  LIGHT RAIN


RELATIVE HUMIDITY (PERCENT)
 HIGHEST    89           400 AM
 LOWEST     46           100 PM
 AVERAGE    68

..........................................................


THE CHALLIS ID CLIMATE NORMALS FOR TOMORROW
                         NORMAL    RECORD    YEAR
 MAXIMUM TEMPERATURE (F)   69        93      1966
 MINIMUM TEMPERATURE (F)   41        28      1923


SUNRISE AND SUNSET
MAY 26 2019...........SUNRISE   559 AM MDT   SUNSET   909 PM MDT
MAY 27 2019...........SUNRISE   558 AM MDT   SUNSET   910 PM MDT


-  INDICATES NEGATIVE NUMBERS.
R  INDICATES RECORD WAS SET OR TIED.
MM INDICATES DATA IS MISSING.
T  INDICATES TRACE AMOUNT.




$$
