000
CDUS45 KPIH 240730
CLILLJ


CLIMATE REPORT
NATIONAL WEATHER SERVICE POCATELLO ID
130 AM MDT TUE APR 24 2018


...................................

...THE CHALLIS ID CLIMATE SUMMARY FOR APRIL 23 2018...

CLIMATE NORMAL PERIOD 1981 TO 2010
CLIMATE RECORD PERIOD 1898 TO 2018


WEATHER ITEM   OBSERVED TIME   RECORD YEAR NORMAL DEPARTURE LAST
                VALUE   (LST)  VALUE       VALUE  FROM      YEAR
                                                  NORMAL
..................................................................
TEMPERATURE (F)
 YESTERDAY
  MAXIMUM         57   1221 PM  83    1977  59     -2       55
  MINIMUM         40   1159 PM  15    2013  31      9       38
  AVERAGE         49                        45      4       47

PRECIPITATION (IN)
  YESTERDAY        0.00          0.41 1994   0.04  -0.04     0.02
  MONTH TO DATE    0.40                      0.59  -0.19     0.33
  SINCE OCT 1      2.87                      4.36  -1.49     6.54
  SINCE JAN 1      1.73                      2.43  -0.70     3.13

SNOWFALL (IN)
  YESTERDAY       MM
  MONTH TO DATE   MM
  SINCE MAR 1     MM
  SINCE JUL 1     MM
  SNOW DEPTH      MM

DEGREE DAYS
 HEATING
  YESTERDAY       16                        20     -4       18
  MONTH TO DATE  462                       514    -52      525
  SINCE MAR 1   1375                      1410    -35     1275
  SINCE JUL 1   6649                      7459   -810     7720

 COOLING
  YESTERDAY        0                         0      0        0
  MONTH TO DATE    0                         0      0        0
  SINCE MAR 1      0                         0      0        0
  SINCE JAN 1      0                         0      0        0
..................................................................


WIND (MPH)
  HIGHEST WIND SPEED    20   HIGHEST WIND DIRECTION    NE (40)
  HIGHEST GUST SPEED    24   HIGHEST GUST DIRECTION    NE (30)
  AVERAGE WIND SPEED    11.3


SKY COVER
  POSSIBLE SUNSHINE  MM
  AVERAGE SKY COVER 1.0


WEATHER CONDITIONS
 THE FOLLOWING WEATHER WAS RECORDED YESTERDAY.
  NO SIGNIFICANT WEATHER WAS OBSERVED.


RELATIVE HUMIDITY (PERCENT)
 HIGHEST    62           700 AM
 LOWEST     32           200 PM
 AVERAGE    47

..........................................................


THE CHALLIS ID CLIMATE NORMALS FOR TODAY
                         NORMAL    RECORD    YEAR
 MAXIMUM TEMPERATURE (F)   59        85      1977
 MINIMUM TEMPERATURE (F)   31        15      1915


SUNRISE AND SUNSET
APRIL 24 2018.........SUNRISE   638 AM MDT   SUNSET   833 PM MDT
APRIL 25 2018.........SUNRISE   636 AM MDT   SUNSET   834 PM MDT


-  INDICATES NEGATIVE NUMBERS.
R  INDICATES RECORD WAS SET OR TIED.
MM INDICATES DATA IS MISSING.
T  INDICATES TRACE AMOUNT.




$$
