000
CDUS46 KMFR 210041
CLILMT


CLIMATE REPORT
NATIONAL WEATHER SERVICE MEDFORD, OR
541 PM PDT MON MAY 20 2019


...................................

...THE KLAMATH FALLS OR CLIMATE SUMMARY FOR MAY 20 2019...
VALID TODAY AS OF 0500 PM LOCAL TIME.

CLIMATE NORMAL PERIOD 1981 TO 2010
CLIMATE RECORD PERIOD 1928 TO 2019


WEATHER ITEM   OBSERVED TIME   RECORD YEAR NORMAL DEPARTURE LAST
                VALUE   (LST)  VALUE       VALUE  FROM      YEAR
                                                  NORMAL
..................................................................
TEMPERATURE (F)
 TODAY
  MAXIMUM         60    312 PM  90    1919  66     -6       69
  MINIMUM         38    229 AM  25    1974  38      0       41
  AVERAGE         49                        52     -3       55

PRECIPITATION (IN)
  TODAY            0.00          1.04 1925   0.04  -0.04     0.06
  MONTH TO DATE    0.17                      1.14  -0.97     0.26
  SINCE OCT 1      9.07                     12.24  -3.17     6.63
  SINCE JAN 1      6.14                      7.55  -1.41     4.38

SNOWFALL (IN)
  TODAY           MM                        MM     MM       MM
  MONTH TO DATE   MM                        MM     MM        0.0
  SINCE JUL 1     MM                        MM     MM        0.0
  SNOW DEPTH      MM

DEGREE DAYS
 HEATING
  TODAY           16                        13      3       10
  MONTH TO DATE  256                       306    -50      207
  SINCE MAR 1   1621                      1784   -163     1670
  SINCE JUL 1   6298                      6625   -327     6099

 COOLING
  TODAY            0                         0      0        0
  MONTH TO DATE    0                         0      0        0
  SINCE MAR 1      0                         0      0        1
  SINCE JAN 1      0                         0      0        1
..................................................................


WIND (MPH)
  HIGHEST WIND SPEED    18   HIGHEST WIND DIRECTION     W (250)
  HIGHEST GUST SPEED    25   HIGHEST GUST DIRECTION     W (250)
  AVERAGE WIND SPEED     9.4


SKY COVER
  POSSIBLE SUNSHINE  MM
  AVERAGE SKY COVER 0.9


WEATHER CONDITIONS
 THE FOLLOWING WEATHER WAS RECORDED TODAY.
  NO SIGNIFICANT WEATHER WAS OBSERVED.


RELATIVE HUMIDITY (PERCENT)
 HIGHEST    85           100 AM
 LOWEST     28           200 PM

..........................................................


THE KLAMATH FALLS OR CLIMATE NORMALS FOR TOMORROW
                         NORMAL    RECORD    YEAR
 MAXIMUM TEMPERATURE (F)   67        88      1988
                                             1919
 MINIMUM TEMPERATURE (F)   38        23      1962


SUNRISE AND SUNSET
MAY 20 2019...........SUNRISE   542 AM PDT   SUNSET   826 PM PDT
MAY 21 2019...........SUNRISE   541 AM PDT   SUNSET   827 PM PDT


-  INDICATES NEGATIVE NUMBERS.
R  INDICATES RECORD WAS SET OR TIED.
MM INDICATES DATA IS MISSING.
T  INDICATES TRACE AMOUNT.




$$
