396
CDUS46 KMFR 200037
CLILMT


CLIMATE REPORT
NATIONAL WEATHER SERVICE MEDFORD, OR
537 PM PDT TUE MAR 19 2019


...................................

...THE KLAMATH FALLS OR CLIMATE SUMMARY FOR MARCH 19 2019...
VALID TODAY AS OF 0500 PM LOCAL TIME.

CLIMATE NORMAL PERIOD 1981 TO 2010
CLIMATE RECORD PERIOD 1928 TO 2019


WEATHER ITEM   OBSERVED TIME   RECORD YEAR NORMAL DEPARTURE LAST
                VALUE   (LST)  VALUE       VALUE  FROM      YEAR
                                                  NORMAL
..................................................................
TEMPERATURE (F)
 TODAY
  MAXIMUM         69    156 PM  72    1960  51     18       51
  MINIMUM         30    618 AM  12    1917  27      3       21
  AVERAGE         50                        39     11       36

PRECIPITATION (IN)
  TODAY            0.00          0.85 1907   0.04  -0.04     0.00
  MONTH TO DATE    0.49                      0.72  -0.23     0.92
  SINCE OCT 1      6.96                      9.18  -2.22     4.08
  SINCE JAN 1      4.03                      4.49  -0.46     1.83

SNOWFALL (IN)
  TODAY           MM                        MM     MM       MM
  MONTH TO DATE   MM                        MM     MM       MM
  SINCE JUL 1     MM                        MM     MM       MM
  SNOW DEPTH      MM

DEGREE DAYS
 HEATING
  TODAY           15                        26    -11       29
  MONTH TO DATE  523                       514      9      556
  SINCE MAR 1    523                       514      9      556
  SINCE JUL 1   5200                      5355   -155     4985

 COOLING
  TODAY            0                         0      0        0
  MONTH TO DATE    0                         0      0        0
  SINCE MAR 1      0                         0      0        0
  SINCE JAN 1      0                         0      0        0
..................................................................


WIND (MPH)
  HIGHEST WIND SPEED    25   HIGHEST WIND DIRECTION     S (160)
  HIGHEST GUST SPEED    36   HIGHEST GUST DIRECTION    SE (130)
  AVERAGE WIND SPEED     8.7


SKY COVER
  POSSIBLE SUNSHINE  MM
  AVERAGE SKY COVER 0.1


WEATHER CONDITIONS
 THE FOLLOWING WEATHER WAS RECORDED TODAY.
  NO SIGNIFICANT WEATHER WAS OBSERVED.


RELATIVE HUMIDITY (PERCENT)
 HIGHEST    89           700 AM
 LOWEST     20           200 PM

..........................................................


THE KLAMATH FALLS OR CLIMATE NORMALS FOR TOMORROW
                         NORMAL    RECORD    YEAR
 MAXIMUM TEMPERATURE (F)   51        73      1960
 MINIMUM TEMPERATURE (F)   27        13      1952


SUNRISE AND SUNSET
MARCH 19 2019.........SUNRISE   712 AM PDT   SUNSET   718 PM PDT
MARCH 20 2019.........SUNRISE   710 AM PDT   SUNSET   719 PM PDT


-  INDICATES NEGATIVE NUMBERS.
R  INDICATES RECORD WAS SET OR TIED.
MM INDICATES DATA IS MISSING.
T  INDICATES TRACE AMOUNT.




$$
