000
CDUS45 KRIW 260033
CLILND


CLIMATE REPORT
NATIONAL WEATHER SERVICE RIVERTON WY
632 PM MDT MON MAR 25 2019


...................................

...THE LANDER WY CLIMATE SUMMARY FOR MARCH 25 2019...
VALID TODAY AS OF 0500 PM LOCAL TIME.

CLIMATE NORMAL PERIOD 1981 TO 2010
CLIMATE RECORD PERIOD 1891 TO 2019


WEATHER ITEM   OBSERVED TIME   RECORD YEAR NORMAL DEPARTURE LAST
                VALUE   (LST)  VALUE       VALUE  FROM      YEAR
                                                  NORMAL
..................................................................
TEMPERATURE (F)
 TODAY
  MAXIMUM         56        MM  73    2012  51      5       55
  MINIMUM         32        MM -11    1965  26      6       24
  AVERAGE         44                        38      6       40

PRECIPITATION (IN)
  TODAY            T             1.28 1977   0.04  -0.04     0.28
  MONTH TO DATE    0.36                      0.87  -0.51     0.29
  SINCE MAR 1      0.36                      0.87  -0.51     0.29
  SINCE JAN 1      1.49                      1.86  -0.37     1.91

SNOWFALL (IN)
  TODAY            0.0                       0.6   -0.6      0.3
  MONTH TO DATE    5.7                      12.5   -6.8      0.5
  SINCE MAR 1      5.7                      12.5   -6.8      0.5
  SINCE JUL 1     47.8                      66.1  -18.3     47.7
  SNOW DEPTH       0

DEGREE DAYS
 HEATING
  TODAY           21                        27     -6       25
  MONTH TO DATE  886                       761    125      694
  SINCE MAR 1    886                       761    125      694
  SINCE JUL 1   6782                      6465    317     6144

 COOLING
  TODAY            0                         0      0        0
  MONTH TO DATE    0                         0      0        0
  SINCE MAR 1      0                         0      0        0
  SINCE JAN 1      0                         0      0        0
..................................................................


WIND (MPH)
  HIGHEST WIND SPEED    15   HIGHEST WIND DIRECTION    SE (150)
  HIGHEST GUST SPEED    20   HIGHEST GUST DIRECTION     E (99)
  AVERAGE WIND SPEED     7.3


SKY COVER
  POSSIBLE SUNSHINE  MM
  AVERAGE SKY COVER 0.2


WEATHER CONDITIONS
 THE FOLLOWING WEATHER WAS RECORDED TODAY.
  NO SIGNIFICANT WEATHER WAS OBSERVED.


RELATIVE HUMIDITY (PERCENT)
 HIGHEST    75           300 AM
 LOWEST     28           200 PM
 AVERAGE    52

..........................................................


THE LANDER WY CLIMATE NORMALS FOR TOMORROW
                         NORMAL    RECORD    YEAR
 MAXIMUM TEMPERATURE (F)   51        69      1895
 MINIMUM TEMPERATURE (F)   27        -6      1955


SUNRISE AND SUNSET
MARCH 25 2019.........SUNRISE   710 AM MDT   SUNSET   733 PM MDT
MARCH 26 2019.........SUNRISE   708 AM MDT   SUNSET   734 PM MDT


-  INDICATES NEGATIVE NUMBERS.
R  INDICATES RECORD WAS SET OR TIED.
MM INDICATES DATA IS MISSING.
T  INDICATES TRACE AMOUNT.




$$
