000
CDUS45 KRIW 230047
CLILND


CLIMATE REPORT
NATIONAL WEATHER SERVICE RIVERTON WY
646 PM MDT WED MAY 22 2019


...................................

...THE LANDER WY CLIMATE SUMMARY FOR MAY 22 2019...
VALID TODAY AS OF 0500 PM LOCAL TIME.

CLIMATE NORMAL PERIOD 1981 TO 2010
CLIMATE RECORD PERIOD 1891 TO 2019


WEATHER ITEM   OBSERVED TIME   RECORD YEAR NORMAL DEPARTURE LAST
                VALUE   (LST)  VALUE       VALUE  FROM      YEAR
                                                  NORMAL
..................................................................
TEMPERATURE (F)
 TODAY
  MAXIMUM         42        MM  83    2006  69    -27       67
                                      1967
  MINIMUM         32        MM  30    1975  42    -10       43
                                      1953
  AVERAGE         37                        55    -18       55

PRECIPITATION (IN)
  TODAY            0.43          1.46 1958   0.08   0.35     0.61
  MONTH TO DATE    2.89                      1.60   1.29     3.46
  SINCE MAR 1      7.23                      4.63   2.60     6.04
  SINCE JAN 1      8.36                      5.62   2.74     7.66

SNOWFALL (IN)
  TODAY           MM                         0.1   MM        0.0
  MONTH TO DATE    7.0                       4.5    2.5       T
  SINCE MAR 1     38.0                      37.4    0.6     11.2
  SINCE JUL 1     80.1                      91.0  -10.9     58.4
  SNOW DEPTH      MM

DEGREE DAYS
 HEATING
  TODAY           28                        10     18       10
  MONTH TO DATE  401                       290    111      252
  SINCE MAR 1   2043                      1840    203     1759
  SINCE JUL 1   7939                      7544    395     7209

 COOLING
  TODAY            0                         0      0        0
  MONTH TO DATE    0                         0      0        0
  SINCE MAR 1      0                         0      0        0
  SINCE JAN 1      0                         0      0        0
..................................................................


WIND (MPH)
  HIGHEST WIND SPEED    12   HIGHEST WIND DIRECTION    NW (310)
  HIGHEST GUST SPEED    17   HIGHEST GUST DIRECTION    NW (310)
  AVERAGE WIND SPEED     6.8


SKY COVER
  POSSIBLE SUNSHINE  MM
  AVERAGE SKY COVER 1.0


WEATHER CONDITIONS
 THE FOLLOWING WEATHER WAS RECORDED TODAY.
  HEAVY RAIN
  LIGHT RAIN
  SNOW
  LIGHT SNOW
  FOG


RELATIVE HUMIDITY (PERCENT)
 HIGHEST    96           800 AM
 LOWEST     73          1100 AM
 AVERAGE    85

..........................................................


THE LANDER WY CLIMATE NORMALS FOR TOMORROW
                         NORMAL    RECORD    YEAR
 MAXIMUM TEMPERATURE (F)   69        85      1984
 MINIMUM TEMPERATURE (F)   42        26      1916


SUNRISE AND SUNSET
MAY 22 2019...........SUNRISE   546 AM MDT   SUNSET   838 PM MDT
MAY 23 2019...........SUNRISE   545 AM MDT   SUNSET   839 PM MDT


-  INDICATES NEGATIVE NUMBERS.
R  INDICATES RECORD WAS SET OR TIED.
MM INDICATES DATA IS MISSING.
T  INDICATES TRACE AMOUNT.




$$
