000
CDUS43 KOAX 280624
CLILNK


CLIMATE REPORT
NATIONAL WEATHER SERVICE OMAHA NEBRASKA
123 AM CDT MON MAY 28 2018


...................................

...THE LINCOLN, NEBRASKA CLIMATE SUMMARY FOR MAY 27 2018...

CLIMATE NORMAL PERIOD 1981 TO 2010
CLIMATE RECORD PERIOD 1887 TO 2018


WEATHER ITEM   OBSERVED TIME   RECORD YEAR NORMAL DEPARTURE LAST
                VALUE   (LST)  VALUE       VALUE  FROM      YEAR
                                                  NORMAL
..................................................................
TEMPERATURE (F)
 YESTERDAY
  MAXIMUM         97R   244 PM  95    1966  78     19       77
  MINIMUM         66    502 AM  36    1907  54     12       56
  AVERAGE         82                        66     16       67

PRECIPITATION (IN)
  YESTERDAY        0.00          3.32 2013   0.13  -0.13     0.42
  MONTH TO DATE    1.39                      3.72  -2.33     6.29
  SINCE MAR 1      4.77                      8.36  -3.59    11.46
  SINCE JAN 1      5.92                      9.77  -3.85    13.11

SNOWFALL (IN)
  YESTERDAY        0.0                       0.0    0.0      0.0
  MONTH TO DATE    0.0                       0.1   -0.1       T
  SINCE JUL 1     21.4                      26.0   -4.6      7.5
  SNOW DEPTH       0

DEGREE DAYS
 HEATING
  YESTERDAY        0                         2     -2        0
  MONTH TO DATE   44                       140    -96      127
  SINCE MAR 1   1400                      1330     70     1131
  SINCE JUL 1   5999                      6033    -34     5014

 COOLING
  YESTERDAY       17                         3     14        2
  MONTH TO DATE  146                        49     97       66
  SINCE MAR 1    154                        63     91       79
  SINCE JAN 1    154                        63     91       79
..................................................................


WIND (MPH)
  HIGHEST WIND SPEED    20   HIGHEST WIND DIRECTION     S (190)
  HIGHEST GUST SPEED    26   HIGHEST GUST DIRECTION    SW (230)
  AVERAGE WIND SPEED     9.2


SKY COVER
  POSSIBLE SUNSHINE  MM
  AVERAGE SKY COVER 0.0


WEATHER CONDITIONS
 THE FOLLOWING WEATHER WAS RECORDED YESTERDAY.
  NO SIGNIFICANT WEATHER WAS OBSERVED.


RELATIVE HUMIDITY (PERCENT)
 HIGHEST    76           400 AM
 LOWEST     24           400 PM
 AVERAGE    50

..........................................................


THE LINCOLN, NEBRASKA CLIMATE NORMALS FOR TODAY
                         NORMAL    RECORD    YEAR
 MAXIMUM TEMPERATURE (F)   78        98      1895
 MINIMUM TEMPERATURE (F)   55        34      1947


SUNRISE AND SUNSET
MAY 28 2018...........SUNRISE   600 AM CDT   SUNSET   849 PM CDT
MAY 29 2018...........SUNRISE   559 AM CDT   SUNSET   850 PM CDT


-  INDICATES NEGATIVE NUMBERS.
R  INDICATES RECORD WAS SET OR TIED.
MM INDICATES DATA IS MISSING.
T  INDICATES TRACE AMOUNT.




$$
