000
CDUS43 KOAX 250646
CLILNK


CLIMATE REPORT
NATIONAL WEATHER SERVICE OMAHA NEBRASKA
143 AM CDT MON MAR 25 2019


...................................

...THE LINCOLN NE CLIMATE SUMMARY FOR MARCH 24 2019...

CLIMATE NORMAL PERIOD 1981 TO 2010
CLIMATE RECORD PERIOD 1887 TO 2019


WEATHER ITEM   OBSERVED TIME   RECORD YEAR NORMAL DEPARTURE LAST
                VALUE   (LST)  VALUE       VALUE  FROM      YEAR
                                                  NORMAL
..................................................................
TEMPERATURE (F)
 YESTERDAY
  MAXIMUM         50    458 AM  83    1967  56     -6       43
  MINIMUM         46   1141 PM   7    1965  31     15       34
  AVERAGE         48                        43      5       39

PRECIPITATION (IN)
  YESTERDAY        0.16          1.64 1957   0.07   0.09     0.01
  MONTH TO DATE    2.27                      1.38   0.89     2.35
  SINCE MAR 1      2.27                      1.38   0.89     2.35
  SINCE JAN 1      4.61                      2.79   1.82     3.50

SNOWFALL (IN)
  YESTERDAY        0.0           8.4  1957   0.1   -0.1      0.0
  MONTH TO DATE    6.3                       3.9    2.4      0.7
  SINCE MAR 1      6.3                       3.9    2.4      0.7
  SINCE JUL 1     55.5                      23.6   31.9     18.4
  SNOW DEPTH       0

DEGREE DAYS
 HEATING
  YESTERDAY       17                        22     -5       26
  MONTH TO DATE  791                       630    161      571
  SINCE MAR 1    791                       630    161      571
  SINCE JUL 1   5841                      5333    508     5170

 COOLING
  YESTERDAY        0                         0      0        0
  MONTH TO DATE    0                         0      0        0
  SINCE MAR 1      0                         0      0        0
  SINCE JAN 1      0                         0      0        0
..................................................................


WIND (MPH)
  HIGHEST WIND SPEED    18   HIGHEST WIND DIRECTION     N (010)
  HIGHEST GUST SPEED    23   HIGHEST GUST DIRECTION     N (360)
  AVERAGE WIND SPEED    10.8




RELATIVE HUMIDITY (PERCENT)
 HIGHEST   100
 LOWEST     86
 AVERAGE    93

..........................................................


THE LINCOLN NE CLIMATE NORMALS FOR TODAY
                         NORMAL    RECORD    YEAR
 MAXIMUM TEMPERATURE (F)   56        91      1907
 MINIMUM TEMPERATURE (F)   31         5      1965


SUNRISE AND SUNSET
MARCH 25 2019.........SUNRISE   722 AM CDT   SUNSET   744 PM CDT
MARCH 26 2019.........SUNRISE   721 AM CDT   SUNSET   745 PM CDT


-  INDICATES NEGATIVE NUMBERS.
R  INDICATES RECORD WAS SET OR TIED.
MM INDICATES DATA IS MISSING.
T  INDICATES TRACE AMOUNT.




$$
