000
CDUS43 KLOT 230638
CLILOT


CLIMATE REPORT
NATIONAL WEATHER SERVICE CHICAGO IL
135 AM CDT SAT MAR 23 2019


...................................

...THE ROMEOVILLE  WFO CLIMATE SUMMARY FOR MARCH 22 2019...

CLIMATE NORMAL PERIOD 1981 TO 2010
CLIMATE RECORD PERIOD 1992 TO 2019


WEATHER ITEM   OBSERVED RECORD YEAR NORMAL DEPARTURE LAST
                VALUE   VALUE       VALUE  FROM      YEAR
                                           NORMAL
...........................................................
TEMPERATURE (F)
 YESTERDAY
  MAXIMUM         50     83    2012  51     -1       48
  MINIMUM         28     13    2002  32     -4       24
  AVERAGE         39                 41     -2       36

PRECIPITATION (IN)
  YESTERDAY        0.00   1.09 1993   0.10  -0.10     0.00
  MONTH TO DATE    1.68               1.95  -0.27     1.28
  SINCE MAR 1      1.68               1.95  -0.27     1.28
  SINCE JAN 1      6.35               5.66   0.69     8.06

SNOWFALL (IN)
  YESTERDAY        0.0    1.7  1993   0.1   -0.1      0.0
  MONTH TO DATE    0.5                3.9   -3.4      1.9
  SINCE MAR 1      0.5                3.9   -3.4      1.9
  SINCE JUL 1     30.9               31.3   -0.4     33.5
  SNOW DEPTH       0

DEGREE DAYS
 HEATING
  YESTERDAY       26                 24      2
  MONTH TO DATE  718                618    100
  SINCE MAR 1    718                618    100
  SINCE JUL 1   5561               5346    215

 COOLING
  YESTERDAY        0                  0      0
  MONTH TO DATE    0                  0      0
  SINCE MAR 1      0                  0      0
  SINCE JAN 1      0                  0      0
...........................................................







THE ROMEOVILLE  WFO CLIMATE NORMALS FOR TODAY
                         NORMAL    RECORD    YEAR
 MAXIMUM TEMPERATURE (F)   51        78      1994
 MINIMUM TEMPERATURE (F)   32        17      1992


SUNRISE AND SUNSET
MARCH 23 2019.........SUNRISE   651 AM CDT   SUNSET   708 PM CDT
MARCH 24 2019.........SUNRISE   649 AM CDT   SUNSET   709 PM CDT


-  INDICATES NEGATIVE NUMBERS.
R  INDICATES RECORD WAS SET OR TIED.
MM INDICATES DATA IS MISSING.
T  INDICATES TRACE AMOUNT.




$$
