000
CDUS43 KLMK 242044
CLILOU


CLIMATE REPORT
NATIONAL WEATHER SERVICE LOUISVILLE KY
444 PM EDT FRI MAY 24 2019


...................................

...THE LOUISVILLE BOWMAN KY CLIMATE SUMMARY FOR MAY 24 2019...
VALID TODAY AS OF 0400 PM LOCAL TIME.

CLIMATE NORMAL PERIOD 1981 TO 2010
CLIMATE RECORD PERIOD 9999 TO 9999


WEATHER ITEM   OBSERVED TIME   RECORD YEAR NORMAL DEPARTURE LAST
                VALUE   (LST)  VALUE       VALUE  FROM      YEAR
                                                  NORMAL
..................................................................
TEMPERATURE (F)
 TODAY
  MAXIMUM         89    259 PM  MM      MM  79     10       85
  MINIMUM         70    612 AM  MM      MM  59     11       63
  AVERAGE         80                        69     11       74

PRECIPITATION (IN)
  TODAY            0.00         MM      MM   0.15  -0.15     0.00
  MONTH TO DATE    2.85                      4.08  -1.23     2.44
  SINCE MAR 1     14.86                     12.32   2.54    10.85
  SINCE JAN 1     26.26                     18.88   7.38    22.72

SNOWFALL (IN)
  TODAY           MM            MM      MM  MM     MM       MM
  MONTH TO DATE   MM                        MM     MM       MM
  SINCE MAR 1     MM                        MM     MM       MM
  SINCE JUL 1     MM                        MM     MM       MM
  SNOW DEPTH      MM

DEGREE DAYS
 HEATING
  TODAY            0                         1     -1        0
  MONTH TO DATE   47                        67    -20        1
  SINCE MAR 1    950                       897     53     1032
  SINCE JUL 1   4101                      4258   -157     4294

 COOLING
  TODAY           15                         5     10        9
  MONTH TO DATE  102                        73     29      212
  SINCE MAR 1    119                       107     12      228
  SINCE JAN 1    119                       107     12      238
..................................................................


WIND (MPH)
  HIGHEST WIND SPEED    17   HIGHEST WIND DIRECTION    SW (230)
  HIGHEST GUST SPEED    24   HIGHEST GUST DIRECTION    SW (240)
  AVERAGE WIND SPEED     5.0


SKY COVER
  POSSIBLE SUNSHINE  MM
  AVERAGE SKY COVER 0.2


WEATHER CONDITIONS
 THE FOLLOWING WEATHER WAS RECORDED TODAY.
  FOG


RELATIVE HUMIDITY (PERCENT)
 HIGHEST    90           400 AM
 LOWEST     44           100 PM
 AVERAGE    67

..........................................................




SUNRISE AND SUNSET
MAY 24 2019...........SUNRISE   625 AM EDT   SUNSET   854 PM EDT
MAY 25 2019...........SUNRISE   625 AM EDT   SUNSET   855 PM EDT


-  INDICATES NEGATIVE NUMBERS.
R  INDICATES RECORD WAS SET OR TIED.
MM INDICATES DATA IS MISSING.
T  INDICATES TRACE AMOUNT.




$$
