000
CDUS44 KCRP 192354
CLILRD

CLIMATE REPORT
NATIONAL WEATHER SERVICE CORPUS CHRISTI TX
653 PM CDT TUE MAR 19 2019

...................................

...THE LAREDO CLIMATE SUMMARY FOR MARCH 19 2019...
VALID AS OF 653 PM LOCAL TIME.

CLIMATE NORMAL PERIOD 1981 TO 2010
CLIMATE RECORD PERIOD 1900 TO 2019


WEATHER ITEM   OBSERVED TIME   RECORD YEAR NORMAL DEPARTURE LAST
                VALUE   (LST)  VALUE       VALUE  FROM      YEAR
                                                  NORMAL
..................................................................
TEMPERATURE (F)
 TODAY
  MAXIMUM         69   1200 PM  99    1908  81    -12       90
  MINIMUM         52    700 AM  27    1988  58     -6       63
  AVERAGE         61                        69     -8       77

PRECIPITATION (IN)
  TODAY            T             0.71 1989   0.04  -0.04      T
  MONTH TO DATE    T                         0.72  -0.72      T
  SINCE MAR 1      T                         0.72  -0.72      T
  SINCE JAN 1      0.48                      2.56  -2.08     0.29

SNOWFALL (IN)
  TODAY            0.0          MM      MM   0.0    0.0      0.0
  MONTH TO DATE    0.0                       0.0    0.0      0.0
  SINCE MAR 1      0.0                       0.0    0.0      0.0
  SINCE JUL 1      0.0                       0.0    0.0      1.3
  SNOW DEPTH       0

DEGREE DAYS
 HEATING
  TODAY            4                         2      2        0
  MONTH TO DATE   96                        55     41        7
  SINCE MAR 1     96                        55     41        7
  SINCE JUL 1    883                       899    -16      843

 COOLING
  TODAY            0                         6     -6       12
  MONTH TO DATE  107                        88     19      143
  SINCE MAR 1    107                        88     19      143
  SINCE JAN 1    194                       173     21      277
..................................................................


WIND (MPH)
  HIGHEST WIND SPEED    MM   HIGHEST WIND DIRECTION    MM
  HIGHEST GUST SPEED    MM   HIGHEST GUST DIRECTION    MM


SKY COVER
  POSSIBLE SUNSHINE  MM
  AVERAGE SKY COVER 0.7


WEATHER CONDITIONS
 THE FOLLOWING WEATHER WAS RECORDED TODAY.
  LIGHT RAIN


RELATIVE HUMIDITY (PERCENT)
 HIGHEST    77           700 AM
 LOWEST     47          1200 PM
 AVERAGE    62

..........................................................


THE LAREDO CLIMATE NORMALS FOR TOMORROW
                         NORMAL    RECORD    YEAR
 MAXIMUM TEMPERATURE (F)   81       100      1932
 MINIMUM TEMPERATURE (F)   58        31      1918


SUNRISE AND SUNSET
MARCH 19 2019.........SUNRISE   743 AM CDT   SUNSET   749 PM CDT
MARCH 20 2019.........SUNRISE   742 AM CDT   SUNSET   749 PM CDT


-  INDICATES NEGATIVE NUMBERS.
R  INDICATES RECORD WAS SET OR TIED.
MM INDICATES DATA IS MISSING.
T  INDICATES TRACE AMOUNT.




$$
