000
CDUS44 KCRP 262339 RRA
CLILRD

CLIMATE REPORT
NATIONAL WEATHER SERVICE CORPUS CHRISTI TX
638 PM CDT SUN MAY 26 2019

...................................

...THE LAREDO CLIMATE SUMMARY FOR MAY 26 2019...
VALID AS OF 638 PM LOCAL TIME.

CLIMATE NORMAL PERIOD 1981 TO 2010
CLIMATE RECORD PERIOD 1900 TO 2019


WEATHER ITEM   OBSERVED TIME   RECORD YEAR NORMAL DEPARTURE LAST
                VALUE   (LST)  VALUE       VALUE  FROM      YEAR
                                                  NORMAL
..................................................................
TEMPERATURE (F)
 TODAY
  MAXIMUM         97    200 PM 109    1973  96      1      105
  MINIMUM         77    500 AM  59    1941  74      3       75
  AVERAGE         87                        85      2       90

PRECIPITATION (IN)
  TODAY            0.00          4.00 1929   0.08  -0.08     0.00
  MONTH TO DATE    2.05                      2.07  -0.02     0.09
  SINCE MAR 1      2.61                      4.61  -2.00     2.26
  SINCE JAN 1      3.09                      6.45  -3.36     2.55

SNOWFALL (IN)
  TODAY            0.0          MM      MM   0.0    0.0      0.0
  MONTH TO DATE    0.0                       0.0    0.0      0.0
  SINCE MAR 1      0.0                       0.0    0.0      0.0
  SINCE JUL 1      0.0                       0.0    0.0      1.3
  SNOW DEPTH       0

DEGREE DAYS
 HEATING
  TODAY            0                         0      0        0
  MONTH TO DATE    0                         0      0        0
  SINCE MAR 1    124                        82     42        9
  SINCE JUL 1    911                       926    -15      845

 COOLING
  TODAY           22                        20      2       25
  MONTH TO DATE  453                       443     10      519
  SINCE MAR 1   1012                       958     54     1099
  SINCE JAN 1   1099                      1043     56     1233
..................................................................


WIND (MPH)
  HIGHEST WIND SPEED    MM   HIGHEST WIND DIRECTION    MM
  HIGHEST GUST SPEED    MM   HIGHEST GUST DIRECTION    MM


SKY COVER
  POSSIBLE SUNSHINE  MM
  AVERAGE SKY COVER 0.8


WEATHER CONDITIONS
 THE FOLLOWING WEATHER WAS RECORDED TODAY.
  NO SIGNIFICANT WEATHER WAS OBSERVED.


RELATIVE HUMIDITY (PERCENT)
 HIGHEST    88           500 AM
 LOWEST     42           200 PM
 AVERAGE    65

..........................................................


THE LAREDO CLIMATE NORMALS FOR TOMORROW
                         NORMAL    RECORD    YEAR
 MAXIMUM TEMPERATURE (F)   96       110      2011
 MINIMUM TEMPERATURE (F)   74        57      1901


SUNRISE AND SUNSET
MAY 26 2019...........SUNRISE   644 AM CDT   SUNSET   826 PM CDT
MAY 27 2019...........SUNRISE   644 AM CDT   SUNSET   826 PM CDT


-  INDICATES NEGATIVE NUMBERS.
R  INDICATES RECORD WAS SET OR TIED.
MM INDICATES DATA IS MISSING.
T  INDICATES TRACE AMOUNT.




$$
