000
CDUS46 KMTR 180028
CLILVK


CLIMATE REPORT
NATIONAL WEATHER SERVICE SAN FRANCISCO BAY AREA
528 PM PDT MON JUN 17 2019


...................................

...THE LIVERMORE AIRPORT CLIMATE SUMMARY FOR JUNE 17 2019...
VALID TODAY AS OF 0500 PM LOCAL TIME.

CLIMATE NORMAL PERIOD 1981 TO 2010
CLIMATE RECORD PERIOD 1930 TO 2019


WEATHER ITEM   OBSERVED TIME   RECORD YEAR NORMAL DEPARTURE LAST
                VALUE   (LST)  VALUE       VALUE  FROM      YEAR
                                                  NORMAL
..................................................................
TEMPERATURE (F)
 TODAY
  MAXIMUM         87    226 PM 104    1961  81      6       MM
  MINIMUM         54    137 AM  42    1939  54      0       MM
  AVERAGE         71                        68      3       MM

PRECIPITATION (IN)
  TODAY            0.00          0.02 2005   0.00   0.00     0.00
  MONTH TO DATE    0.00                      0.03  -0.03     0.00
  SINCE OCT 1     16.78                     15.47   1.31    11.28
  SINCE JAN 1     13.73                      9.89   3.84     9.29

DEGREE DAYS
 HEATING
  TODAY            0                         1     -1       MM
  MONTH TO DATE    8                        24    -16       19
  SINCE JUN 1      8                        24    -16       19
  SINCE JUL 1   2493                      2772   -279     2469

 COOLING
  TODAY            6                         4      2       MM
  MONTH TO DATE  110                        44     66       56
  SINCE JUN 1    110                        44     66       56
  SINCE JAN 1    137                        97     40       81
..................................................................


WIND (MPH)
  RESULTANT WIND SPEED   4   RESULTANT WIND DIRECTION   W (290)
  HIGHEST WIND SPEED    17   HIGHEST WIND DIRECTION     W (270)
  HIGHEST GUST SPEED    20   HIGHEST GUST DIRECTION     W (270)
  AVERAGE WIND SPEED     6.0


SKY COVER
  POSSIBLE SUNSHINE  MM
  AVERAGE SKY COVER 0.3


WEATHER CONDITIONS
 THE FOLLOWING WEATHER WAS RECORDED TODAY.
  FOG
  HAZE


RELATIVE HUMIDITY (PERCENT)
 HIGHEST    93          1200 AM
 LOWEST     36           200 PM
 AVERAGE    65

..........................................................


THE LIVERMORE AIRPORT CLIMATE NORMALS FOR TOMORROW
                         NORMAL    RECORD    YEAR
 MAXIMUM TEMPERATURE (F)   82       105      2017
 MINIMUM TEMPERATURE (F)   55        43      1979


SUNRISE AND SUNSET
JUNE 17 2019..........SUNRISE   545 AM PDT   SUNSET   831 PM PDT
JUNE 18 2019..........SUNRISE   545 AM PDT   SUNSET   832 PM PDT


-  INDICATES NEGATIVE NUMBERS.
R  INDICATES RECORD WAS SET OR TIED.
MM INDICATES DATA IS MISSING.
T  INDICATES TRACE AMOUNT.




$$
