000
CDUS46 KMTR 240034
CLILVK


CLIMATE REPORT
NATIONAL WEATHER SERVICE SAN FRANCISCO BAY AREA
534 PM PDT MON APR 23 2018


...................................

...THE LIVERMORE AIRPORT CLIMATE SUMMARY FOR APRIL 23 2018...
VALID TODAY AS OF 0500 PM LOCAL TIME.

CLIMATE NORMAL PERIOD 1981 TO 2010
CLIMATE RECORD PERIOD 1930 TO 2018


WEATHER ITEM   OBSERVED TIME   RECORD YEAR NORMAL DEPARTURE LAST
                VALUE   (LST)  VALUE       VALUE  FROM      YEAR
                                                  NORMAL
..................................................................
TEMPERATURE (F)
 TODAY
  MAXIMUM         85    254 PM  93    1946  71     14       66
  MINIMUM         51    544 AM  32    1964  46      5       50
  AVERAGE         68                        58     10       58

PRECIPITATION (IN)
  TODAY            0.00          0.45 1983   0.03  -0.03     0.00
  MONTH TO DATE    1.61                      0.84   0.77     2.02
  SINCE OCT 1     11.28                     14.66  -3.38    25.35
  SINCE JAN 1      9.29                      9.08   0.21    18.89

DEGREE DAYS
 HEATING
  TODAY            0                         7     -7        7
  MONTH TO DATE  180                       214    -34      187
  SINCE MAR 1    571                       571      0      462
  SINCE JUL 1   2297                      2578   -281     2321

 COOLING
  TODAY            3                         0      3        0
  MONTH TO DATE    4                         0      4        0
  SINCE MAR 1      4                         1      3        0
  SINCE JAN 1      4                         1      3        0
..................................................................


WIND (MPH)
  RESULTANT WIND SPEED   1   RESULTANT WIND DIRECTION   E (100)
  HIGHEST WIND SPEED     8   HIGHEST WIND DIRECTION    NE (40)
  HIGHEST GUST SPEED    13   HIGHEST GUST DIRECTION     E (70)
  AVERAGE WIND SPEED     1.9


SKY COVER
  POSSIBLE SUNSHINE  MM
  AVERAGE SKY COVER 0.0


WEATHER CONDITIONS
 THE FOLLOWING WEATHER WAS RECORDED TODAY.
  HAZE


RELATIVE HUMIDITY (PERCENT)
 HIGHEST    89           400 AM
 LOWEST     34           200 PM
 AVERAGE    62

..........................................................


THE LIVERMORE AIRPORT CLIMATE NORMALS FOR TOMORROW
                         NORMAL    RECORD    YEAR
 MAXIMUM TEMPERATURE (F)   71        93      1946
 MINIMUM TEMPERATURE (F)   46        29      1964


SUNRISE AND SUNSET
APRIL 23 2018.........SUNRISE   621 AM PDT   SUNSET   750 PM PDT
APRIL 24 2018.........SUNRISE   620 AM PDT   SUNSET   751 PM PDT


-  INDICATES NEGATIVE NUMBERS.
R  INDICATES RECORD WAS SET OR TIED.
MM INDICATES DATA IS MISSING.
T  INDICATES TRACE AMOUNT.




$$
