000
CDUS46 KMTR 260840
CLILVK


CLIMATE REPORT
NATIONAL WEATHER SERVICE SAN FRANCISCO BAY AREA
140 AM PDT TUE MAR 26 2019


...................................

...THE LIVERMORE AIRPORT CLIMATE SUMMARY FOR MARCH 25 2019...

CLIMATE NORMAL PERIOD 1981 TO 2010
CLIMATE RECORD PERIOD 1930 TO 2019


WEATHER ITEM   OBSERVED TIME   RECORD YEAR NORMAL DEPARTURE LAST
                VALUE   (LST)  VALUE       VALUE  FROM      YEAR
                                                  NORMAL
..................................................................
TEMPERATURE (F)
 YESTERDAY
  MAXIMUM         66   1224 PM  82    1997  65      1       58
  MINIMUM         43    625 AM  28    1964  43      0       35
  AVERAGE         55                        54      1       47

PRECIPITATION (IN)
  YESTERDAY        0.05          0.90 2012   0.06  -0.01     0.00
  MONTH TO DATE    2.16                      1.81   0.35     3.94
  SINCE OCT 1     14.35                     13.43   0.92     9.67
  SINCE JAN 1     11.30                      7.85   3.45     7.68

DEGREE DAYS
 HEATING
  YESTERDAY       10                        11     -1       18
  MONTH TO DATE  329                       289     40      358
  SINCE MAR 1    329                       289     40      358
  SINCE JUL 1   2126                      2296   -170     2084

 COOLING
  YESTERDAY        0                         0      0        0
  MONTH TO DATE    0                         0      0        0
  SINCE MAR 1      0                         0      0        0
  SINCE JAN 1      0                         0      0        0
..................................................................


WIND (MPH)
  RESULTANT WIND SPEED   3   RESULTANT WIND DIRECTION   S (200)
  HIGHEST WIND SPEED    18   HIGHEST WIND DIRECTION     S (190)
  HIGHEST GUST SPEED    27   HIGHEST GUST DIRECTION     S (180)
  AVERAGE WIND SPEED     7.2


SKY COVER
  POSSIBLE SUNSHINE  MM
  AVERAGE SKY COVER 0.5


WEATHER CONDITIONS
 THE FOLLOWING WEATHER WAS RECORDED YESTERDAY.
  LIGHT RAIN
  FOG


RELATIVE HUMIDITY (PERCENT)
 HIGHEST    93           700 PM
 LOWEST     43          1100 AM
 AVERAGE    68

..........................................................


THE LIVERMORE AIRPORT CLIMATE NORMALS FOR TODAY
                         NORMAL    RECORD    YEAR
 MAXIMUM TEMPERATURE (F)   65        88      1988
 MINIMUM TEMPERATURE (F)   43        30      1972


SUNRISE AND SUNSET
MARCH 26 2019.........SUNRISE   702 AM PDT   SUNSET   725 PM PDT
MARCH 27 2019.........SUNRISE   700 AM PDT   SUNSET   726 PM PDT


-  INDICATES NEGATIVE NUMBERS.
R  INDICATES RECORD WAS SET OR TIED.
MM INDICATES DATA IS MISSING.
T  INDICATES TRACE AMOUNT.




$$
