000
CDUS45 KBYZ 240747
CLILVM


CLIMATE REPORT
NATIONAL WEATHER SERVICE BILLINGS MT
146 AM MDT SUN MAR 24 2019


...................................

...THE LIVINGSTON MT CLIMATE SUMMARY FOR MARCH 23 2019...

CLIMATE NORMAL PERIOD 1981 TO 2010
CLIMATE RECORD PERIOD 1948 TO 2019


WEATHER ITEM   OBSERVED TIME   RECORD YEAR NORMAL DEPARTURE LAST
                VALUE   (LST)  VALUE       VALUE  FROM      YEAR
                                                  NORMAL
..................................................................
TEMPERATURE (F)
 YESTERDAY
  MAXIMUM         48    420 PM  71    2004  49     -1       59
  MINIMUM         26   1121 PM -14    1965  25      1       34
  AVERAGE         37                        37      0       47

PRECIPITATION (IN)
  YESTERDAY        0.00          0.53 1959   0.03  -0.03     0.08
  MONTH TO DATE    0.26                      0.55  -0.29     0.35
  SINCE OCT 1      3.43                      3.91  -0.48     4.72
  SINCE JAN 1      0.73                      1.54  -0.81     1.68

DEGREE DAYS
 HEATING
  YESTERDAY       28                        28      0       18
  MONTH TO DATE 1066                       696    370      662
  SINCE MAR 1   1066                       696    370      662
  SINCE JUL 1   6692                      6044    648     5982

 COOLING
  YESTERDAY        0                         0      0        0
  MONTH TO DATE    0                         0      0        0
  SINCE MAR 1      0                         0      0        0
  SINCE JAN 1      0                         0      0        0
..................................................................


WIND (MPH)
  HIGHEST WIND SPEED    21   HIGHEST WIND DIRECTION     W (260)
  HIGHEST GUST SPEED    28   HIGHEST GUST DIRECTION     W (270)
  AVERAGE WIND SPEED     7.9


SKY COVER
  POSSIBLE SUNSHINE  MM
  AVERAGE SKY COVER 0.0


WEATHER CONDITIONS
 THE FOLLOWING WEATHER WAS RECORDED YESTERDAY.
  NO SIGNIFICANT WEATHER WAS OBSERVED.


RELATIVE HUMIDITY (PERCENT)
 HIGHEST    85           700 AM
 LOWEST     49           500 PM
 AVERAGE    67

..........................................................


THE LIVINGSTON MT CLIMATE NORMALS FOR TODAY
                         NORMAL    RECORD    YEAR
 MAXIMUM TEMPERATURE (F)   49        71      2007
                                             2004
 MINIMUM TEMPERATURE (F)   26       -21      1965


SUNRISE AND SUNSET
MARCH 24 2019.........SUNRISE   717 AM MDT   SUNSET   739 PM MDT
MARCH 25 2019.........SUNRISE   716 AM MDT   SUNSET   741 PM MDT


-  INDICATES NEGATIVE NUMBERS.
R  INDICATES RECORD WAS SET OR TIED.
MM INDICATES DATA IS MISSING.
T  INDICATES TRACE AMOUNT.




$$
