293
CDUS43 KTOP 210637
CLILWC


CLIMATE REPORT
NATIONAL WEATHER SERVICE TOPEKA KS
137 AM CDT THU MAR 21 2019


...................................

...THE LAWRENCE KS CLIMATE SUMMARY FOR MARCH 20 2019...

CLIMATE NORMAL PERIOD 1981 TO 2010
CLIMATE RECORD PERIOD 9999 TO 9999


WEATHER ITEM   OBSERVED NORMAL DEPARTURE LAST
                VALUE   VALUE  FROM      YEAR
                               NORMAL
...............................................
TEMPERATURE (F)
 YESTERDAY
  MAXIMUM         61     59      2       47
  MINIMUM         41     34      7       38
  AVERAGE         51     46      5       43

PRECIPITATION (IN)
  YESTERDAY        0.00   0.08  -0.08     0.00
  MONTH TO DATE    1.64   1.65  -0.01     1.22
  SINCE MAR 1      1.64   1.65  -0.01     1.22
  SINCE JAN 1      4.65   3.96   0.69     3.08

DEGREE DAYS
 HEATING
  YESTERDAY       14     19     -5       22
  MONTH TO DATE  564    454    110      419
  SINCE MAR 1    564    454    110      419
  SINCE JUL 1   4846   4469    377     4360

 COOLING
  YESTERDAY        0      0      0        0
  MONTH TO DATE    0      0      0        0
  SINCE MAR 1      0      0      0        0
  SINCE JAN 1      0      0      0        0
...............................................


WIND (MPH)
  HIGHEST WIND SPEED    20   HIGHEST WIND DIRECTION     W (290)
  HIGHEST GUST SPEED    26   HIGHEST GUST DIRECTION    NW (310)
  AVERAGE WIND SPEED    11.1


SKY COVER
  AVERAGE SKY COVER 0.5


WEATHER CONDITIONS
 THE FOLLOWING WEATHER WAS RECORDED YESTERDAY.
  FOG
  HAZE


RELATIVE HUMIDITY (PERCENT)
 HIGHEST    96
 LOWEST     32
 AVERAGE    64

..........................................................


THE LAWRENCE KS CLIMATE NORMALS FOR TODAY
                         NORMAL
 MAXIMUM TEMPERATURE (F)   59
 MINIMUM TEMPERATURE (F)   34


SUNRISE AND SUNSET
MARCH 21 2019.........SUNRISE   723 AM CDT   SUNSET   734 PM CDT
MARCH 22 2019.........SUNRISE   721 AM CDT   SUNSET   735 PM CDT


-  INDICATES NEGATIVE NUMBERS.
R  INDICATES RECORD WAS SET OR TIED.
MM INDICATES DATA IS MISSING.
T  INDICATES TRACE AMOUNT.




$$
