000
CDUS43 KTOP 192133
CLILWC


CLIMATE REPORT
NATIONAL WEATHER SERVICE TOPEKA KS
432 PM CDT SUN MAY 19 2019


...................................

...THE LAWRENCE KS CLIMATE SUMMARY FOR MAY 19 2019...
VALID TODAY AS OF 430 PM LOCAL TIME.

CLIMATE NORMAL PERIOD 1981 TO 2010
CLIMATE RECORD PERIOD 9999 TO 9999


WEATHER ITEM   OBSERVED NORMAL DEPARTURE LAST
                VALUE   VALUE  FROM      YEAR
                               NORMAL
...............................................
TEMPERATURE (F)
 TODAY
  MAXIMUM         69     77     -8       81
  MINIMUM         56     54      2       66
  AVERAGE         63     66     -3       74

PRECIPITATION (IN)
  TODAY            0.02   0.17  -0.15     0.38
  MONTH TO DATE    5.82   2.96   2.86     1.55
  SINCE MAR 1     13.47   9.35   4.12     4.12
  SINCE JAN 1     16.48  11.66   4.82     5.98

DEGREE DAYS
 HEATING
  TODAY            2      3     -1        0
  MONTH TO DATE   99     85     14        0
  SINCE MAR 1   1096   1049     47     1149
  SINCE JUL 1   5378   5064    314     5090

 COOLING
  TODAY            0      4     -4        9
  MONTH TO DATE   40     40      0      148
  SINCE MAR 1     58     63     -5      155
  SINCE JAN 1     58     63     -5      155
...............................................


WIND (MPH)
  HIGHEST WIND SPEED    23   HIGHEST WIND DIRECTION    NW (300)
  HIGHEST GUST SPEED    35   HIGHEST GUST DIRECTION    NW (300)
  AVERAGE WIND SPEED    12.8



WEATHER CONDITIONS
 THE FOLLOWING WEATHER WAS RECORDED TODAY.
  THUNDERSTORM
  RAIN
  LIGHT RAIN
  FOG


RELATIVE HUMIDITY (PERCENT)
 HIGHEST    93
 LOWEST     52
 AVERAGE    73

..........................................................


THE LAWRENCE KS CLIMATE NORMALS FOR TOMORROW
                         NORMAL
 MAXIMUM TEMPERATURE (F)   78
 MINIMUM TEMPERATURE (F)   54


SUNRISE AND SUNSET
MAY 19 2019...........SUNRISE   605 AM CDT   SUNSET   830 PM CDT
MAY 20 2019...........SUNRISE   604 AM CDT   SUNSET   831 PM CDT


-  INDICATES NEGATIVE NUMBERS.
R  INDICATES RECORD WAS SET OR TIED.
MM INDICATES DATA IS MISSING.
T  INDICATES TRACE AMOUNT.




$$
