000
CDUS43 KTOP 240631
CLILWC


CLIMATE REPORT
NATIONAL WEATHER SERVICE TOPEKA KS
131 AM CDT THU MAY 24 2018


...................................

...THE LAWRENCE KS CLIMATE SUMMARY FOR MAY 23 2018...

CLIMATE NORMAL PERIOD 1981 TO 2010
CLIMATE RECORD PERIOD 9999 TO 9999


WEATHER ITEM   OBSERVED NORMAL DEPARTURE LAST
                VALUE   VALUE  FROM      YEAR
                               NORMAL
...............................................
TEMPERATURE (F)
 YESTERDAY
  MAXIMUM         92     79     13       68
  MINIMUM         64     56      8       53
  AVERAGE         78     67     11       61

PRECIPITATION (IN)
  YESTERDAY        0.00   0.20  -0.20     0.20
  MONTH TO DATE    1.91   3.73  -1.82     2.62
  SINCE MAR 1      4.48  10.12  -5.64    11.87
  SINCE JAN 1      6.34  12.43  -6.09    12.88

DEGREE DAYS
 HEATING
  YESTERDAY        0      2     -2        4
  MONTH TO DATE    0     94    -94       82
  SINCE MAR 1   1149   1058     91      858
  SINCE JUL 1   5090   5073     17     4139

 COOLING
  YESTERDAY       13      4      9        0
  MONTH TO DATE  171     56    115       57
  SINCE MAR 1    178     79     99       89
  SINCE JAN 1    178     79     99       89
...............................................


WIND (MPH)
  HIGHEST WIND SPEED    18   HIGHEST WIND DIRECTION    SE (150)
  HIGHEST GUST SPEED    26   HIGHEST GUST DIRECTION     S (170)
  AVERAGE WIND SPEED     8.5


SKY COVER
  AVERAGE SKY COVER 0.1


WEATHER CONDITIONS
 THE FOLLOWING WEATHER WAS RECORDED YESTERDAY.
  NO SIGNIFICANT WEATHER WAS OBSERVED.


RELATIVE HUMIDITY (PERCENT)
 HIGHEST   100
 LOWEST     41
 AVERAGE    71

..........................................................


THE LAWRENCE KS CLIMATE NORMALS FOR TODAY
                         NORMAL
 MAXIMUM TEMPERATURE (F)   79
 MINIMUM TEMPERATURE (F)   56


SUNRISE AND SUNSET
MAY 24 2018...........SUNRISE   601 AM CDT   SUNSET   835 PM CDT
MAY 25 2018...........SUNRISE   601 AM CDT   SUNSET   835 PM CDT


-  INDICATES NEGATIVE NUMBERS.
R  INDICATES RECORD WAS SET OR TIED.
MM INDICATES DATA IS MISSING.
T  INDICATES TRACE AMOUNT.




$$
