000
CDUS46 KOTX 230823
CLILWS


CLIMATE REPORT
NATIONAL WEATHER SERVICE SPOKANE, WA
122 AM PDT TUE JUL 23 2019


...................................

...THE LEWISTON ID AIRPORT CLIMATE SUMMARY FOR JULY 22 2019...

CLIMATE NORMAL PERIOD 1981 TO 2010
CLIMATE RECORD PERIOD 1881 TO 2019


WEATHER ITEM   OBSERVED TIME   RECORD YEAR NORMAL DEPARTURE LAST
                VALUE   (LST)  VALUE       VALUE  FROM      YEAR
                                                  NORMAL
..................................................................
TEMPERATURE (F)
 YESTERDAY
  MAXIMUM         98    434 PM 113    1938  91      7       91
  MINIMUM         67    131 AM  45    1954  61      6       55
  AVERAGE         83                        76      7       73

PRECIPITATION (IN)
  YESTERDAY        T             0.99 1884   0.02  -0.02     0.00
  MONTH TO DATE    0.21                      0.51  -0.30      T
  SINCE OCT 1     12.36                     10.80   1.56    14.74
  SINCE JAN 1      9.14                      7.69   1.45     9.18

SNOWFALL (IN)
  YESTERDAY        0.0           0.0  1995   0.0    0.0      0.0
  MONTH TO DATE    0.0                       0.0    0.0      0.0
  SINCE JUN 1      0.0                       0.0    0.0      0.0
  SINCE JUL 1      0.0                       0.0    0.0      0.0
  SNOW DEPTH       0

DEGREE DAYS
 HEATING
  YESTERDAY        0                         0      0        0
  MONTH TO DATE    0                         4     -4        2
  SINCE JUN 1     42                        74    -32       37
  SINCE JUL 1      0                         4     -4        2

 COOLING
  YESTERDAY       18                        11      7        8
  MONTH TO DATE  194                       195     -1      229
  SINCE JUN 1    336                       293     43      330
  SINCE JAN 1    373                       325     48      395
..................................................................


WIND (MPH)
  HIGHEST WIND SPEED    26   HIGHEST WIND DIRECTION     E (80)
  HIGHEST GUST SPEED    32   HIGHEST GUST DIRECTION     E (70)
  AVERAGE WIND SPEED     6.1


SKY COVER
  POSSIBLE SUNSHINE  MM
  AVERAGE SKY COVER 0.1


WEATHER CONDITIONS
 THE FOLLOWING WEATHER WAS RECORDED YESTERDAY.
  LIGHT RAIN


RELATIVE HUMIDITY (PERCENT)
 HIGHEST    41           700 AM
 LOWEST     17           500 PM
 AVERAGE    29

..........................................................


THE LEWISTON ID AIRPORT CLIMATE NORMALS FOR TODAY
                         NORMAL    RECORD    YEAR
 MAXIMUM TEMPERATURE (F)   92       109      2006
                                             1959
 MINIMUM TEMPERATURE (F)   61        46      1963


SUNRISE AND SUNSET
JULY 23 2019..........SUNRISE   519 AM PDT   SUNSET   830 PM PDT
JULY 24 2019..........SUNRISE   520 AM PDT   SUNSET   829 PM PDT


-  INDICATES NEGATIVE NUMBERS.
R  INDICATES RECORD WAS SET OR TIED.
MM INDICATES DATA IS MISSING.
T  INDICATES TRACE AMOUNT.




$$
