000
CDUS46 KOTX 252334
CLILWS


CLIMATE REPORT
NATIONAL WEATHER SERVICE SPOKANE, WA
434 PM PDT MON MAR 25 2019


...................................

...THE LEWISTON ID AIRPORT CLIMATE SUMMARY FOR MARCH 25 2019...
VALID AS OF 0400 PM LOCAL TIME.

CLIMATE NORMAL PERIOD 1981 TO 2010
CLIMATE RECORD PERIOD 1881 TO 2019


WEATHER ITEM   OBSERVED TIME   RECORD YEAR NORMAL DEPARTURE LAST
                VALUE   (LST)  VALUE       VALUE  FROM      YEAR
                                                  NORMAL
..................................................................
TEMPERATURE (F)
 TODAY
  MAXIMUM         61    259 PM  76    1960  58      3       52
  MINIMUM         36    524 AM  17    1955  38     -2       28
  AVERAGE         49                        48      1       40

PRECIPITATION (IN)
  TODAY            0.00          0.51 1905   0.04  -0.04     0.02
  MONTH TO DATE    0.34                      0.92  -0.58     1.35
  SINCE OCT 1      7.55                      5.89   1.66     9.00
  SINCE JAN 1      4.33                      2.78   1.55     3.44

SNOWFALL (IN)
  TODAY            0.0           0.1  1964   0.0    0.0      0.0
  MONTH TO DATE    1.7                       0.7    1.0       T
  SINCE MAR 1      1.7                       0.7    1.0       T
  SINCE JUL 1     33.5                      10.5   23.0     14.1
  SNOW DEPTH       0

DEGREE DAYS
 HEATING
  TODAY           16                        18     -2       25
  MONTH TO DATE  723                       512    211      498
  SINCE MAR 1    723                       512    211      498
  SINCE JUL 1   4558                      4367    191     4209

 COOLING
  TODAY            0                         0      0        0
  MONTH TO DATE    0                         0      0        0
  SINCE MAR 1      0                         0      0        0
  SINCE JAN 1      0                         0      0        0
..................................................................


WIND (MPH)
  HIGHEST WIND SPEED    14   HIGHEST WIND DIRECTION     E (80)
  HIGHEST GUST SPEED    19   HIGHEST GUST DIRECTION     S (190)
  AVERAGE WIND SPEED     9.0


SKY COVER
  POSSIBLE SUNSHINE  MM
  AVERAGE SKY COVER 0.0


WEATHER CONDITIONS
 THE FOLLOWING WEATHER WAS RECORDED TODAY.
  NO SIGNIFICANT WEATHER WAS OBSERVED.


RELATIVE HUMIDITY (PERCENT)
 HIGHEST    85
 LOWEST     39
 AVERAGE    62

..........................................................


THE LEWISTON ID AIRPORT CLIMATE NORMALS FOR TOMORROW
                         NORMAL    RECORD    YEAR
 MAXIMUM TEMPERATURE (F)   58        71      1974
                                             1941
 MINIMUM TEMPERATURE (F)   38        19      1955


SUNRISE AND SUNSET
MARCH 25 2019.........SUNRISE   642 AM PDT   SUNSET   707 PM PDT
MARCH 26 2019.........SUNRISE   640 AM PDT   SUNSET   709 PM PDT


-  INDICATES NEGATIVE NUMBERS.
R  INDICATES RECORD WAS SET OR TIED.
MM INDICATES DATA IS MISSING.
T  INDICATES TRACE AMOUNT.




$$
