000
CDUS45 KTFX 262240
CLILWT


CLIMATE REPORT
NATIONAL WEATHER SERVICE GREAT FALLS MT
440 PM MDT SUN MAY 26 2019


...................................

...THE LEWISTOWN MT CLIMATE SUMMARY FOR MAY 26 2019...
VALID TODAY AS OF 0400 PM LOCAL TIME.

CLIMATE NORMAL PERIOD 1981 TO 2010
CLIMATE RECORD PERIOD 1896 TO 2019


WEATHER ITEM   OBSERVED TIME   RECORD YEAR NORMAL DEPARTURE LAST
                VALUE   (LST)  VALUE       VALUE  FROM      YEAR
                                                  NORMAL
..................................................................
TEMPERATURE (F)
 TODAY
  MAXIMUM         58   1127 AM  90    1936  65     -7       78
  MINIMUM         48    435 AM  26    1975  41      7       49
  AVERAGE         53                        53      0       64

PRECIPITATION (IN)
  TODAY            0.01          0.77 1925   0.10  -0.09      T
  MONTH TO DATE    1.22                      2.27  -1.05     3.18
  SINCE OCT 1      7.09                      8.18  -1.09     9.65
  SINCE JAN 1      4.66                      5.68  -1.02     7.65

DEGREE DAYS
 HEATING
  TODAY           12                        12      0        1
  MONTH TO DATE  506                       409     97      284
  SINCE MAR 1   2464                      2112    352     2191
  SINCE JUL 1   8811                      7916    895     8317

 COOLING
  TODAY            0                         0      0        0
  MONTH TO DATE    0                         0      0        0
  SINCE MAR 1      0                         0      0        0
  SINCE JAN 1      0                         0      0        0
..................................................................


WIND (MPH)
  HIGHEST WIND SPEED    18   HIGHEST WIND DIRECTION     E (80)
  HIGHEST GUST SPEED    23   HIGHEST GUST DIRECTION     E (90)
  AVERAGE WIND SPEED    10.5


SKY COVER
  AVERAGE SKY COVER 0.9


WEATHER CONDITIONS
 THE FOLLOWING WEATHER WAS RECORDED TODAY.
  LIGHT RAIN


RELATIVE HUMIDITY (PERCENT)
 HIGHEST    80
 LOWEST     61
 AVERAGE    71

..........................................................


THE LEWISTOWN MT CLIMATE NORMALS FOR TOMORROW
                         NORMAL    RECORD    YEAR
 MAXIMUM TEMPERATURE (F)   65        91      1934
 MINIMUM TEMPERATURE (F)   41        23      1910


SUNRISE AND SUNSET
MAY 26 2019...........SUNRISE   531 AM MDT   SUNSET   859 PM MDT
MAY 27 2019...........SUNRISE   530 AM MDT   SUNSET   900 PM MDT


-  INDICATES NEGATIVE NUMBERS.
R  INDICATES RECORD WAS SET OR TIED.
MM INDICATES DATA IS MISSING.
T  INDICATES TRACE AMOUNT.




$$
