594
CDUS45 KTFX 200729
CLILWT


CLIMATE REPORT
NATIONAL WEATHER SERVICE GREAT FALLS MT
127 AM MDT WED MAR 20 2019


...................................

...THE LEWISTOWN MT CLIMATE SUMMARY FOR MARCH 19 2019...

CLIMATE NORMAL PERIOD 1981 TO 2010
CLIMATE RECORD PERIOD 1896 TO 2019


WEATHER ITEM   OBSERVED TIME   RECORD YEAR NORMAL DEPARTURE LAST
                VALUE   (LST)  VALUE       VALUE  FROM      YEAR
                                                  NORMAL
..................................................................
TEMPERATURE (F)
 YESTERDAY
  MAXIMUM         42    253 PM  67    1946  45     -3       40
  MINIMUM         16    553 AM -20    1913  23     -7       20
  AVERAGE         29                        34     -5       30

PRECIPITATION (IN)
  YESTERDAY        0.00          0.40 1982   0.03  -0.03      T
  MONTH TO DATE    T                         0.51  -0.51     0.26
  SINCE OCT 1      3.96                      4.02  -0.06     4.25
  SINCE JAN 1      1.53                      1.52   0.01     2.25

SNOWFALL (IN)
  YESTERDAY       MM
  SNOW DEPTH       4

DEGREE DAYS
 HEATING
  YESTERDAY       36                        31      5       35
  MONTH TO DATE  955                       644    311      703
  SINCE MAR 1    955                       644    311      703
  SINCE JUL 1   7302                      6448    854     6829

 COOLING
  YESTERDAY        0                         0      0        0
  MONTH TO DATE    0                         0      0        0
  SINCE MAR 1      0                         0      0        0
  SINCE JAN 1      0                         0      0        0
..................................................................


WIND (MPH)
  HIGHEST WIND SPEED     9   HIGHEST WIND DIRECTION    SE (130)
  HIGHEST GUST SPEED    10   HIGHEST GUST DIRECTION    SE (130)
  AVERAGE WIND SPEED     5.1


SKY COVER
  AVERAGE SKY COVER 0.0


WEATHER CONDITIONS
 THE FOLLOWING WEATHER WAS RECORDED YESTERDAY.
  HAZE


RELATIVE HUMIDITY (PERCENT)
 HIGHEST    84           200 AM
 LOWEST     44          1100 AM
 AVERAGE    64

..........................................................


THE LEWISTOWN MT CLIMATE NORMALS FOR TODAY
                         NORMAL    RECORD    YEAR
 MAXIMUM TEMPERATURE (F)   45        77      1910
 MINIMUM TEMPERATURE (F)   23       -11      1913


SUNRISE AND SUNSET
MARCH 20 2019.........SUNRISE   721 AM MDT   SUNSET   730 PM MDT
MARCH 21 2019.........SUNRISE   719 AM MDT   SUNSET   732 PM MDT


-  INDICATES NEGATIVE NUMBERS.
R  INDICATES RECORD WAS SET OR TIED.
MM INDICATES DATA IS MISSING.
T  INDICATES TRACE AMOUNT.




$$
