000
CDUS43 KILX 200631
CLILWV


CLIMATE REPORT
NATIONAL WEATHER SERVICE LINCOLN IL
130 AM CDT SUN MAY 20 2018


...................................

...THE LAWRENCEVILLE IL AIRPORT CLIMATE SUMMARY FOR MAY 19 2018...

CLIMATE NORMAL PERIOD 1981 TO 2010
CLIMATE RECORD PERIOD 9999 TO 9999


WEATHER ITEM   OBSERVED TIME   RECORD YEAR NORMAL DEPARTURE LAST
                VALUE   (LST)  VALUE       VALUE  FROM      YEAR
                                                  NORMAL
..................................................................
TEMPERATURE (F)
 YESTERDAY
  MAXIMUM         84    338 PM  MM      MM  78      6       88
  MINIMUM         69    543 AM  MM      MM  56     13       64
  AVERAGE         77                        67     10       76

PRECIPITATION (IN)
  YESTERDAY        0.25         MM      MM   0.19   0.06      T
  MONTH TO DATE    0.83                      3.83  -3.00     4.48
  SINCE MAR 1      8.63                     11.42  -2.79    12.24
  SINCE JAN 1     16.72                     15.81   0.91    16.39

DEGREE DAYS
 HEATING
  YESTERDAY        0                         2     -2        0
  MONTH TO DATE    0                        65    -65       87
  SINCE MAR 1   1139                       981    158      821
  SINCE JUL 1   4753                      4656     97     3876

 COOLING
  YESTERDAY       12                         4      8       11
  MONTH TO DATE  152                        50    102       73
  SINCE MAR 1    154                        76     78      120
  SINCE JAN 1    155                        76     79      120
..................................................................


WIND (MPH)
  HIGHEST WIND SPEED    20   HIGHEST WIND DIRECTION     W (260)
  HIGHEST GUST SPEED    25   HIGHEST GUST DIRECTION     W (280)
  AVERAGE WIND SPEED     8.1


SKY COVER
  POSSIBLE SUNSHINE  MM
  AVERAGE SKY COVER 0.5


WEATHER CONDITIONS
 THE FOLLOWING WEATHER WAS RECORDED YESTERDAY.
  HEAVY RAIN
  RAIN
  LIGHT RAIN
  FOG


RELATIVE HUMIDITY (PERCENT)
 HIGHEST   100           100 AM
 LOWEST     55           400 PM
 AVERAGE    78

..........................................................


THE LAWRENCEVILLE IL AIRPORT CLIMATE NORMALS FOR TODAY
                         NORMAL    RECORD    YEAR
 MAXIMUM TEMPERATURE (F)   78        MM        MM
 MINIMUM TEMPERATURE (F)   57        MM        MM


SUNRISE AND SUNSET
MAY 20 2018...........SUNRISE   534 AM CDT   SUNSET   800 PM CDT
MAY 21 2018...........SUNRISE   533 AM CDT   SUNSET   801 PM CDT


-  INDICATES NEGATIVE NUMBERS.
R  INDICATES RECORD WAS SET OR TIED.
MM INDICATES DATA IS MISSING.
T  INDICATES TRACE AMOUNT.




$$
