000
CDUS41 KRNK 250531
CLILYH


CLIMATE REPORT
NATIONAL WEATHER SERVICE BLACKSBURG VA
129 AM EDT TUE JUN 25 2019


...................................

...THE LYNCHBURG VA CLIMATE SUMMARY FOR JUNE 24 2019...

CLIMATE NORMAL PERIOD 1981 TO 2010
CLIMATE RECORD PERIOD 1893 TO 2019


WEATHER ITEM   OBSERVED TIME   RECORD YEAR NORMAL DEPARTURE LAST
                VALUE   (LST)  VALUE       VALUE  FROM      YEAR
                                                  NORMAL
..................................................................
TEMPERATURE (F)
 YESTERDAY
  MAXIMUM         91    228 PM  98    1930  85      6       90
                                      1914
  MINIMUM         63    513 AM  48    1918  62      1       67
  AVERAGE         77                        74      3       79

PRECIPITATION (IN)
  YESTERDAY        0.14          2.45 1905   0.11   0.03     0.00
  MONTH TO DATE    3.55                      2.95   0.60     4.80
  SINCE JUN 1      3.55                      2.95   0.60     4.80
  SINCE JAN 1     20.86                     19.64   1.22    29.65

SNOWFALL (IN)
  YESTERDAY        0.0                                       0.0
  MONTH TO DATE    0.0                                       0.0
  SINCE JUN 1      0.0                                       0.0
  SINCE JUL 1     21.0                                      13.9
  SNOW DEPTH       0

DEGREE DAYS
 HEATING
  YESTERDAY        0                         0      0        0
  MONTH TO DATE    2                        13    -11        0
  SINCE JUN 1      2                        13    -11        0
  SINCE JUL 1   4076                      4458   -382     4319

 COOLING
  YESTERDAY       12                         9      3       14
  MONTH TO DATE  143                       158    -15      229
  SINCE JUN 1    143                       158    -15      229
  SINCE JAN 1    355                       240    115      435
..................................................................


WIND (MPH)
  HIGHEST WIND SPEED    17   HIGHEST WIND DIRECTION     S (180)
  HIGHEST GUST SPEED    22   HIGHEST GUST DIRECTION     S (190)
  AVERAGE WIND SPEED     6.8


SKY COVER
  AVERAGE SKY COVER 0.2


WEATHER CONDITIONS
 THE FOLLOWING WEATHER WAS RECORDED YESTERDAY.
  RAIN
  LIGHT RAIN
  FOG


RELATIVE HUMIDITY (PERCENT)
 HIGHEST    93           500 AM
 LOWEST     52           400 PM
 AVERAGE    73

..........................................................


THE LYNCHBURG VA CLIMATE NORMALS FOR TODAY
                         NORMAL    RECORD    YEAR
 MAXIMUM TEMPERATURE (F)   86       101      1914
 MINIMUM TEMPERATURE (F)   63        50      1979


SUNRISE AND SUNSET
JUNE 25 2019..........SUNRISE   557 AM EDT   SUNSET   841 PM EDT
JUNE 26 2019..........SUNRISE   558 AM EDT   SUNSET   841 PM EDT


-  INDICATES NEGATIVE NUMBERS.
R  INDICATES RECORD WAS SET OR TIED.
MM INDICATES DATA IS MISSING.
T  INDICATES TRACE AMOUNT.




$$
