000
CDUS41 KRNK 262121
CLILYH


CLIMATE REPORT
NATIONAL WEATHER SERVICE BLACKSBURG VA
520 PM EDT TUE MAR 26 2019


...................................

...THE LYNCHBURG VA CLIMATE SUMMARY FOR MARCH 26 2019...
VALID TODAY AS OF 0500 PM LOCAL TIME.

CLIMATE NORMAL PERIOD 1981 TO 2010
CLIMATE RECORD PERIOD 1893 TO 2019


WEATHER ITEM   OBSERVED TIME   RECORD YEAR NORMAL DEPARTURE LAST
                VALUE   (LST)  VALUE       VALUE  FROM      YEAR
                                                  NORMAL
..................................................................
TEMPERATURE (F)
 TODAY
  MAXIMUM         55    219 PM  84    1921  62     -7       51
  MINIMUM         42    817 AM  18    1955  37      5       30
  AVERAGE         49                        49      0       41

PRECIPITATION (IN)
  TODAY            T             1.10 1901   0.12  -0.12     0.00
  MONTH TO DATE    3.50                      2.96   0.54     2.98
  SINCE MAR 1      3.50                      2.96   0.54     2.98
  SINCE JAN 1     11.15                      9.03   2.12    11.64

SNOWFALL (IN)
  TODAY            0.0                                       0.0
  MONTH TO DATE    1.4                                       7.7
  SINCE MAR 1      1.4                                       7.7
  SINCE JUL 1     21.0                                      13.4
  SNOW DEPTH       0

DEGREE DAYS
 HEATING
  TODAY           16                        16      0       24
  MONTH TO DATE  560                       520     40      654
  SINCE MAR 1    560                       520     40      654
  SINCE JUL 1   3778                      3944   -166     3882

 COOLING
  TODAY            0                         0      0        0
  MONTH TO DATE    0                         0      0        0
  SINCE MAR 1      0                         0      0        0
  SINCE JAN 1      0                         0      0        0
..................................................................


WIND (MPH)
  HIGHEST WIND SPEED    20   HIGHEST WIND DIRECTION    NE (30)
  HIGHEST GUST SPEED    25   HIGHEST GUST DIRECTION    NE (30)
  AVERAGE WIND SPEED    13.4


SKY COVER
  AVERAGE SKY COVER 0.7


WEATHER CONDITIONS
 THE FOLLOWING WEATHER WAS RECORDED TODAY.
  LIGHT RAIN


RELATIVE HUMIDITY (PERCENT)
 HIGHEST    86          1200 AM
 LOWEST     26           300 PM
 AVERAGE    56

..........................................................


THE LYNCHBURG VA CLIMATE NORMALS FOR TOMORROW
                         NORMAL    RECORD    YEAR
 MAXIMUM TEMPERATURE (F)   62        85      1921
 MINIMUM TEMPERATURE (F)   37        18      2001
                                             1955


SUNRISE AND SUNSET
MARCH 26 2019.........SUNRISE   712 AM EDT   SUNSET   734 PM EDT
MARCH 27 2019.........SUNRISE   710 AM EDT   SUNSET   735 PM EDT


-  INDICATES NEGATIVE NUMBERS.
R  INDICATES RECORD WAS SET OR TIED.
MM INDICATES DATA IS MISSING.
T  INDICATES TRACE AMOUNT.

$$

RAB
