000
CDUS44 KLZK 230634
CLILZK


CLIMATE REPORT
NATIONAL WEATHER SERVICE LITTLE ROCK AR
133 AM CDT SAT MAR 23 2019


...................................

...THE NORTH LITTLE ROCK CLIMATE SUMMARY FOR MARCH 22 2019...

CLIMATE NORMAL PERIOD 1981 TO 2010
CLIMATE RECORD PERIOD 1975 TO 2019


WEATHER ITEM   OBSERVED TIME   RECORD YEAR NORMAL DEPARTURE LAST
                VALUE   (LST)  VALUE       VALUE  FROM      YEAR
                                                  NORMAL
..................................................................
TEMPERATURE (F)
 YESTERDAY
  MAXIMUM         68    410 PM  83    1995  66      2       67
  MINIMUM         45    635 AM  25    2002  46     -1       40
  AVERAGE         57                        56      1       54

PRECIPITATION (IN)
  YESTERDAY        0.00          0.87 2005   0.16  -0.16     0.00
  MONTH TO DATE    3.40                      3.37   0.03     1.79
  SINCE MAR 1      3.40                      3.37   0.03     1.79
  SINCE JAN 1     15.47                     10.45   5.02    17.66

SNOWFALL (IN)
  YESTERDAY        0.0          MM      MM   0.0    0.0      0.0
  MONTH TO DATE    0.0                       0.4   -0.4      0.0
  SINCE MAR 1      0.0                       0.4   -0.4      0.0
  SINCE JUL 1      0.6                       4.4   -3.8      1.5
  SNOW DEPTH       0

DEGREE DAYS
 HEATING
  YESTERDAY        8                        10     -2       11
  MONTH TO DATE  392                       282    110      254
  SINCE MAR 1    392                       282    110      254
  SINCE JUL 1   2992                      2768    224     2701

 COOLING
  YESTERDAY        0                         1     -1        0
  MONTH TO DATE    0                         7     -7        2
  SINCE MAR 1      0                         7     -7        2
  SINCE JAN 1      5                         9     -4        5
..................................................................


WIND (MPH)
  HIGHEST WIND SPEED     7   HIGHEST WIND DIRECTION    NW (300)
  HIGHEST GUST SPEED    14   HIGHEST GUST DIRECTION    NE (30)
  AVERAGE WIND SPEED     5.0


SKY COVER
  POSSIBLE SUNSHINE  MM
  AVERAGE SKY COVER 0.0


WEATHER CONDITIONS
 THE FOLLOWING WEATHER WAS RECORDED YESTERDAY.
  HAZE


RELATIVE HUMIDITY (PERCENT)
 HIGHEST    71           700 AM
 LOWEST     32           300 PM
 AVERAGE    52

..........................................................


THE NORTH LITTLE ROCK CLIMATE NORMALS FOR TODAY
                         NORMAL    RECORD    YEAR
 MAXIMUM TEMPERATURE (F)   66        84      1995
 MINIMUM TEMPERATURE (F)   46        30      2002


SUNRISE AND SUNSET
MARCH 23 2019.........SUNRISE   709 AM CDT   SUNSET   723 PM CDT
MARCH 24 2019.........SUNRISE   707 AM CDT   SUNSET   724 PM CDT


-  INDICATES NEGATIVE NUMBERS.
R  INDICATES RECORD WAS SET OR TIED.
MM INDICATES DATA IS MISSING.
T  INDICATES TRACE AMOUNT.




$$
