000
CDUS44 KLZK 220639
CLILZK


CLIMATE REPORT
NATIONAL WEATHER SERVICE LITTLE ROCK AR
138 AM CDT WED MAY 22 2019


...................................

...THE NORTH LITTLE ROCK CLIMATE SUMMARY FOR MAY 21 2019...

CLIMATE NORMAL PERIOD 1981 TO 2010
CLIMATE RECORD PERIOD 1975 TO 2019


WEATHER ITEM   OBSERVED TIME   RECORD YEAR NORMAL DEPARTURE LAST
                VALUE   (LST)  VALUE       VALUE  FROM      YEAR
                                                  NORMAL
..................................................................
TEMPERATURE (F)
 YESTERDAY
  MAXIMUM         86    235 PM  90    2004  82      4       80
  MINIMUM         59   1125 PM  50    1981  63     -4       68
  AVERAGE         73                        72      1       74

PRECIPITATION (IN)
  YESTERDAY        1.38          2.51 2013   0.15   1.23     0.32
  MONTH TO DATE    8.78                      3.55   5.23     1.63
  SINCE MAR 1     23.19                     13.11  10.08    10.77
  SINCE JAN 1     35.26                     20.19  15.07    26.64

SNOWFALL (IN)
  YESTERDAY        0.0          MM      MM   0.0    0.0      0.0
  MONTH TO DATE    0.0                       0.0    0.0      0.0
  SINCE MAR 1      T                         0.4   -0.4       T
  SINCE JUL 1      0.6                       4.4   -3.8      1.5
  SNOW DEPTH       0

DEGREE DAYS
 HEATING
  YESTERDAY        0                         0      0        0
  MONTH TO DATE   23                        21      2        0
  SINCE MAR 1    628                       517    111      590
  SINCE JUL 1   3228                      3003    225     3037

 COOLING
  YESTERDAY        8                         8      0        9
  MONTH TO DATE   90                       118    -28      210
  SINCE MAR 1    135                       205    -70      227
  SINCE JAN 1    140                       207    -67      230
..................................................................


WIND (MPH)
  HIGHEST WIND SPEED    20   HIGHEST WIND DIRECTION    SE (150)
  HIGHEST GUST SPEED    36   HIGHEST GUST DIRECTION    SE (150)
  AVERAGE WIND SPEED     9.0


SKY COVER
  POSSIBLE SUNSHINE  MM
  AVERAGE SKY COVER 0.0


WEATHER CONDITIONS
 THE FOLLOWING WEATHER WAS RECORDED YESTERDAY.
  THUNDERSTORM
  HEAVY RAIN
  RAIN
  LIGHT RAIN
  FOG


RELATIVE HUMIDITY (PERCENT)
 HIGHEST   100           900 PM
 LOWEST     57           200 PM
 AVERAGE    79

..........................................................


THE NORTH LITTLE ROCK CLIMATE NORMALS FOR TODAY
                         NORMAL    RECORD    YEAR
 MAXIMUM TEMPERATURE (F)   82        92      1998
 MINIMUM TEMPERATURE (F)   63        49      2015


SUNRISE AND SUNSET
MAY 22 2019...........SUNRISE   601 AM CDT   SUNSET   810 PM CDT
MAY 23 2019...........SUNRISE   601 AM CDT   SUNSET   811 PM CDT


-  INDICATES NEGATIVE NUMBERS.
R  INDICATES RECORD WAS SET OR TIED.
MM INDICATES DATA IS MISSING.
T  INDICATES TRACE AMOUNT.




$$
