000
CDUS46 KHNX 210027
CLIMAE


CLIMATE REPORT
NATIONAL WEATHER SERVICE SAN JOAQUIN VALLEY, CA
526 PM PDT MON MAY 20 2019


...................................

...THE MADERA CA CLIMATE SUMMARY FOR MAY 20 2019...
VALID AS OF 0500 PM LOCAL TIME.

CLIMATE NORMAL PERIOD 1981 TO 2010
CLIMATE RECORD PERIOD 1998 TO 2019


WEATHER ITEM   OBSERVED TIME   RECORD YEAR NORMAL DEPARTURE LAST
                VALUE   (LST)  VALUE       VALUE  FROM      YEAR
                                                  NORMAL
..................................................................
TEMPERATURE (F)
 TODAY
  MAXIMUM         73    324 PM  98    2001  85    -12       79
  MINIMUM         47R   509 AM  49    2014  52     -5       51
                                      2011
                                      2004
  AVERAGE         60                        68     -8       65

PRECIPITATION (IN)
  TODAY            0.00          0.32 2002   0.01  -0.01     0.00
  MONTH TO DATE    1.07                      0.42   0.65     0.00
  SINCE OCT 1     10.91                     11.48  -0.57     7.22
  SINCE JAN 1      7.92                      7.75   0.17     6.81

SNOWFALL (IN)
  TODAY            0.0
  MONTH TO DATE    0.0
  SINCE MAR 1      0.0
  SINCE JUL 1      0.0
  SNOW DEPTH       0

DEGREE DAYS
 HEATING
  TODAY            5                                         0
  MONTH TO DATE   23                                         6
  SINCE MAR 1    301                                       436
  SINCE JUL 1   1743                                      2133

 COOLING
  TODAY            0                                         0
  MONTH TO DATE   70                                        58
  SINCE MAR 1    164                                        88
  SINCE JAN 1    164                                        88
..................................................................


WIND (MPH)
  HIGHEST WIND SPEED    13   HIGHEST WIND DIRECTION    NW (300)
  HIGHEST GUST SPEED    18   HIGHEST GUST DIRECTION     W (280)
  AVERAGE WIND SPEED     4.6




RELATIVE HUMIDITY (PERCENT)
 HIGHEST    93
 LOWEST     35
 AVERAGE    64

..........................................................


THE MADERA CA CLIMATE NORMALS FOR TOMORROW
                         NORMAL    RECORD    YEAR
 MAXIMUM TEMPERATURE (F)   85       102      2000
 MINIMUM TEMPERATURE (F)   52        45      1999


SUNRISE AND SUNSET
MAY 20 2019...........SUNRISE   549 AM PDT   SUNSET   806 PM PDT
MAY 21 2019...........SUNRISE   548 AM PDT   SUNSET   806 PM PDT


-  INDICATES NEGATIVE NUMBERS.
R  INDICATES RECORD WAS SET OR TIED.
MM INDICATES DATA IS MISSING.
T  INDICATES TRACE AMOUNT.




$$
