000
CDUS46 KHNX 200826
CLIMAE


CLIMATE REPORT
NATIONAL WEATHER SERVICE SAN JOAQUIN VALLEY, CA
125 AM PDT WED MAR 20 2019


...................................

...THE MADERA CA AIRPORT CLIMATE SUMMARY FOR MARCH 19 2019...

CLIMATE NORMAL PERIOD 1981 TO 2010
CLIMATE RECORD PERIOD 1998 TO 2019


WEATHER ITEM   OBSERVED TIME   RECORD YEAR NORMAL DEPARTURE LAST
                VALUE   (LST)  VALUE       VALUE  FROM      YEAR
                                                  NORMAL
..................................................................
TEMPERATURE (F)
 YESTERDAY
  MAXIMUM         79    305 PM  84    2004  67     12
  MINIMUM         50    516 AM  34    2018  42      8
                                      2002
  AVERAGE         65                        54     11       52

PRECIPITATION (IN)
  YESTERDAY        0.11          0.37 2005   0.04   0.07
  MONTH TO DATE    1.20                      1.31  -0.11
  SINCE OCT 1      8.77                      9.62  -0.85
  SINCE JAN 1      5.78                      5.89  -0.11

SNOWFALL (IN)
  YESTERDAY        0.0
  MONTH TO DATE    0.0
  SINCE MAR 1      0.0
  SINCE JUL 1      0.0
  SNOW DEPTH       0

DEGREE DAYS
 HEATING
  YESTERDAY        0
  MONTH TO DATE  155
  SINCE MAR 1    155
  SINCE JUL 1   1597

 COOLING
  YESTERDAY        0
  MONTH TO DATE    1
  SINCE MAR 1      1
  SINCE JAN 1      1
..................................................................


WIND (MPH)
  HIGHEST WIND SPEED    18   HIGHEST WIND DIRECTION    SW (220)
  HIGHEST GUST SPEED    23   HIGHEST GUST DIRECTION    SW (220)
  AVERAGE WIND SPEED     4.5




RELATIVE HUMIDITY (PERCENT)
 HIGHEST    83
 LOWEST     30
 AVERAGE    57

..........................................................


THE MADERA CA AIRPORT CLIMATE NORMALS FOR TODAY
                         NORMAL    RECORD    YEAR
 MAXIMUM TEMPERATURE (F)   67        84      2004
 MINIMUM TEMPERATURE (F)   42        37      2006


SUNRISE AND SUNSET
MARCH 20 2019.........SUNRISE   704 AM PDT   SUNSET   712 PM PDT
MARCH 21 2019.........SUNRISE   703 AM PDT   SUNSET   713 PM PDT


-  INDICATES NEGATIVE NUMBERS.
R  INDICATES RECORD WAS SET OR TIED.
MM INDICATES DATA IS MISSING.
T  INDICATES TRACE AMOUNT.




$$
