000
CDUS44 KMAF 250741
CLIMAF


CLIMATE REPORT
NATIONAL WEATHER SERVICE MIDLAND TX
240 AM CDT SAT MAY 25 2019


...................................

...THE MIDLAND CLIMATE SUMMARY FOR MAY 24 2019...

CLIMATE NORMAL PERIOD 1981 TO 2010
CLIMATE RECORD PERIOD 1930 TO 2019


WEATHER ITEM   OBSERVED TIME   RECORD YEAR NORMAL DEPARTURE LAST
                VALUE   (LST)  VALUE       VALUE  FROM      YEAR
                                                  NORMAL
..................................................................
TEMPERATURE (F)
 YESTERDAY
  MAXIMUM         86    126 PM 108    2000  90     -4       93
                                      1989
  MINIMUM         72   1159 PM  48    1940  62     10       66
  AVERAGE         79                        76      3       80

PRECIPITATION (IN)
  YESTERDAY        0.00          1.86 2003   0.07  -0.07     0.00
  MONTH TO DATE    3.85                      1.22   2.63     0.68
  SINCE MAR 1      6.80                      2.47   4.33     0.79
  SINCE JAN 1      6.94                      3.74   3.20     0.84

DEGREE DAYS
 COOLING
  YESTERDAY       14                        11      3       15
  MONTH TO DATE  154                       198    -44      367
  SINCE MAR 1    303                       304     -1      527
  SINCE JAN 1    306                       306      0      534
..................................................................


WIND (MPH)
  HIGHEST WIND SPEED    32   HIGHEST WIND DIRECTION     S (160)
  HIGHEST GUST SPEED    40   HIGHEST GUST DIRECTION     S (160)
  AVERAGE WIND SPEED    17.0


SKY COVER
  POSSIBLE SUNSHINE  MM
  AVERAGE SKY COVER 0.5


WEATHER CONDITIONS
 THE FOLLOWING WEATHER WAS RECORDED YESTERDAY.
  NO SIGNIFICANT WEATHER WAS OBSERVED.


RELATIVE HUMIDITY (PERCENT)
 HIGHEST    82           100 AM
 LOWEST     61           100 PM
 AVERAGE    72

..........................................................


THE MIDLAND CLIMATE NORMALS FOR TODAY
                         NORMAL    RECORD    YEAR
 MAXIMUM TEMPERATURE (F)   90       105      1990
 MINIMUM TEMPERATURE (F)   62        50      1954


SUNRISE AND SUNSET
MAY 25 2019...........SUNRISE   646 AM CDT   SUNSET   846 PM CDT
MAY 26 2019...........SUNRISE   646 AM CDT   SUNSET   846 PM CDT


-  INDICATES NEGATIVE NUMBERS.
R  INDICATES RECORD WAS SET OR TIED.
MM INDICATES DATA IS MISSING.
T  INDICATES TRACE AMOUNT.




$$
