000
CDUS44 KMAF 230736
CLIMAF


CLIMATE REPORT
NATIONAL WEATHER SERVICE MIDLAND TX
235 AM CDT SAT MAR 23 2019


...................................

...THE MIDLAND CLIMATE SUMMARY FOR MARCH 22 2019...

CLIMATE NORMAL PERIOD 1981 TO 2010
CLIMATE RECORD PERIOD 1930 TO 2019


WEATHER ITEM   OBSERVED TIME   RECORD YEAR NORMAL DEPARTURE LAST
                VALUE   (LST)  VALUE       VALUE  FROM      YEAR
                                                  NORMAL
..................................................................
TEMPERATURE (F)
 YESTERDAY
  MAXIMUM         70    428 PM  91    2018  72     -2       91
                                      2017
                                      1934
  MINIMUM         50    307 AM  22    1989  42      8       55
  AVERAGE         60                        57      3       73

PRECIPITATION (IN)
  YESTERDAY        0.12          0.93 1967   0.02   0.10     0.00
  MONTH TO DATE    0.80                      0.41   0.39     0.01
  SINCE MAR 1      0.80                      0.41   0.39     0.01
  SINCE JAN 1      0.94                      1.68  -0.74     0.06

SNOWFALL (IN)
  YESTERDAY        0.0
  MONTH TO DATE    0.0
  SINCE MAR 1      0.0
  SINCE JUL 1      T
  SNOW DEPTH       0

DEGREE DAYS
 HEATING
  YESTERDAY        5                         9     -4        0
  MONTH TO DATE  311                       240     71      129
  SINCE MAR 1    311                       240     71      129
  SINCE JUL 1   2428                      2477    -49     2060

 COOLING
  YESTERDAY        0                         1     -1        8
  MONTH TO DATE    1                         5     -4       23
  SINCE MAR 1      1                         5     -4       23
  SINCE JAN 1      4                         7     -3       30
..................................................................


WIND (MPH)
  HIGHEST WIND SPEED    45   HIGHEST WIND DIRECTION    SE (120)
  HIGHEST GUST SPEED    53   HIGHEST GUST DIRECTION    SE (120)
  AVERAGE WIND SPEED    15.7


SKY COVER
  POSSIBLE SUNSHINE  MM
  AVERAGE SKY COVER 0.5


WEATHER CONDITIONS
 THE FOLLOWING WEATHER WAS RECORDED YESTERDAY.
  THUNDERSTORM
  RAIN
  LIGHT RAIN
  FOG


RELATIVE HUMIDITY (PERCENT)
 HIGHEST    93           700 AM
 LOWEST     57           500 PM
 AVERAGE    75

..........................................................


THE MIDLAND CLIMATE NORMALS FOR TODAY
                         NORMAL    RECORD    YEAR
 MAXIMUM TEMPERATURE (F)   72        90      2018
                                             2009
                                             1998
 MINIMUM TEMPERATURE (F)   43        20      1952


SUNRISE AND SUNSET
MARCH 23 2019.........SUNRISE   749 AM CDT   SUNSET   802 PM CDT
MARCH 24 2019.........SUNRISE   748 AM CDT   SUNSET   803 PM CDT


-  INDICATES NEGATIVE NUMBERS.
R  INDICATES RECORD WAS SET OR TIED.
MM INDICATES DATA IS MISSING.
T  INDICATES TRACE AMOUNT.




$$
