000
CDUS42 KTAE 242138
CLIMAI


CLIMATE REPORT
NATIONAL WEATHER SERVICE TALLAHASSEE FL
538 PM EDT FRI MAY 24 2019


...................................

...THE MARIANNA CLIMATE SUMMARY FOR MAY 24 2019...
VALID TODAY AS OF 0500 PM LOCAL TIME.

CLIMATE NORMAL PERIOD 1981 TO 2010
CLIMATE RECORD PERIOD 1950 TO 2019


WEATHER ITEM   OBSERVED NORMAL DEPARTURE LAST
                VALUE   VALUE  FROM      YEAR
                               NORMAL
...............................................
TEMPERATURE (F)
 TODAY
  MAXIMUM         95     88      7       89
  MINIMUM         69     66      3       69
  AVERAGE         82

PRECIPITATION (IN)
  TODAY            0.00   0.11  -0.11     0.01
  MONTH TO DATE    1.31   2.05  -0.74     1.02
  SINCE MAR 1      8.75  11.30  -2.55     7.27
  SINCE JAN 1     15.59  21.28  -5.69    21.41

...............................................







THE MARIANNA CLIMATE NORMALS FOR TOMORROW
                         NORMAL
 MAXIMUM TEMPERATURE (F)   88
 MINIMUM TEMPERATURE (F)   66



-  INDICATES NEGATIVE NUMBERS.
R  INDICATES RECORD WAS SET OR TIED.
MM INDICATES DATA IS MISSING.
T  INDICATES TRACE AMOUNT.




$$
