000
CDUS42 KTAE 250631
CLIMAI


CLIMATE REPORT
NATIONAL WEATHER SERVICE TALLAHASSEE FL
230 AM EDT MON MAR 25 2019


...................................

...THE MARIANNA CLIMATE SUMMARY FOR MARCH 24 2019...

CLIMATE NORMAL PERIOD 1981 TO 2010
CLIMATE RECORD PERIOD 1950 TO 2019


WEATHER ITEM   OBSERVED NORMAL DEPARTURE LAST
                VALUE   VALUE  FROM      YEAR
                               NORMAL
...............................................
TEMPERATURE (F)
 YESTERDAY
  MAXIMUM         79     74      5       81
  MINIMUM         43     49     -6       49
  AVERAGE         61     62     -1       65

PRECIPITATION (IN)
  YESTERDAY        0.00   0.18  -0.18      T
  MONTH TO DATE    3.30   4.03  -0.73     3.73
  SINCE MAR 1      3.30   4.03  -0.73     3.73
  SINCE JAN 1     10.14  14.01  -3.87    17.87

DEGREE DAYS
 HEATING
  YESTERDAY        4             0
  MONTH TO DATE  144            -8
  SINCE MAR 1    144            -8
  SINCE JUL 1   1197          -360

 COOLING
  YESTERDAY        0            -1
  MONTH TO DATE   43            19
  SINCE MAR 1     43            19
  SINCE JAN 1    116            77
...............................................


WIND (MPH)
  HIGHEST WIND SPEED    18   HIGHEST WIND DIRECTION     S (180)
  HIGHEST GUST SPEED    23   HIGHEST GUST DIRECTION     S (180)
  AVERAGE WIND SPEED     5.5




RELATIVE HUMIDITY (PERCENT)
 HIGHEST    93
 LOWEST     30
 AVERAGE    62

..........................................................




SUNRISE AND SUNSET
MARCH 25 2019.........SUNRISE   639 AM CDT   SUNSET   655 PM CDT
MARCH 26 2019.........SUNRISE   637 AM CDT   SUNSET   656 PM CDT


-  INDICATES NEGATIVE NUMBERS.
R  INDICATES RECORD WAS SET OR TIED.
MM INDICATES DATA IS MISSING.
T  INDICATES TRACE AMOUNT.




$$
