000
CDUS43 KABR 172234
CLIMBG


CLIMATE REPORT
NATIONAL WEATHER SERVICE ABERDEEN SD
533 PM CDT MON JUN 17 2019


...................................

...THE MOBRIDGE SD CLIMATE SUMMARY FOR JUNE 17 2019...
VALID TODAY AS OF 0500 PM LOCAL TIME.

CLIMATE NORMAL PERIOD 1981 TO 2010
CLIMATE RECORD PERIOD 1911 TO 2019


WEATHER ITEM   OBSERVED TIME   RECORD YEAR NORMAL DEPARTURE
                VALUE   (LST)  VALUE       VALUE  FROM
                                                  NORMAL
...............................................................
TEMPERATURE (F)
 TODAY
  MAXIMUM         73    347 PM 105    1931  78     -5
  MINIMUM         55    611 AM  39    1915  54      1
  AVERAGE         64                        66     -2

PRECIPITATION (IN)
  TODAY            0.22          1.72 1998   0.11   0.11
  MONTH TO DATE    0.24                      2.05  -1.81
  SINCE JUN 1      0.24                      2.05  -1.81
  SINCE JAN 1      8.98                      8.07   0.91

SNOWFALL (IN)
  TODAY            0.0
  MONTH TO DATE    0.0
  SINCE OCT 1     86.8
  SINCE JUL 1     86.8
  SNOW DEPTH       0

DEGREE DAYS
 HEATING
  TODAY            1                               -1
  MONTH TO DATE   25                              -33
  SINCE JUN 1     25                              -33
  SINCE JUL 1   8547                              605

 COOLING
  TODAY            0                               -3
  MONTH TO DATE   54                               18
  SINCE JUN 1     54                               18
  SINCE JAN 1     68                               16
...............................................................


WIND (MPH)
  HIGHEST WIND SPEED    13   HIGHEST WIND DIRECTION     N (350)
  HIGHEST GUST SPEED    20   HIGHEST GUST DIRECTION     N (20)
  AVERAGE WIND SPEED     6.9


SKY COVER
  AVERAGE SKY COVER 0.6


WEATHER CONDITIONS
 THE FOLLOWING WEATHER WAS RECORDED TODAY.
  HEAVY RAIN
  LIGHT RAIN
  FOG


RELATIVE HUMIDITY (PERCENT)
 HIGHEST    86
 LOWEST     41
 AVERAGE    64

..........................................................


THE MOBRIDGE SD CLIMATE NORMALS FOR TOMORROW
                         NORMAL    RECORD    YEAR
 MAXIMUM TEMPERATURE (F)   79       109      1933
 MINIMUM TEMPERATURE (F)   55        41      2004
                                             1915


SUNRISE AND SUNSET
JUNE 17 2019..........SUNRISE   552 AM CDT   SUNSET   933 PM CDT
JUNE 18 2019..........SUNRISE   552 AM CDT   SUNSET   933 PM CDT


-  INDICATES NEGATIVE NUMBERS.
R  INDICATES RECORD WAS SET OR TIED.
MM INDICATES DATA IS MISSING.
T  INDICATES TRACE AMOUNT.




$$
