000
CDUS43 KABR 260707
CLIMBG


CLIMATE REPORT
NATIONAL WEATHER SERVICE ABERDEEN SD
205 AM CDT TUE MAR 26 2019


...................................

...THE MOBRIDGE SD CLIMATE SUMMARY FOR MARCH 25 2019...

CLIMATE NORMAL PERIOD 1981 TO 2010
CLIMATE RECORD PERIOD 1911 TO 2019


WEATHER ITEM   OBSERVED TIME   RECORD YEAR NORMAL DEPARTURE LAST
                VALUE   (LST)  VALUE       VALUE  FROM      YEAR
                                                  NORMAL
..................................................................
TEMPERATURE (F)
 YESTERDAY
  MAXIMUM         35    827 PM  78    1939  47    -12
  MINIMUM         26    548 AM  -8    1964  25      1
  AVERAGE         31                        36     -5

PRECIPITATION (IN)
  YESTERDAY        0.00          0.76 1942   0.03  -0.03
  MONTH TO DATE    0.93                      0.69   0.24
  SINCE MAR 1      0.93                      0.69   0.24
  SINCE JAN 1      3.33                      1.42   1.91

SNOWFALL (IN)
  YESTERDAY        0.0           8.0  1942  MM     MM        0.0
  MONTH TO DATE   18.1                      MM     MM       11.6
  SINCE OCT 1     76.2                      MM     MM       39.3
  SINCE JUL 1     76.2                      MM     MM       39.3
  SNOW DEPTH      15

DEGREE DAYS
 HEATING
  YESTERDAY       34                                5
  MONTH TO DATE 1133                              271
  SINCE MAR 1   1133                              271
  SINCE JUL 1   7375                              538

 COOLING
  YESTERDAY        0                                0
  MONTH TO DATE    0                                0
  SINCE MAR 1      0                                0
  SINCE JAN 1      0                                0
..................................................................


WIND (MPH)
  HIGHEST WIND SPEED    14   HIGHEST WIND DIRECTION     E (80)
  HIGHEST GUST SPEED    18   HIGHEST GUST DIRECTION     E (80)
  AVERAGE WIND SPEED     6.3


SKY COVER
  AVERAGE SKY COVER 1.0


WEATHER CONDITIONS
 THE FOLLOWING WEATHER WAS RECORDED YESTERDAY.
  FOG


RELATIVE HUMIDITY (PERCENT)
 HIGHEST    82
 LOWEST     66
 AVERAGE    74

..........................................................


THE MOBRIDGE SD CLIMATE NORMALS FOR TODAY
                         NORMAL    RECORD    YEAR
 MAXIMUM TEMPERATURE (F)   48        74      1918
                                             1946
 MINIMUM TEMPERATURE (F)   25        -7      1996


SUNRISE AND SUNSET
MARCH 26 2019.........SUNRISE   734 AM CDT   SUNSET   802 PM CDT
MARCH 27 2019.........SUNRISE   732 AM CDT   SUNSET   803 PM CDT


-  INDICATES NEGATIVE NUMBERS.
R  INDICATES RECORD WAS SET OR TIED.
MM INDICATES DATA IS MISSING.
T  INDICATES TRACE AMOUNT.




$$
