000
CDUS43 KDTX 200539
CLIMBS


CLIMATE REPORT
NATIONAL WEATHER SERVICE DETROIT/PONTIAC MI
138 AM EDT WED MAR 20 2019


...................................

...THE TRI CITIES MI CLIMATE SUMMARY FOR MARCH 19 2019...

CLIMATE NORMAL PERIOD 1981 TO 2010
CLIMATE RECORD PERIOD 1898 TO 2019


WEATHER ITEM   OBSERVED TIME   NORMAL DEPARTURE LAST
                VALUE   (LST)  VALUE  FROM      YEAR
                                      NORMAL
......................................................
TEMPERATURE (F)
 YESTERDAY
  MAXIMUM         47    507 PM  43      4       34
  MINIMUM         27    714 AM  26      1       24
  AVERAGE         37            35      2

PRECIPITATION (IN)
  YESTERDAY        0.00          0.06  -0.06
  MONTH TO DATE    1.08          1.25  -0.17
  SINCE MAR 1      1.08          1.25  -0.17
  SINCE JAN 1      4.17          4.57  -0.40

SNOWFALL (IN)
  YESTERDAY        0.0           0.2   -0.2      0.0
  MONTH TO DATE    1.9           4.8   -2.9      4.8
  SINCE MAR 1      1.9           4.8   -2.9      4.8
  SINCE JUL 1     41.9          38.2    3.7     35.9
  SNOW DEPTH       0

DEGREE DAYS
 HEATING
  YESTERDAY       28                   -2
  MONTH TO DATE  731                   93
  SINCE MAR 1    731                   93
  SINCE JUL 1   5811                   74

 COOLING
  YESTERDAY        0                    0
  MONTH TO DATE    0                    0
  SINCE MAR 1      0                    0
  SINCE JAN 1      0                    0
......................................................


WIND (MPH)
  HIGHEST WIND SPEED    20   HIGHEST WIND DIRECTION    SW (230)
  HIGHEST GUST SPEED    25   HIGHEST GUST DIRECTION    SW (240)
  AVERAGE WIND SPEED     8.7



WEATHER CONDITIONS
 THE FOLLOWING WEATHER WAS RECORDED YESTERDAY.
  FOG
  HAZE


RELATIVE HUMIDITY (PERCENT)
 HIGHEST    84
 LOWEST     45
 AVERAGE    65

..........................................................


THE TRI CITIES MI CLIMATE NORMALS FOR TODAY
                         NORMAL
 MAXIMUM TEMPERATURE (F)   44
 MINIMUM TEMPERATURE (F)   27


SUNRISE AND SUNSET
MARCH 20 2019.........SUNRISE   740 AM EDT   SUNSET   748 PM EDT
MARCH 21 2019.........SUNRISE   738 AM EDT   SUNSET   750 PM EDT


-  INDICATES NEGATIVE NUMBERS.
R  INDICATES RECORD WAS SET OR TIED.
MM INDICATES DATA IS MISSING.
T  INDICATES TRACE AMOUNT.




$$
