000
CDUS43 KDTX 202028
CLIMBS


CLIMATE REPORT
NATIONAL WEATHER SERVICE DETROIT/PONTIAC MI
427 PM EDT MON MAY 20 2019


...................................

...THE TRI CITIES MI CLIMATE SUMMARY FOR MAY 20 2019...
VALID TODAY AS OF 0400 PM LOCAL TIME.

CLIMATE NORMAL PERIOD 1981 TO 2010
CLIMATE RECORD PERIOD 1898 TO 2019


WEATHER ITEM   OBSERVED TIME   NORMAL DEPARTURE LAST
                VALUE   (LST)  VALUE  FROM      YEAR
                                      NORMAL
......................................................
TEMPERATURE (F)
 TODAY
  MAXIMUM         59   1224 AM  69    -10       61
  MINIMUM         47    701 AM  48     -1       49
  AVERAGE         53            59     -6       55

PRECIPITATION (IN)
  TODAY            0.00          0.12  -0.12     0.00
  MONTH TO DATE    1.50          2.21  -0.71     2.85
  SINCE MAR 1      4.79          7.16  -2.37     6.08
  SINCE JAN 1      7.88         10.48  -2.60    10.01

SNOWFALL (IN)
  TODAY            0.0           0.0    0.0      0.0
  MONTH TO DATE    0.0           0.0    0.0      0.0
  SINCE MAR 1      4.0           8.1   -4.1     10.3
  SINCE JUL 1     44.0          41.5    2.5     41.4
  SNOW DEPTH       0

DEGREE DAYS
 HEATING
  TODAY           12             8      4       10
  MONTH TO DATE  242           207     35      121
  SINCE MAR 1   1857          1748    109     1890
  SINCE JUL 1   6937          6847     90     6746

 COOLING
  TODAY            0             1     -1        0
  MONTH TO DATE    0            12    -12       19
  SINCE MAR 1      0            16    -16       19
  SINCE JAN 1      0            16    -16       19
......................................................


WIND (MPH)
  HIGHEST WIND SPEED    28   HIGHEST WIND DIRECTION     W (250)
  HIGHEST GUST SPEED    32   HIGHEST GUST DIRECTION     W (250)
  AVERAGE WIND SPEED    17.6


SKY COVER
  AVERAGE SKY COVER 0.9


WEATHER CONDITIONS
 THE FOLLOWING WEATHER WAS RECORDED TODAY.
  NO SIGNIFICANT WEATHER WAS OBSERVED.


..........................................................


THE TRI CITIES MI CLIMATE NORMALS FOR TOMORROW
                         NORMAL
 MAXIMUM TEMPERATURE (F)   70
 MINIMUM TEMPERATURE (F)   48


SUNRISE AND SUNSET
MAY 20 2019...........SUNRISE   607 AM EDT   SUNSET   859 PM EDT
MAY 21 2019...........SUNRISE   606 AM EDT   SUNSET   900 PM EDT


-  INDICATES NEGATIVE NUMBERS.
R  INDICATES RECORD WAS SET OR TIED.
MM INDICATES DATA IS MISSING.
T  INDICATES TRACE AMOUNT.




$$
