000
CDUS46 KHNX 220826
CLIMCE


CLIMATE REPORT
NATIONAL WEATHER SERVICE SAN JOAQUIN VALLEY, CA
125 AM PDT FRI MAR 22 2019


...................................

...THE MERCED CA AIRPORT CLIMATE SUMMARY FOR MARCH 21 2019...

CLIMATE NORMAL PERIOD 1981 TO 2010
CLIMATE RECORD PERIOD 1998 TO 2019


WEATHER ITEM   OBSERVED TIME   RECORD YEAR NORMAL DEPARTURE LAST
                VALUE   (LST)  VALUE       VALUE  FROM      YEAR
                                                  NORMAL
..................................................................
TEMPERATURE (F)
 YESTERDAY
  MAXIMUM         65    409 PM  79    2004  66     -1
  MINIMUM         44    621 AM  33    2000  42      2
  AVERAGE         55                        54      1       59

PRECIPITATION (IN)
  YESTERDAY        0.00          0.39 2018   0.04  -0.04
  MONTH TO DATE    1.67                      1.54   0.13
  SINCE OCT 1     11.21                     10.00   1.21
  SINCE JAN 1      7.34                      6.49   0.85

SNOWFALL (IN)
  YESTERDAY        0.0
  MONTH TO DATE    0.0
  SINCE MAR 1      0.0
  SINCE JUL 1      0.0
  SNOW DEPTH       0

DEGREE DAYS
 HEATING
  YESTERDAY       10
  MONTH TO DATE  239
  SINCE MAR 1    239
  SINCE JUL 1   2086

 COOLING
  YESTERDAY        0
  MONTH TO DATE    0
  SINCE MAR 1      0
  SINCE JAN 1      0
..................................................................


WIND (MPH)
  HIGHEST WIND SPEED    14   HIGHEST WIND DIRECTION    NW (320)
  HIGHEST GUST SPEED    18   HIGHEST GUST DIRECTION    NW (320)
  AVERAGE WIND SPEED     5.6




RELATIVE HUMIDITY (PERCENT)
 HIGHEST    93
 LOWEST     44
 AVERAGE    69

..........................................................


THE MERCED CA AIRPORT CLIMATE NORMALS FOR TODAY
                         NORMAL    RECORD    YEAR
 MAXIMUM TEMPERATURE (F)   66        80      2004
 MINIMUM TEMPERATURE (F)   42        34      2008


SUNRISE AND SUNSET
MARCH 22 2019.........SUNRISE   703 AM PDT   SUNSET   716 PM PDT
MARCH 23 2019.........SUNRISE   702 AM PDT   SUNSET   717 PM PDT


-  INDICATES NEGATIVE NUMBERS.
R  INDICATES RECORD WAS SET OR TIED.
MM INDICATES DATA IS MISSING.
T  INDICATES TRACE AMOUNT.




$$
