509
CDAK49 PAFG 230951
CLIMCG

CLIMATE REPORT
NATIONAL WEATHER SERVICE FAIRBANKS AK
151 AM AKDT MON APR 23 2018


...................................

...THE MCGRATH AK CLIMATE SUMMARY FOR APRIL 22 2018...

CLIMATE NORMAL PERIOD 1981 TO 2010
CLIMATE RECORD PERIOD 1946 TO 2018


WEATHER ITEM   OBSERVED TIME   RECORD YEAR NORMAL DEPARTURE LAST
                VALUE   (LST)  VALUE       VALUE  FROM      YEAR
                                                  NORMAL
..................................................................
TEMPERATURE (F)
 YESTERDAY
  MAXIMUM         48    326 PM  60    2007  45      3       54
  MINIMUM         15    557 AM  -6    1972  24     -9       24
  AVERAGE         32                        35     -3       39

PRECIPITATION (IN)
  YESTERDAY        0.00          1.03 1960   0.03  -0.03     0.00
  MONTH TO DATE    0.13                      0.53  -0.40     0.11
  SINCE MAR 1      1.12                      1.34  -0.22     0.11
  SINCE JAN 1      2.80                      3.37  -0.57     1.31

SNOWFALL (IN)
  YESTERDAY        0.0           8.5  1960   0.1   -0.1      0.0
  MONTH TO DATE    2.5                       4.2   -1.7      2.6
  SINCE MAR 1     20.6                      15.5    5.1      2.6
  SINCE JUL 1     83.1                      95.5  -12.4     51.3
  SNOW DEPTH      11

DEGREE DAYS
 HEATING
  YESTERDAY       33                        31      2       26
  MONTH TO DATE  745                       839    -94      673
  SINCE MAR 1   2187                      2494   -307     2596
  SINCE JUL 1  10689                     12726  -2037    12354

 COOLING
  YESTERDAY        0                         0      0        0
  MONTH TO DATE    0                         0      0        0
  SINCE MAR 1      0                         0      0        0
  SINCE JAN 1      0                         0      0        0
..................................................................


WIND (MPH)
  HIGHEST GUST SPEED    25   HIGHEST GUST DIRECTION     E (80)


SKY COVER
  AVERAGE SKY COVER 0.0


WEATHER CONDITIONS
 THE FOLLOWING WEATHER WAS RECORDED YESTERDAY.
  HAZE


RELATIVE HUMIDITY (PERCENT)
 HIGHEST    80
 LOWEST     31
 AVERAGE    56

..........................................................


THE MCGRATH AK CLIMATE NORMALS FOR TODAY
                         NORMAL    RECORD    YEAR
 MAXIMUM TEMPERATURE (F)   46        62      2007
 MINIMUM TEMPERATURE (F)   25        -9      1948


SUNRISE AND SUNSET
APRIL 23 2018.........SUNRISE   628 AM AKDT  SUNSET  1016 PM AKDT
APRIL 24 2018.........SUNRISE   625 AM AKDT  SUNSET  1019 PM AKDT

-  INDICATES NEGATIVE NUMBERS.
R  INDICATES RECORD WAS SET OR TIED.
MM INDICATES DATA IS MISSING.
T  INDICATES TRACE AMOUNT.

&&

SNOW DEPTH IS MEASURED AT 3AM AKST/4AM AKDT.

----------------------------
AVAILABLE DAYLIGHT

AMOUNT OF DAYLIGHT TODAY  (HOUR:MIN)........15:47
GAIN/LOSS SINCE YESTERDAY (HOUR:MIN:SEC)....+0:06:13

$$
AY APR 18
