819
CDAK49 PAFG 260940
CLIMCG

CLIMATE REPORT
NATIONAL WEATHER SERVICE FAIRBANKS AK
140 AM AKDT TUE MAR 26 2019


...................................

...THE MCGRATH AK CLIMATE SUMMARY FOR MARCH 25 2019...

CLIMATE NORMAL PERIOD 1981 TO 2010
CLIMATE RECORD PERIOD 1946 TO 2019


WEATHER ITEM   OBSERVED TIME   RECORD YEAR NORMAL DEPARTURE LAST
                VALUE   (LST)  VALUE       VALUE  FROM      YEAR
                                                  NORMAL
..................................................................
TEMPERATURE (F)
 YESTERDAY
  MAXIMUM         46    612 PM  48    1999  28     18       31
  MINIMUM         35   1155 PM -35    1962   2     33      -13
  AVERAGE         41                        15     26        9

PRECIPITATION (IN)
  YESTERDAY        T             0.25 1991   0.03  -0.03     0.00
  MONTH TO DATE    0.86                      0.68   0.18     0.86
  SINCE MAR 1      0.86                      0.68   0.18     0.86
  SINCE JAN 1      3.74                      2.71   1.03     2.54

SNOWFALL (IN)
  YESTERDAY        0.0           4.4  2005   0.3   -0.3      0.0
  MONTH TO DATE   14.5                       9.7    4.8     16.3
  SINCE MAR 1     14.5                       9.7    4.8     16.3
  SINCE JUL 1     94.6                      89.7    4.9     78.8
  SNOW DEPTH      28

DEGREE DAYS
 HEATING
  YESTERDAY       24                        50    -26       56
  MONTH TO DATE  971                      1369   -398     1155
  SINCE MAR 1    971                      1369   -398     1155
  SINCE JUL 1   9817                     11601  -1784     9657

 COOLING
  YESTERDAY        0                         0      0        0
  MONTH TO DATE    0                         0      0        0
  SINCE MAR 1      0                         0      0        0
  SINCE JAN 1      0                         0      0        0
..................................................................


WIND (MPH)
  HIGHEST GUST SPEED    27   HIGHEST GUST DIRECTION    SW (210)


SKY COVER
  AVERAGE SKY COVER 0.9


WEATHER CONDITIONS
 THE FOLLOWING WEATHER WAS RECORDED YESTERDAY.
  LIGHT RAIN
  HAZE


RELATIVE HUMIDITY (PERCENT)
 HIGHEST    85
 LOWEST     53
 AVERAGE    69

..........................................................


THE MCGRATH AK CLIMATE NORMALS FOR TODAY
                         NORMAL    RECORD    YEAR
 MAXIMUM TEMPERATURE (F)   29        47      2015
 MINIMUM TEMPERATURE (F)    3       -30      2013


SUNRISE AND SUNSET
MARCH 26 2019.........SUNRISE   803 AM AKDT  SUNSET   855 PM AKDT
MARCH 27 2019.........SUNRISE   800 AM AKDT  SUNSET   858 PM AKDT

-  INDICATES NEGATIVE NUMBERS.
R  INDICATES RECORD WAS SET OR TIED.
MM INDICATES DATA IS MISSING.
T  INDICATES TRACE AMOUNT.

&&

SNOW DEPTH IS MEASURED AT 3AM AKST/4AM AKDT.

----------------------------
AVAILABLE DAYLIGHT

AMOUNT OF DAYLIGHT TODAY  (HOUR:MIN)........12:52
GAIN/LOSS SINCE YESTERDAY (HOUR:MIN:SEC)....+0:06:11

$$
MAR 19
