000
CDAK49 PAFG 180053
CLIMCG

CLIMATE REPORT
NATIONAL WEATHER SERVICE FAIRBANKS AK
453 PM AKDT MON JUN 17 2019


...................................

...THE MCGRATH AK CLIMATE SUMMARY FOR JUNE 17 2019...
VALID TODAY AS OF 0400 PM LOCAL TIME.

CLIMATE NORMAL PERIOD 1981 TO 2010
CLIMATE RECORD PERIOD 1946 TO 2019


WEATHER ITEM   OBSERVED TIME   RECORD YEAR NORMAL DEPARTURE LAST
                VALUE   (LST)  VALUE       VALUE  FROM      YEAR
                                                  NORMAL
..................................................................
TEMPERATURE (F)
 TODAY
  MAXIMUM         76   1248 PM  94    2013  69      7       60
  MINIMUM         54    423 AM  38    1958  48      6       50
  AVERAGE         65                        58      7       55

PRECIPITATION (IN)
  TODAY            T             0.40 1976   0.05  -0.05     0.13
  MONTH TO DATE    0.39                      0.78  -0.39     1.42
  SINCE JUN 1      0.39                      0.78  -0.39     1.42
  SINCE JAN 1      5.32                      5.45  -0.13     6.79

SNOWFALL (IN)
  TODAY            0.0           0.0    MM   0.0    0.0      0.0
  MONTH TO DATE    0.0                       0.0    0.0      0.0
  SINCE JUN 1      0.0                       0.0    0.0      0.0
  SINCE JUL 1     95.6                      97.3   -1.7     83.5
  SNOW DEPTH       0

DEGREE DAYS
 HEATING
  TODAY            0                         7     -7       10
  MONTH TO DATE   90                       160    -70      136
  SINCE JUN 1     90                       160    -70      136
  SINCE JUL 1  11537                     13673  -2136    11577

 COOLING
  TODAY            0                         0      0        0
  MONTH TO DATE    0                         0      0        0
  SINCE JUN 1      0                         0      0        0
  SINCE JAN 1      0                         0      0        0
..................................................................


WIND (MPH)
  HIGHEST GUST SPEED    30   HIGHEST GUST DIRECTION    NW (330)


SKY COVER
  AVERAGE SKY COVER 0.5


WEATHER CONDITIONS
 THE FOLLOWING WEATHER WAS RECORDED TODAY.
  THUNDERSTORM
  LIGHT RAIN


RELATIVE HUMIDITY (PERCENT)
 HIGHEST    86
 LOWEST     31
 AVERAGE    59

..........................................................


THE MCGRATH AK CLIMATE NORMALS FOR TOMORROW
                         NORMAL    RECORD    YEAR
 MAXIMUM TEMPERATURE (F)   69        91      2013
 MINIMUM TEMPERATURE (F)   48        38      1983


SUNRISE AND SUNSET
JUNE 17 2019..........SUNRISE   416 AM AKDT  SUNSET  1232 AM AKDT
JUNE 18 2019..........SUNRISE   416 AM AKDT  SUNSET  1232 AM AKDT

-  INDICATES NEGATIVE NUMBERS.
R  INDICATES RECORD WAS SET OR TIED.
MM INDICATES DATA IS MISSING.
T  INDICATES TRACE AMOUNT.

&&

SNOW DEPTH IS MEASURED AT 3AM AKST/4AM AKDT.

----------------------------
AVAILABLE DAYLIGHT

AMOUNT OF DAYLIGHT TODAY  (HOUR:MIN)........20:14
GAIN/LOSS SINCE YESTERDAY (HOUR:MIN:SEC)....+0:01:17

$$
JUN 19
