000
CDUS43 KEAX 260033
CLIMCI

CLIMATE REPORT
NATIONAL WEATHER SERVICE KANSAS CITY/PLEASANT HILL MO
731 PM CDT MON MAR 25 2019


...................................

...THE KANSAS CITY INTERNATIONAL MO CLIMATE SUMMARY FOR MARCH 25 2019...
VALID TODAY AS OF 0700 PM LOCAL TIME.

CLIMATE NORMAL PERIOD 1981 TO 2010
CLIMATE RECORD PERIOD 1888 TO 2019


WEATHER ITEM   OBSERVED TIME   RECORD YEAR NORMAL DEPARTURE LAST
                VALUE   (LST)  VALUE       VALUE  FROM      YEAR
                                                  NORMAL
..................................................................
TEMPERATURE (F)
 TODAY
  MAXIMUM         55    330 PM  90    1907  59     -4       44
  MINIMUM         46    754 AM   9    1955  36     10       33
  AVERAGE         51                        48      3       39

PRECIPITATION (IN)
  TODAY            0.00          1.84 1959   0.08  -0.08     0.00
  MONTH TO DATE    1.58                      1.81  -0.23     1.21
  SINCE MAR 1      1.58                      1.81  -0.23     1.21
  SINCE JAN 1      5.51                      4.34   1.17     3.66

SNOWFALL (IN)
  TODAY            0.0           1.7  1955   0.0    0.0      0.0
  MONTH TO DATE    2.8                       1.7    1.1       T
  SINCE MAR 1      2.8                       1.7    1.1       T
  SINCE JUL 1     29.1                      17.9   11.2      5.8
  SNOW DEPTH       0

DEGREE DAYS
 HEATING
  TODAY           14                        18     -4       26
  MONTH TO DATE  646                       548     98      529
  SINCE MAR 1    646                       548     98      529
  SINCE JUL 1   4993                      4593    400     4456

 COOLING
  TODAY            0                         0      0        0
  MONTH TO DATE    0                         0      0        0
  SINCE MAR 1      0                         0      0        0
  SINCE JAN 1      0                         0      0        0
..................................................................


WIND (MPH)
  HIGHEST WIND SPEED    18   HIGHEST WIND DIRECTION    NE (30)
  HIGHEST GUST SPEED    23   HIGHEST GUST DIRECTION    NE (30)
  AVERAGE WIND SPEED    10.4


SKY COVER
  POSSIBLE SUNSHINE  MM
  AVERAGE SKY COVER 1.0


WEATHER CONDITIONS
 THE FOLLOWING WEATHER WAS RECORDED TODAY.
  FOG


RELATIVE HUMIDITY (PERCENT)
 HIGHEST    93           200 AM
 LOWEST     59           300 PM
 AVERAGE    76

..........................................................


THE KANSAS CITY INTERNATIONAL MO CLIMATE NORMALS FOR TOMORROW
                         NORMAL    RECORD    YEAR
 MAXIMUM TEMPERATURE (F)   59        85      1991
                                             1910
 MINIMUM TEMPERATURE (F)   37         7      1955


SUNRISE AND SUNSET
MARCH 25 2019.........SUNRISE   715 AM CDT   SUNSET   736 PM CDT
MARCH 26 2019.........SUNRISE   713 AM CDT   SUNSET   737 PM CDT


-  INDICATES NEGATIVE NUMBERS.
R  INDICATES RECORD WAS SET OR TIED.
MM INDICATES DATA IS MISSING.
T  INDICATES TRACE AMOUNT.


&&

...MISCELLANEOUS CLIMATE DATA FROM TODAY...

LOCATION                HIGH    LOW      PRECIP
ST. JOSEPH               55      M         0.00
DOWNTOWN KANSAS CITY     56      48       0.00
OLATHE NEW CENTURY       54      46       0.01
OLATHE JO CO EXEC        53      46       0.00
LEES SUMMIT              55      46       0.00
KIRKSVILLE               55      40       0.00
CHILLICOTHE              60      45       0.00
SEDALIA                  58      46       T
NWS PLEASANT HILL MO     54      45       T


THIS PRODUCT...ALONG WITH OTHER WEATHER...HYDROLOGICAL AND CLIMATE
INFORMATION...IS AVAILABLE ON THE WEB AT HTTP://WWW.WEATHER.GOV/EAX
OR AT HTTP://WEATHER.GOV

$$

JW
