000
CDUS43 KGLD 180051 RRB
CLIMCK

CLIMATE REPORT
NATIONAL WEATHER SERVICE GOODLAND
645 PM MDT MON JUN 17 2019

...................................

...THE MCCOOK NE CLIMATE SUMMARY FOR JUNE 17 2019...
VALID TODAY AS OF 0600 PM LOCAL TIME.

CLIMATE NORMAL PERIOD 1981 TO 2010
CLIMATE RECORD PERIOD 1896 TO 2019


WEATHER ITEM   OBSERVED TIME   RECORD YEAR NORMAL DEPARTURE LAST
                VALUE   (LST)  VALUE       VALUE  FROM      YEAR
                                                  NORMAL
..................................................................
TEMPERATURE (F)
 TODAY
  MAXIMUM         79    417 PM 105    2001  85     -6       93
                                      1939
  MINIMUM         60    338 AM  44    1945  57      3       70
  AVERAGE         70                        71     -1       82

PRECIPITATION (IN)
  TODAY            0.12                      0.11   0.01     0.00
  MONTH TO DATE    1.53                      1.93  -0.40     0.56
  SINCE JUN 1      1.53                      1.93  -0.40     0.56
  SINCE JAN 1      8.86                      9.87  -1.01     6.93

..................................................................

THE MCCOOK NE CLIMATE NORMALS FOR TOMORROW
                         NORMAL    RECORD    YEAR
 MAXIMUM TEMPERATURE (F)   85       109      2012
 MINIMUM TEMPERATURE (F)   57        41      1912


-  INDICATES NEGATIVE NUMBERS.
R  INDICATES RECORD WAS SET OR TIED.
MM INDICATES DATA IS MISSING.
T  INDICATES TRACE AMOUNT.


$$
