000
CDUS43 KGLD 270040
CLIMCK

CLIMATE REPORT
NATIONAL WEATHER SERVICE GOODLAND
636 PM MDT TUE MAR 26 2019

...................................

...THE MCCOOK NE CLIMATE SUMMARY FOR MARCH 26 2019...
VALID TODAY AS OF 0600 PM LOCAL TIME.

CLIMATE NORMAL PERIOD 1981 TO 2010
CLIMATE RECORD PERIOD 1896 TO 2019


WEATHER ITEM   OBSERVED TIME   RECORD YEAR NORMAL DEPARTURE LAST
                VALUE   (LST)  VALUE       VALUE  FROM      YEAR
                                                  NORMAL
..................................................................
TEMPERATURE (F)
 TODAY
  MAXIMUM         69    326 PM  85    1998  58     11       48
                                      1910
  MINIMUM         29    624 AM -11    1965  27      2       34
  AVERAGE         49                        42      7       41

PRECIPITATION (IN)
  TODAY            0.00                      0.04  -0.04     0.01
  MONTH TO DATE    1.60                      1.10   0.50     0.37
  SINCE MAR 1      1.60                      1.10   0.50     0.37
  SINCE JAN 1      2.41                      2.23   0.18     1.88

..................................................................

THE MCCOOK NE CLIMATE NORMALS FOR TOMORROW
                         NORMAL    RECORD    YEAR
 MAXIMUM TEMPERATURE (F)   58        82      1962
 MINIMUM TEMPERATURE (F)   28         1      1931



-  INDICATES NEGATIVE NUMBERS.
R  INDICATES RECORD WAS SET OR TIED.
MM INDICATES DATA IS MISSING.
T  INDICATES TRACE AMOUNT.

$$
