000
CDUS42 KFFC 210817
CLIMCN


CLIMATE REPORT
NATIONAL WEATHER SERVICE PEACHTREE CITY GA
416 AM EDT TUE MAY 21 2019


...................................

...THE MACON CLIMATE SUMMARY FOR MAY 20 2019...

CLIMATE NORMAL PERIOD 1981 TO 2010
CLIMATE RECORD PERIOD 1899 TO 2019


WEATHER ITEM   OBSERVED TIME   RECORD YEAR NORMAL DEPARTURE LAST
                VALUE   (LST)  VALUE       VALUE  FROM      YEAR
                                                  NORMAL
..................................................................
TEMPERATURE (F)
 YESTERDAY
  MAXIMUM         92    310 PM  98    1962  86      6       83
  MINIMUM         65    605 AM  43    2007  61      4       67
  AVERAGE         79                        73      6       75

PRECIPITATION (IN)
  YESTERDAY        0.00          1.31 1946   0.08  -0.08      T
  MONTH TO DATE    1.47                      1.60  -0.13     2.27
  SINCE MAR 1      5.89                      9.11  -3.22     9.91
  SINCE JAN 1     13.41                     17.71  -4.30    15.54

DEGREE DAYS
 HEATING
  YESTERDAY        0                         0      0        0
  MONTH TO DATE    1                        11    -10        1
  SINCE MAR 1    333                       393    -60      425
  SINCE JUL 1   1963                      2318   -355     2076

 COOLING
  YESTERDAY       14                         8      6       10
  MONTH TO DATE  185                       119     66      179
  SINCE MAR 1    278                       200     78      223
  SINCE JAN 1    291                       203     88      274
..................................................................


WIND (MPH)
  RESULTANT WIND SPEED   4   RESULTANT WIND DIRECTION   W (290)
  HIGHEST WIND SPEED    15   HIGHEST WIND DIRECTION     W (270)
  HIGHEST GUST SPEED    19   HIGHEST GUST DIRECTION    NW (310)
  AVERAGE WIND SPEED     5.5


SKY COVER
  AVERAGE SKY COVER 0.2


WEATHER CONDITIONS
 THE FOLLOWING WEATHER WAS RECORDED YESTERDAY.
  NO SIGNIFICANT WEATHER WAS OBSERVED.


RELATIVE HUMIDITY (PERCENT)
 HIGHEST    87          1200 AM
 LOWEST     38           400 PM
 AVERAGE    63

..........................................................


THE MACON CLIMATE NORMALS FOR TODAY
                         NORMAL    RECORD    YEAR
 MAXIMUM TEMPERATURE (F)   86        97      1962
                                             1898
 MINIMUM TEMPERATURE (F)   61        44      2002


SUNRISE AND SUNSET
MAY 21 2019...........SUNRISE   632 AM EDT   SUNSET   830 PM EDT
MAY 22 2019...........SUNRISE   632 AM EDT   SUNSET   831 PM EDT


-  INDICATES NEGATIVE NUMBERS.
R  INDICATES RECORD WAS SET OR TIED.
MM INDICATES DATA IS MISSING.
T  INDICATES TRACE AMOUNT.




$$
