000
CDUS42 KFFC 240820
CLIMCN


CLIMATE REPORT
NATIONAL WEATHER SERVICE PEACHTREE CITY GA
420 AM EDT SUN MAR 24 2019


...................................

...THE MACON CLIMATE SUMMARY FOR MARCH 23 2019...

CLIMATE NORMAL PERIOD 1981 TO 2010
CLIMATE RECORD PERIOD 1899 TO 2019


WEATHER ITEM   OBSERVED TIME   RECORD YEAR NORMAL DEPARTURE LAST
                VALUE   (LST)  VALUE       VALUE  FROM      YEAR
                                                  NORMAL
..................................................................
TEMPERATURE (F)
 YESTERDAY
  MAXIMUM         76    441 PM  91    1907  71      5       69
  MINIMUM         35    651 AM  26    1915  46    -11       33
  AVERAGE         56                        58     -2       51

PRECIPITATION (IN)
  YESTERDAY        0.00          3.72 1908   0.13  -0.13     0.00
  MONTH TO DATE    1.14                      3.42  -2.28     1.13
  SINCE MAR 1      1.14                      3.42  -2.28     1.13
  SINCE JAN 1      8.66                     12.02  -3.36     6.76

SNOWFALL (IN)
  YESTERDAY        0.0           0.0  2002   0.0    0.0      0.0
                                      2001
                                      2000
  MONTH TO DATE    0.0                       0.2   -0.2      0.0
  SINCE MAR 1      0.0                       0.2   -0.2      0.0
  SINCE JUL 1      0.0                       0.7   -0.7      1.0
  SNOW DEPTH       0

DEGREE DAYS
 HEATING
  YESTERDAY        9                         7      2       14
  MONTH TO DATE  207                       220    -13      256
  SINCE MAR 1    207                       220    -13      256
  SINCE JUL 1   1837                      2145   -308     1907

 COOLING
  YESTERDAY        0                         1     -1        0
  MONTH TO DATE    3                        12     -9       14
  SINCE MAR 1      3                        12     -9       14
  SINCE JAN 1     16                        15      1       65
..................................................................


WIND (MPH)
  RESULTANT WIND SPEED   2   RESULTANT WIND DIRECTION  NW (310)
  HIGHEST WIND SPEED    12   HIGHEST WIND DIRECTION     N (350)
  HIGHEST GUST SPEED    14   HIGHEST GUST DIRECTION     N (350)
  AVERAGE WIND SPEED     3.3


SKY COVER
  AVERAGE SKY COVER 0.0


WEATHER CONDITIONS
 THE FOLLOWING WEATHER WAS RECORDED YESTERDAY.
  NO SIGNIFICANT WEATHER WAS OBSERVED.


RELATIVE HUMIDITY (PERCENT)
 HIGHEST    89           700 AM
 LOWEST     14           500 PM
 AVERAGE    52

..........................................................


THE MACON CLIMATE NORMALS FOR TODAY
                         NORMAL    RECORD    YEAR
 MAXIMUM TEMPERATURE (F)   72        92      1929
 MINIMUM TEMPERATURE (F)   46        27      1968


SUNRISE AND SUNSET
MARCH 24 2019.........SUNRISE   733 AM EDT   SUNSET   749 PM EDT
MARCH 25 2019.........SUNRISE   732 AM EDT   SUNSET   750 PM EDT


-  INDICATES NEGATIVE NUMBERS.
R  INDICATES RECORD WAS SET OR TIED.
MM INDICATES DATA IS MISSING.
T  INDICATES TRACE AMOUNT.




$$
