478
CDUS42 KMLB 222019
CLIMCO


CLIMATE REPORT
NATIONAL WEATHER SERVICE MELBOURNE FL
419 PM EDT SUN APR 22 2018


...................................

...THE ORLANDO  CLIMATE SUMMARY FOR APRIL 22 2018...
VALID TODAY AS OF 0400 PM LOCAL TIME.

CLIMATE NORMAL PERIOD 1981 TO 2010
CLIMATE RECORD PERIOD 1892 TO 2018


WEATHER ITEM   OBSERVED TIME   RECORD YEAR NORMAL DEPARTURE LAST
                VALUE   (LST)  VALUE       VALUE  FROM      YEAR
                                                  NORMAL
..................................................................
TEMPERATURE (F)
 TODAY
  MAXIMUM         82    244 PM  94    1970  84     -2       90
  MINIMUM         69    613 AM  44    1910  61      8       64
  AVERAGE         76                        72      4       77

PRECIPITATION (IN)
  TODAY            0.04          1.69 1918   0.09  -0.05      T
  MONTH TO DATE    2.10                      2.08   0.02      T
  SINCE MAR 1      2.93                      5.85  -2.92     0.10
  SINCE JAN 1      5.39                     10.58  -5.19     3.03

SNOWFALL (IN)
  TODAY            0.0
  MONTH TO DATE    0.0
  SINCE MAR 1      0.0
  SINCE JUL 1      0.0

DEGREE DAYS
 HEATING
  TODAY            0                         0      0        0
  MONTH TO DATE    0                        11    -11        3
  SINCE MAR 1     83                        70     13       40
  SINCE JUL 1    467                       569   -102      209

 COOLING
  TODAY           11                         8      3       12
  MONTH TO DATE  176                       133     43      196
  SINCE MAR 1    269                       251     18      359
  SINCE JAN 1    516                       355    161      560
..................................................................


WIND (MPH)
  HIGHEST WIND SPEED    23   HIGHEST WIND DIRECTION     E (110)
  HIGHEST GUST SPEED    28   HIGHEST GUST DIRECTION     E (110)
  AVERAGE WIND SPEED    12.3


SKY COVER
  AVERAGE SKY COVER 0.8


WEATHER CONDITIONS
 THE FOLLOWING WEATHER WAS RECORDED TODAY.
  LIGHT RAIN
  FOG


RELATIVE HUMIDITY (PERCENT)
 HIGHEST    90           800 AM
 LOWEST     71           300 PM
 AVERAGE    81

..........................................................


THE ORLANDO  CLIMATE NORMALS FOR TOMORROW
                         NORMAL    RECORD    YEAR
 MAXIMUM TEMPERATURE (F)   84        96      1968
 MINIMUM TEMPERATURE (F)   61        48      1993


SUNRISE AND SUNSET
APRIL 22 2018.........SUNRISE   653 AM EDT   SUNSET   755 PM EDT
APRIL 23 2018.........SUNRISE   652 AM EDT   SUNSET   756 PM EDT


-  INDICATES NEGATIVE NUMBERS.
R  INDICATES RECORD WAS SET OR TIED.
MM INDICATES DATA IS MISSING.
T  INDICATES TRACE AMOUNT.




$$
