000
CDUS42 KMLB 202018
CLIMCO


CLIMATE REPORT
NATIONAL WEATHER SERVICE MELBOURNE FL
418 PM EDT MON MAY 20 2019


...................................

...THE ORLANDO  CLIMATE SUMMARY FOR MAY 20 2019...
VALID TODAY AS OF 0400 PM LOCAL TIME.

CLIMATE NORMAL PERIOD 1981 TO 2010
CLIMATE RECORD PERIOD 1892 TO 2019


WEATHER ITEM   OBSERVED TIME   RECORD YEAR NORMAL DEPARTURE LAST
                VALUE   (LST)  VALUE       VALUE  FROM      YEAR
                                                  NORMAL
..................................................................
TEMPERATURE (F)
 TODAY
  MAXIMUM         91    152 PM  96    1935  89      2       78
  MINIMUM         70    541 AM  51    1894  67      3       69
  AVERAGE         81                        78      3       74

PRECIPITATION (IN)
  TODAY            0.00          2.11 2009   0.12  -0.12     0.28
  MONTH TO DATE    4.34                      1.71   2.63     5.48
  SINCE MAR 1      6.37                      8.16  -1.79     8.45
  SINCE JAN 1     11.63                     12.89  -1.26    10.91

SNOWFALL (IN)
  TODAY            0.0
  MONTH TO DATE    0.0
  SINCE MAR 1      0.0
  SINCE JUL 1      0.0

DEGREE DAYS
 HEATING
  TODAY            0                         0      0        0
  MONTH TO DATE    0                         0      0        0
  SINCE MAR 1     34                        71    -37       83
  SINCE JUL 1    390                       570   -180      467

 COOLING
  TODAY           16                        13      3        9
  MONTH TO DATE  275                       224     51      229
  SINCE MAR 1    690                       541    149      570
  SINCE JAN 1    896                       645    251      817
..................................................................


WIND (MPH)
  HIGHEST WIND SPEED    15   HIGHEST WIND DIRECTION    NE (60)
  HIGHEST GUST SPEED    18   HIGHEST GUST DIRECTION     E (110)
  AVERAGE WIND SPEED     2.5


SKY COVER
  AVERAGE SKY COVER 0.3


WEATHER CONDITIONS
 THE FOLLOWING WEATHER WAS RECORDED TODAY.
  NO SIGNIFICANT WEATHER WAS OBSERVED.


RELATIVE HUMIDITY (PERCENT)
 HIGHEST    93           200 AM
 LOWEST     38           100 PM
 AVERAGE    66

..........................................................


THE ORLANDO  CLIMATE NORMALS FOR TOMORROW
                         NORMAL    RECORD    YEAR
 MAXIMUM TEMPERATURE (F)   89        98      1908
 MINIMUM TEMPERATURE (F)   68        54      1893


SUNRISE AND SUNSET
MAY 20 2019...........SUNRISE   632 AM EDT   SUNSET   812 PM EDT
MAY 21 2019...........SUNRISE   632 AM EDT   SUNSET   812 PM EDT


-  INDICATES NEGATIVE NUMBERS.
R  INDICATES RECORD WAS SET OR TIED.
MM INDICATES DATA IS MISSING.
T  INDICATES TRACE AMOUNT.




$$
