000
CDUS42 KMLB 200628
CLIMCO


CLIMATE REPORT
NATIONAL WEATHER SERVICE MELBOURNE FL
227 AM EDT WED MAR 20 2019


...................................

...THE ORLANDO INTL CLIMATE SUMMARY FOR MARCH 19 2019...

CLIMATE NORMAL PERIOD 1981 TO 2010
CLIMATE RECORD PERIOD 1892 TO 2019


WEATHER ITEM   OBSERVED TIME   RECORD YEAR NORMAL DEPARTURE LAST
                VALUE   (LST)  VALUE       VALUE  FROM      YEAR
                                                  NORMAL
..................................................................
TEMPERATURE (F)
 YESTERDAY
  MAXIMUM         67    420 PM  93    1921  78    -11       86
  MINIMUM         56    746 AM  34    1892  56      0       63
  AVERAGE         62                        67     -5       75

PRECIPITATION (IN)
  YESTERDAY        0.20          2.17 1998   0.13   0.07     0.29
  MONTH TO DATE    0.29                      2.20  -1.91     0.42
  SINCE MAR 1      0.29                      2.20  -1.91     0.42
  SINCE JAN 1      5.55                      6.93  -1.38     2.88

SNOWFALL (IN)
  YESTERDAY        0.0
  MONTH TO DATE    0.0
  SINCE JUL 1      0.0

DEGREE DAYS
 HEATING
  YESTERDAY        3                         2      1        0
  MONTH TO DATE   33                        46    -13       68
  SINCE MAR 1     33                        46    -13       68
  SINCE JUL 1    389                       545   -156      452

 COOLING
  YESTERDAY        0                         4     -4       10
  MONTH TO DATE   99                        67     32       42
  SINCE MAR 1     99                        67     32       42
  SINCE JAN 1    305                       171    134      289
..................................................................


WIND (MPH)
  HIGHEST WIND SPEED    20   HIGHEST WIND DIRECTION     N (360)
  HIGHEST GUST SPEED    25   HIGHEST GUST DIRECTION     N (360)
  AVERAGE WIND SPEED     9.0


SKY COVER
  AVERAGE SKY COVER 1.0


WEATHER CONDITIONS
 THE FOLLOWING WEATHER WAS RECORDED YESTERDAY.
  RAIN
  LIGHT RAIN
  FOG


RELATIVE HUMIDITY (PERCENT)
 HIGHEST    93          1000 PM
 LOWEST     72          1200 AM
 AVERAGE    83

..........................................................


THE ORLANDO INTL CLIMATE NORMALS FOR TODAY
                         NORMAL    RECORD    YEAR
 MAXIMUM TEMPERATURE (F)   79        96      1921
 MINIMUM TEMPERATURE (F)   56        37      1892


SUNRISE AND SUNSET
MARCH 20 2019.........SUNRISE   729 AM EDT   SUNSET   737 PM EDT
MARCH 21 2019.........SUNRISE   728 AM EDT   SUNSET   737 PM EDT


-  INDICATES NEGATIVE NUMBERS.
R  INDICATES RECORD WAS SET OR TIED.
MM INDICATES DATA IS MISSING.
T  INDICATES TRACE AMOUNT.




$$
