503
CDUS43 KDMX 220647
CLIMCW

CLIMATE REPORT
NATIONAL WEATHER SERVICE DES MOINES IA
146 AM CDT WED MAY 22 2019

...................................

...THE MASON CITY IA CLIMATE SUMMARY FOR MAY 21 2019...

CLIMATE NORMAL PERIOD 1981 TO 2010
CLIMATE RECORD PERIOD 1893 TO 2019


WEATHER ITEM   OBSERVED TIME   RECORD YEAR NORMAL DEPARTURE LAST
                VALUE   (LST)  VALUE       VALUE  FROM      YEAR
                                                  NORMAL
..................................................................
TEMPERATURE (F)
 YESTERDAY
  MAXIMUM         51    921 AM  93    1970  72    -21       61
  MINIMUM         45    402 PM  30    1895  49     -4       52
  AVERAGE         48                        60    -12       57

PRECIPITATION (IN)
  YESTERDAY        0.71          4.59 2004   0.15   0.56     0.03
  MONTH TO DATE    4.24                      3.11   1.13     5.35
  SINCE MAR 1      9.11                      9.09   0.02    11.49
  SINCE JAN 1     12.94                     10.91   2.03    14.04

SNOWFALL (IN)
  YESTERDAY        0.0          MM      MM   0.0    0.0      0.0
  MONTH TO DATE    0.0                       0.1   -0.1      0.0
  SINCE MAR 1      6.5                       8.8   -2.3     45.4
  SINCE JUL 1     58.9                      41.3   17.6     65.8
  SNOW DEPTH       0

DEGREE DAYS
 HEATING
  YESTERDAY       17                         6     11        8
  MONTH TO DATE  273                       187     86      107
  SINCE MAR 1   1954                      1736    218     2056
  SINCE JUL 1   8118                      7587    531     7814

 COOLING
  YESTERDAY        0                         1     -1        0
  MONTH TO DATE    8                        13     -5       14
  SINCE MAR 1     11                        18     -7       15
  SINCE JAN 1     11                        18     -7       15
..................................................................


WIND (MPH)
  HIGHEST WIND SPEED    36   HIGHEST WIND DIRECTION     E (90)
  HIGHEST GUST SPEED    50   HIGHEST GUST DIRECTION    NE (60)
  AVERAGE WIND SPEED    22.0


SKY COVER
  POSSIBLE SUNSHINE  MM
  AVERAGE SKY COVER 0.8


WEATHER CONDITIONS
 THE FOLLOWING WEATHER WAS RECORDED YESTERDAY.
  RAIN
  LIGHT RAIN
  FOG


RELATIVE HUMIDITY (PERCENT)
 HIGHEST   100           400 PM
 LOWEST     71           900 AM
 AVERAGE    86

..........................................................


THE MASON CITY IA CLIMATE NORMALS FOR TODAY
                         NORMAL    RECORD    YEAR
 MAXIMUM TEMPERATURE (F)   72       100      1925
 MINIMUM TEMPERATURE (F)   49        29      1931


SUNRISE AND SUNSET
MAY 22 2019...........SUNRISE   543 AM CDT   SUNSET   837 PM CDT
MAY 23 2019...........SUNRISE   542 AM CDT   SUNSET   838 PM CDT


-  INDICATES NEGATIVE NUMBERS.
R  INDICATES RECORD WAS SET OR TIED.
MM INDICATES DATA IS MISSING.
T  INDICATES TRACE AMOUNT.

$$

SMALL
