000
CDUS43 KDMX 220639 RRB
CLIMCW

CLIMATE REPORT
NATIONAL WEATHER SERVICE DES MOINES IA
138 AM CDT FRI MAR 22 2019


...................................

...THE MASON CITY IA CLIMATE SUMMARY FOR MARCH 21 2019...

CLIMATE NORMAL PERIOD 1981 TO 2010
CLIMATE RECORD PERIOD 1893 TO 2019


WEATHER ITEM   OBSERVED TIME   RECORD YEAR NORMAL DEPARTURE LAST
                VALUE   (LST)  VALUE       VALUE  FROM      YEAR
                                                  NORMAL
..................................................................
TEMPERATURE (F)
 YESTERDAY
  MAXIMUM         49    417 PM  81    1938  45      4       40
  MINIMUM         31    656 AM  -8    1965  26      5       21
  AVERAGE         40                        35      5       31

PRECIPITATION (IN)
  YESTERDAY        0.00          0.54 1949   0.08  -0.08     0.00
  MONTH TO DATE    1.56                      1.34   0.22     0.73
  SINCE MAR 1      1.56                      1.34   0.22     0.73
  SINCE JAN 1      5.39                      3.16   2.23     3.28

SNOWFALL (IN)
  YESTERDAY        0.0           4.0  1932   0.2   -0.2      0.0
  MONTH TO DATE    2.4                       4.4   -2.0      4.3
  SINCE MAR 1      2.4                       4.4   -2.0      4.3
  SINCE JUL 1     54.8                      36.9   17.9     24.7
  SNOW DEPTH       T

DEGREE DAYS
 HEATING
  YESTERDAY       25                        30     -5       34
  MONTH TO DATE  882                       720    162      725
  SINCE MAR 1    882                       720    162      725
  SINCE JUL 1   7046                      6571    475     6483

 COOLING
  YESTERDAY        0                         0      0        0
  MONTH TO DATE    0                         0      0        0
  SINCE MAR 1      0                         0      0        0
  SINCE JAN 1      0                         0      0        0
..................................................................


WIND (MPH)
  HIGHEST WIND SPEED    22   HIGHEST WIND DIRECTION     W (280)
  HIGHEST GUST SPEED    28   HIGHEST GUST DIRECTION     W (280)
  AVERAGE WIND SPEED    13.3


SKY COVER
  POSSIBLE SUNSHINE  MM
  AVERAGE SKY COVER 0.2


WEATHER CONDITIONS
 THE FOLLOWING WEATHER WAS RECORDED YESTERDAY.
  NO SIGNIFICANT WEATHER WAS OBSERVED.


RELATIVE HUMIDITY (PERCENT)
 HIGHEST   100           600 AM
 LOWEST     66           300 PM
 AVERAGE    83

..........................................................


THE MASON CITY IA CLIMATE NORMALS FOR TODAY
                         NORMAL    RECORD    YEAR
 MAXIMUM TEMPERATURE (F)   45        75      1994
 MINIMUM TEMPERATURE (F)   26        -4      1912


SUNRISE AND SUNSET
MARCH 22 2019.........SUNRISE   713 AM CDT   SUNSET   728 PM CDT
MARCH 23 2019.........SUNRISE   712 AM CDT   SUNSET   729 PM CDT


-  INDICATES NEGATIVE NUMBERS.
R  INDICATES RECORD WAS SET OR TIED.
MM INDICATES DATA IS MISSING.
T  INDICATES TRACE AMOUNT.




$$
