526
CDUS41 KCTP 220609
CLIMDT


CLIMATE REPORT
NATIONAL WEATHER SERVICE STATE COLLEGE PA
208 AM EDT FRI MAR 22 2019


...................................

...THE HARRISBURG PA CLIMATE SUMMARY FOR MARCH 21 2019...

CLIMATE NORMAL PERIOD 1981 TO 2010
CLIMATE RECORD PERIOD 1888 TO 2019


WEATHER ITEM   OBSERVED TIME   RECORD YEAR NORMAL DEPARTURE LAST
                VALUE   (LST)  VALUE       VALUE  FROM      YEAR
                                                  NORMAL
..................................................................
TEMPERATURE (F)
 YESTERDAY
  MAXIMUM         48    753 PM  83    1948  52     -4       35
  MINIMUM         39   1230 AM  12    1965  34      5       30
  AVERAGE         44                        43      1       33

PRECIPITATION (IN)
  YESTERDAY        2.07          2.62 2000   0.11   1.96     1.13
  MONTH TO DATE    4.24                      2.22   2.02     2.73
  SINCE MAR 1      4.24                      2.22   2.02     2.73
  SINCE JAN 1     11.12                      7.49   3.63    12.17

SNOWFALL (IN)
  YESTERDAY        0.0          11.9  2018   0.2   -0.2     11.9
  MONTH TO DATE   12.2                       4.3    7.9     15.6
  SINCE MAR 1     12.2                       4.3    7.9     15.6
  SINCE JUL 1     40.9                      29.3   11.6     33.7
  SNOW DEPTH       0

DEGREE DAYS
 HEATING
  YESTERDAY       21                        22     -1       32
  MONTH TO DATE  572                       525     47      583
  SINCE MAR 1    572                       525     47      583
  SINCE JUL 1   4346                      4513   -167     4288

 COOLING
  YESTERDAY        0                         0      0        0
  MONTH TO DATE    0                         0      0        0
  SINCE MAR 1      0                         0      0        0
  SINCE JAN 1      0                         0      0        0
..................................................................


WIND (MPH)
  HIGHEST WIND SPEED    18   HIGHEST WIND DIRECTION    NW (330)
  HIGHEST GUST SPEED    23   HIGHEST GUST DIRECTION    NW (330)
  AVERAGE WIND SPEED     6.9


SKY COVER
  POSSIBLE SUNSHINE  MM
  AVERAGE SKY COVER 1.0


WEATHER CONDITIONS
 THE FOLLOWING WEATHER WAS RECORDED YESTERDAY.
  HEAVY RAIN
  RAIN
  LIGHT RAIN
  FOG


RELATIVE HUMIDITY (PERCENT)
 HIGHEST    93           400 PM
 LOWEST     62           200 AM
 AVERAGE    78

..........................................................


THE HARRISBURG PA CLIMATE NORMALS FOR TODAY
                         NORMAL    RECORD    YEAR
 MAXIMUM TEMPERATURE (F)   53        80      1938
 MINIMUM TEMPERATURE (F)   35        16      1965


SUNRISE AND SUNSET
MARCH 22 2019.........SUNRISE   708 AM EDT   SUNSET   721 PM EDT
MARCH 23 2019.........SUNRISE   706 AM EDT   SUNSET   722 PM EDT


-  INDICATES NEGATIVE NUMBERS.
R  INDICATES RECORD WAS SET OR TIED.
MM INDICATES DATA IS MISSING.
T  INDICATES TRACE AMOUNT.




$$
