000
CDUS41 KCTP 260619
CLIMDT


CLIMATE REPORT
NATIONAL WEATHER SERVICE STATE COLLEGE PA
219 AM EDT SAT MAY 26 2018


...................................

...THE HARRISBURG PA CLIMATE SUMMARY FOR MAY 25 2018...

CLIMATE NORMAL PERIOD 1981 TO 2010
CLIMATE RECORD PERIOD 1888 TO 2018


WEATHER ITEM   OBSERVED TIME   RECORD YEAR NORMAL DEPARTURE LAST
                VALUE   (LST)  VALUE       VALUE  FROM      YEAR
                                                  NORMAL
..................................................................
TEMPERATURE (F)
 YESTERDAY
  MAXIMUM         87    327 PM  92    1991  75     12       65
  MINIMUM         55    459 AM  35    1956  55      0       56
  AVERAGE         71                        65      6       61

PRECIPITATION (IN)
  YESTERDAY        0.00          2.44 1997   0.12  -0.12     0.48
  MONTH TO DATE    5.63                      3.03   2.60     3.40
  SINCE MAR 1     12.58                      9.50   3.08    11.54
  SINCE JAN 1     22.02                     14.77   7.25    15.92

SNOWFALL (IN)
  YESTERDAY        0.0           0.0  2002   0.0    0.0      0.0
                                      2001
  MONTH TO DATE    0.0                       0.0    0.0      0.0
  SINCE MAR 1     19.9                       5.6   14.3     18.4
  SINCE JUL 1     38.0                      30.6    7.4     23.9
  SNOW DEPTH       0

DEGREE DAYS
 HEATING
  YESTERDAY        0                         3     -3        4
  MONTH TO DATE   41                       133    -92      141
  SINCE MAR 1   1339                      1248     91     1119
  SINCE JUL 1   5044                      5236   -192     4357

 COOLING
  YESTERDAY        6                         3      3        0
  MONTH TO DATE   65                        40     25       40
  SINCE MAR 1     77                        47     30       67
  SINCE JAN 1     77                        47     30       67
..................................................................


WIND (MPH)
  HIGHEST WIND SPEED    15   HIGHEST WIND DIRECTION     W (250)
  HIGHEST GUST SPEED    20   HIGHEST GUST DIRECTION    SW (240)
  AVERAGE WIND SPEED     3.7


SKY COVER
  POSSIBLE SUNSHINE  MM
  AVERAGE SKY COVER 0.2


WEATHER CONDITIONS
 THE FOLLOWING WEATHER WAS RECORDED YESTERDAY.
  FOG
  HAZE


RELATIVE HUMIDITY (PERCENT)
 HIGHEST    86           500 AM
 LOWEST     42           100 PM
 AVERAGE    64

..........................................................


THE HARRISBURG PA CLIMATE NORMALS FOR TODAY
                         NORMAL    RECORD    YEAR
 MAXIMUM TEMPERATURE (F)   75        93      1991
 MINIMUM TEMPERATURE (F)   56        41      1972
                                             1907


SUNRISE AND SUNSET
MAY 26 2018...........SUNRISE   543 AM EDT   SUNSET   826 PM EDT
MAY 27 2018...........SUNRISE   542 AM EDT   SUNSET   827 PM EDT


-  INDICATES NEGATIVE NUMBERS.
R  INDICATES RECORD WAS SET OR TIED.
MM INDICATES DATA IS MISSING.
T  INDICATES TRACE AMOUNT.




$$
