000
CDUS41 KCTP 250639
CLIMDT


CLIMATE REPORT
NATIONAL WEATHER SERVICE STATE COLLEGE PA
239 AM EDT SAT MAY 25 2019


...................................

...THE HARRISBURG PA CLIMATE SUMMARY FOR MAY 24 2019...

CLIMATE NORMAL PERIOD 1981 TO 2010
CLIMATE RECORD PERIOD 1888 TO 2019


WEATHER ITEM   OBSERVED TIME   RECORD YEAR NORMAL DEPARTURE LAST
                VALUE   (LST)  VALUE       VALUE  FROM      YEAR
                                                  NORMAL
..................................................................
TEMPERATURE (F)
 YESTERDAY
  MAXIMUM         81    339 PM  91    1964  74      7       84
  MINIMUM         63   1108 PM  35    1963  55      8       59
  AVERAGE         72                        64      8       72

PRECIPITATION (IN)
  YESTERDAY        T             1.91 1910   0.13  -0.13     0.00
  MONTH TO DATE    5.52                      2.91   2.61     5.63
  SINCE MAR 1     13.53                      9.38   4.15    12.58
  SINCE JAN 1     20.41                     14.65   5.76    22.02

SNOWFALL (IN)
  YESTERDAY        0.0           0.0  2002   0.0    0.0      0.0
                                      2001
  MONTH TO DATE    0.0                       0.0    0.0      0.0
  SINCE MAR 1     12.2                       5.6    6.6     19.9
  SINCE JUL 1     40.9                      30.6   10.3     38.0
  SNOW DEPTH       0

DEGREE DAYS
 HEATING
  YESTERDAY        0                         3     -3        0
  MONTH TO DATE   75                       130    -55       41
  SINCE MAR 1   1076                      1245   -169     1339
  SINCE JUL 1   4850                      5233   -383     5044

 COOLING
  YESTERDAY        7                         3      4        7
  MONTH TO DATE   57                        37     20       59
  SINCE MAR 1     65                        44     21       71
  SINCE JAN 1     65                        44     21       71
..................................................................


WIND (MPH)
  HIGHEST WIND SPEED    23   HIGHEST WIND DIRECTION    NW (330)
  HIGHEST GUST SPEED    30   HIGHEST GUST DIRECTION    NW (320)
  AVERAGE WIND SPEED    10.7


SKY COVER
  POSSIBLE SUNSHINE  MM
  AVERAGE SKY COVER 0.3


WEATHER CONDITIONS
 THE FOLLOWING WEATHER WAS RECORDED YESTERDAY.
  LIGHT RAIN


RELATIVE HUMIDITY (PERCENT)
 HIGHEST    84          1200 AM
 LOWEST     36           200 PM
 AVERAGE    60

..........................................................


THE HARRISBURG PA CLIMATE NORMALS FOR TODAY
                         NORMAL    RECORD    YEAR
 MAXIMUM TEMPERATURE (F)   75        92      1991
 MINIMUM TEMPERATURE (F)   55        35      1956


SUNRISE AND SUNSET
MAY 25 2019...........SUNRISE   544 AM EDT   SUNSET   825 PM EDT
MAY 26 2019...........SUNRISE   543 AM EDT   SUNSET   826 PM EDT


-  INDICATES NEGATIVE NUMBERS.
R  INDICATES RECORD WAS SET OR TIED.
MM INDICATES DATA IS MISSING.
T  INDICATES TRACE AMOUNT.




$$
