000
CDUS44 KMEG 180632
CLIMEG


CLIMATE REPORT
NATIONAL WEATHER SERVICE MEMPHIS TN
132 AM CDT MON MAR 18 2019


...................................

...THE MEMPHIS/GERMANTOWN WFO CLIMATE SUMMARY FOR MARCH 17 2019...

CLIMATE NORMAL PERIOD 1981 TO 2010
CLIMATE RECORD PERIOD 1988 TO 2019


WEATHER ITEM   OBSERVED TIME   RECORD YEAR NORMAL DEPARTURE LAST
                VALUE   (LST)  VALUE       VALUE  FROM      YEAR
                                                  NORMAL
..................................................................
TEMPERATURE (F)
 YESTERDAY
  MAXIMUM         66    300 PM  79    2012  63      3       76
  MINIMUM         32    600 AM  30    1997  40     -8       54
  AVERAGE         49                        52     -3       65

PRECIPITATION (IN)
  YESTERDAY        0.00          0.53 1993   0.15  -0.15      T
  MONTH TO DATE    3.47                      2.64   0.83     2.04
  SINCE MAR 1      3.47                      2.64   0.83     2.04
  SINCE JAN 1     17.38                     11.27   6.11    20.86

SNOWFALL (IN)
  YESTERDAY        0.0           T    2007                   0.0
  MONTH TO DATE    T                                         0.0
  SINCE MAR 1      T                                         0.0
  SINCE JUL 1      0.5                                       3.8
  SNOW DEPTH       0

DEGREE DAYS
 HEATING
  YESTERDAY       16                        14      2        0
  MONTH TO DATE  315                       272     43      241
  SINCE MAR 1    315                       272     43      241
  SINCE JUL 1   2939                      3018    -79     2795

 COOLING
  YESTERDAY        0                         0      0        0
  MONTH TO DATE    0                         0      0        0
  SINCE MAR 1      0                         0      0        0
  SINCE JAN 1      2                         1      1       13
..................................................................







THE MEMPHIS/GERMANTOWN WFO CLIMATE NORMALS FOR TODAY
                         NORMAL    RECORD    YEAR
 MAXIMUM TEMPERATURE (F)   63        83      2012
 MINIMUM TEMPERATURE (F)   41        29      1993


SUNRISE AND SUNSET
MARCH 18 2019.........SUNRISE   706 AM CDT   SUNSET   709 PM CDT
MARCH 19 2019.........SUNRISE   705 AM CDT   SUNSET   710 PM CDT


-  INDICATES NEGATIVE NUMBERS.
R  INDICATES RECORD WAS SET OR TIED.
MM INDICATES DATA IS MISSING.
T  INDICATES TRACE AMOUNT.




$$
