000
CDUS44 KJAN 250701
CLIMEI


CLIMATE REPORT
NATIONAL WEATHER SERVICE JACKSON MS
159 AM CDT SAT MAY 25 2019


...................................

...THE MERIDIAN CLIMATE SUMMARY FOR MAY 24 2019...

CLIMATE NORMAL PERIOD 1981 TO 2010
CLIMATE RECORD PERIOD 1889 TO 2019


WEATHER ITEM   OBSERVED TIME   RECORD YEAR NORMAL DEPARTURE LAST
                VALUE   (LST)  VALUE       VALUE  FROM      YEAR
                                                  NORMAL
..................................................................
TEMPERATURE (F)
 YESTERDAY
  MAXIMUM         92    327 PM  95    1996  85      7       93
  MINIMUM         73    458 AM  45    1892  61     12       67
  AVERAGE         83                        73     10       80

PRECIPITATION (IN)
  YESTERDAY        0.00          1.92 1909   0.14  -0.14     0.06
  MONTH TO DATE    7.55                      3.49   4.06     1.17
  SINCE MAR 1     20.75                     13.69   7.06    13.04
  SINCE JAN 1     32.85                     24.42   8.43    24.98

SNOWFALL (IN)
  YESTERDAY        0.0           0.0         0.0    0.0      0.0
  MONTH TO DATE    0.0                       0.0    0.0      0.0
  SINCE MAR 1      0.0                       0.3   -0.3      0.0
  SINCE JUL 1      0.1                       0.6   -0.5      5.3

DEGREE DAYS
 HEATING
  YESTERDAY        0                         0      0        0
  MONTH TO DATE    0                        16    -16        0
  SINCE MAR 1    341                       453   -112      351
  SINCE JUL 1   1922                      2550   -628     2104

 COOLING
  YESTERDAY       18                         8     10       15
  MONTH TO DATE  232                       137     95      264
  SINCE MAR 1    348                       213    135      335
  SINCE JAN 1    383                       220    163      409
..................................................................


WIND (MPH)
  HIGHEST WIND SPEED    13   HIGHEST WIND DIRECTION     S (190)
  HIGHEST GUST SPEED    17   HIGHEST GUST DIRECTION     S (160)
  AVERAGE WIND SPEED     4.0


SKY COVER
  POSSIBLE SUNSHINE  MM
  AVERAGE SKY COVER 0.3


WEATHER CONDITIONS
 THE FOLLOWING WEATHER WAS RECORDED YESTERDAY.
  FOG


RELATIVE HUMIDITY (PERCENT)
 HIGHEST    87           300 AM
 LOWEST     41           300 PM
 AVERAGE    64

..........................................................


THE MERIDIAN CLIMATE NORMALS FOR TODAY
                         NORMAL    RECORD    YEAR
 MAXIMUM TEMPERATURE (F)   85        95      1953
 MINIMUM TEMPERATURE (F)   61        47      1979


SUNRISE AND SUNSET
MAY 25 2019...........SUNRISE   552 AM CDT   SUNSET   753 PM CDT
MAY 26 2019...........SUNRISE   551 AM CDT   SUNSET   753 PM CDT


-  INDICATES NEGATIVE NUMBERS.
R  INDICATES RECORD WAS SET OR TIED.
MM INDICATES DATA IS MISSING.
T  INDICATES TRACE AMOUNT.




$$
