000
CDUS44 KMEG 230634
CLIMEM


CLIMATE REPORT
NATIONAL WEATHER SERVICE MEMPHIS TN
133 AM CDT THU MAY 23 2019


...................................

...THE MEMPHIS CLIMATE SUMMARY FOR MAY 22 2019...

CLIMATE NORMAL PERIOD 1981 TO 2010
CLIMATE RECORD PERIOD 1872 TO 2019


WEATHER ITEM   OBSERVED TIME   RECORD YEAR NORMAL DEPARTURE LAST
                VALUE   (LST)  VALUE       VALUE  FROM      YEAR
                                                  NORMAL
..................................................................
TEMPERATURE (F)
 YESTERDAY
  MAXIMUM         89    412 PM  96    1987  83      6       88
  MINIMUM         69    849 AM  41    1883  64      5       70
  AVERAGE         79                        73      6       79

PRECIPITATION (IN)
  YESTERDAY        0.10          1.98 1980   0.15  -0.05      T
  MONTH TO DATE    5.17                      3.85   1.32     2.07
  SINCE MAR 1     17.18                     14.51   2.67    14.37
  SINCE JAN 1     30.71                     22.88   7.83    31.82

SNOWFALL (IN)
  YESTERDAY        0.0          MM      MM   0.0    0.0      0.0
  MONTH TO DATE    0.0                       0.0    0.0      0.0
  SINCE MAR 1      T                         0.4   -0.4      0.0
  SINCE JUL 1      0.8                       3.8   -3.0      2.5
  SNOW DEPTH       0

DEGREE DAYS
 HEATING
  YESTERDAY        0                         0      0        0
  MONTH TO DATE   10                        17     -7        0
  SINCE MAR 1    562                       512     50      599
  SINCE JUL 1   2965                      2962      3     3018

 COOLING
  YESTERDAY       14                         9      5       14
  MONTH TO DATE  148                       137     11      256
  SINCE MAR 1    201                       229    -28      272
  SINCE JAN 1    204                       232    -28      286
..................................................................


WIND (MPH)
  HIGHEST WIND SPEED    22   HIGHEST WIND DIRECTION     S (190)
  HIGHEST GUST SPEED    29   HIGHEST GUST DIRECTION     S (200)
  AVERAGE WIND SPEED    10.8


SKY COVER
  POSSIBLE SUNSHINE  MM
  AVERAGE SKY COVER 0.7


WEATHER CONDITIONS
 THE FOLLOWING WEATHER WAS RECORDED YESTERDAY.
  RAIN
  LIGHT RAIN
  FOG


RELATIVE HUMIDITY (PERCENT)
 HIGHEST    87           700 AM
 LOWEST     56           300 PM
 AVERAGE    72

..........................................................


THE MEMPHIS CLIMATE NORMALS FOR TODAY
                         NORMAL    RECORD    YEAR
 MAXIMUM TEMPERATURE (F)   83        92      1996
 MINIMUM TEMPERATURE (F)   64        44      1963


SUNRISE AND SUNSET
MAY 23 2019...........SUNRISE   551 AM CDT   SUNSET   803 PM CDT
MAY 24 2019...........SUNRISE   551 AM CDT   SUNSET   803 PM CDT


-  INDICATES NEGATIVE NUMBERS.
R  INDICATES RECORD WAS SET OR TIED.
MM INDICATES DATA IS MISSING.
T  INDICATES TRACE AMOUNT.




$$
