000
CDUS44 KMEG 200633
CLIMEM


CLIMATE REPORT
NATIONAL WEATHER SERVICE MEMPHIS TN
133 AM CDT WED MAR 20 2019


...................................

...THE MEMPHIS CLIMATE SUMMARY FOR MARCH 19 2019...

CLIMATE NORMAL PERIOD 1981 TO 2010
CLIMATE RECORD PERIOD 1872 TO 2019


WEATHER ITEM   OBSERVED TIME   RECORD YEAR NORMAL DEPARTURE LAST
                VALUE   (LST)  VALUE       VALUE  FROM      YEAR
                                                  NORMAL
..................................................................
TEMPERATURE (F)
 YESTERDAY
  MAXIMUM         63    306 PM  83    2012  65     -2       72
                                      1948
                                      1945
  MINIMUM         38    523 AM  14    1923  45     -7       51
  AVERAGE         51                        55     -4       62

PRECIPITATION (IN)
  YESTERDAY        0.00          5.26 1894   0.17  -0.17     0.17
  MONTH TO DATE    3.30                      3.05   0.25     1.94
  SINCE MAR 1      3.30                      3.05   0.25     1.94
  SINCE JAN 1     16.83                     11.42   5.41    19.39

SNOWFALL (IN)
  YESTERDAY        0.0           1.0  1965   0.0    0.0      0.0
  MONTH TO DATE    T                         0.3   -0.3      0.0
  SINCE MAR 1      T                         0.3   -0.3      0.0
  SINCE JUL 1      0.8                       3.7   -2.9      2.5
  SNOW DEPTH       0

DEGREE DAYS
 HEATING
  YESTERDAY       14                        11      3        3
  MONTH TO DATE  326                       250     76      238
  SINCE MAR 1    326                       250     76      238
  SINCE JUL 1   2729                      2700     29     2657

 COOLING
  YESTERDAY        0                         1     -1        0
  MONTH TO DATE    0                         4     -4        1
  SINCE MAR 1      0                         4     -4        1
  SINCE JAN 1      3                         7     -4       15
..................................................................


WIND (MPH)
  HIGHEST WIND SPEED    15   HIGHEST WIND DIRECTION     E (110)
  HIGHEST GUST SPEED    20   HIGHEST GUST DIRECTION    NE (60)
  AVERAGE WIND SPEED     6.7


SKY COVER
  POSSIBLE SUNSHINE  MM
  AVERAGE SKY COVER 0.1


WEATHER CONDITIONS
 THE FOLLOWING WEATHER WAS RECORDED YESTERDAY.
  NO SIGNIFICANT WEATHER WAS OBSERVED.


RELATIVE HUMIDITY (PERCENT)
 HIGHEST    59           500 AM
 LOWEST     23           300 PM
 AVERAGE    41

..........................................................


THE MEMPHIS CLIMATE NORMALS FOR TODAY
                         NORMAL    RECORD    YEAR
 MAXIMUM TEMPERATURE (F)   65        85      2017
                                             2012
 MINIMUM TEMPERATURE (F)   45        18      1965


SUNRISE AND SUNSET
MARCH 20 2019.........SUNRISE   704 AM CDT   SUNSET   711 PM CDT
MARCH 21 2019.........SUNRISE   703 AM CDT   SUNSET   712 PM CDT


-  INDICATES NEGATIVE NUMBERS.
R  INDICATES RECORD WAS SET OR TIED.
MM INDICATES DATA IS MISSING.
T  INDICATES TRACE AMOUNT.




$$
