000
CDUS41 KCLE 230529
CLIMFD


CLIMATE REPORT
NATIONAL WEATHER SERVICE CLEVELAND OH
128 AM EDT SAT MAR 23 2019


...................................

...THE MANSFIELD OH CLIMATE SUMMARY FOR MARCH 22 2019...

CLIMATE NORMAL PERIOD 1981 TO 2010
CLIMATE RECORD PERIOD 1916 TO 2019


WEATHER ITEM   OBSERVED TIME   RECORD YEAR NORMAL DEPARTURE LAST
                VALUE   (LST)  VALUE       VALUE  FROM      YEAR
                                                  NORMAL
..................................................................
TEMPERATURE (F)
 YESTERDAY
  MAXIMUM         40    500 PM  84    2012  49     -9       41
  MINIMUM         25   1159 PM  12    1959  30     -5       23
  AVERAGE         33                        39     -6       32

PRECIPITATION (IN)
  YESTERDAY        0.04                      0.12  -0.08     0.00
  MONTH TO DATE    2.02                      2.27  -0.25     2.22
  SINCE MAR 1      2.02                      2.27  -0.25     2.22
  SINCE JAN 1      8.70                      7.53   1.17     9.37

SNOWFALL (IN)
  YESTERDAY        0.4                       0.2    0.2      0.0
  MONTH TO DATE    2.9                       6.3   -3.4     11.0
  SINCE MAR 1      2.9                       6.3   -3.4     11.0
  SINCE JUL 1     45.4                      44.2    1.2     41.0
  SNOW DEPTH       0

DEGREE DAYS
 HEATING
  YESTERDAY       32                        26      6       33
  MONTH TO DATE  722                       652     70      736
  SINCE MAR 1    722                       652     70      736
  SINCE JUL 1   5216                      5277    -61     5056

 COOLING
  YESTERDAY        0                         0      0        0
  MONTH TO DATE    0                         0      0        0
  SINCE MAR 1      0                         0      0        0
  SINCE JAN 1      0                         0      0        1
..................................................................


WIND (MPH)
  HIGHEST WIND SPEED    28   HIGHEST WIND DIRECTION    NW (330)
  HIGHEST GUST SPEED    35   HIGHEST GUST DIRECTION    NW (330)
  AVERAGE WIND SPEED    12.0


SKY COVER
  POSSIBLE SUNSHINE  MM
  AVERAGE SKY COVER 0.9


WEATHER CONDITIONS
 THE FOLLOWING WEATHER WAS RECORDED YESTERDAY.
  LIGHT SNOW
  FOG


RELATIVE HUMIDITY (PERCENT)
 HIGHEST    92          1100 AM
 LOWEST     59           600 PM
 AVERAGE    76

..........................................................


THE MANSFIELD OH CLIMATE NORMALS FOR TODAY
                         NORMAL    RECORD    YEAR
 MAXIMUM TEMPERATURE (F)   49        77      2012
 MINIMUM TEMPERATURE (F)   30         7      1940


SUNRISE AND SUNSET
MARCH 23 2019.........SUNRISE   729 AM EDT   SUNSET   745 PM EDT
MARCH 24 2019.........SUNRISE   727 AM EDT   SUNSET   746 PM EDT


-  INDICATES NEGATIVE NUMBERS.
R  INDICATES RECORD WAS SET OR TIED.
MM INDICATES DATA IS MISSING.
T  INDICATES TRACE AMOUNT.




$$
