000
CDUS41 KCLE 260527
CLIMFD


CLIMATE REPORT
NATIONAL WEATHER SERVICE CLEVELAND OH
126 AM EDT SUN MAY 26 2019


...................................

...THE MANSFIELD OH CLIMATE SUMMARY FOR MAY 25 2019...

CLIMATE NORMAL PERIOD 1981 TO 2010
CLIMATE RECORD PERIOD 1916 TO 2019


WEATHER ITEM   OBSERVED TIME   RECORD YEAR NORMAL DEPARTURE LAST
                VALUE   (LST)  VALUE       VALUE  FROM      YEAR
                                                  NORMAL
..................................................................
TEMPERATURE (F)
 YESTERDAY
  MAXIMUM         89R   254 PM  88    2012  72     17       84
                                      1918
  MINIMUM         65    152 AM  28    1925  51     14       54
  AVERAGE         77                        61     16       69

PRECIPITATION (IN)
  YESTERDAY        0.10                      0.16  -0.06     0.00
  MONTH TO DATE    2.49                      3.57  -1.08     3.35
  SINCE MAR 1     10.66                     11.10  -0.44    11.20
  SINCE JAN 1     17.34                     16.36   0.98    18.35

SNOWFALL (IN)
  YESTERDAY        0.0                       0.0    0.0      0.0
  MONTH TO DATE    0.0                       0.0    0.0      0.0
  SINCE MAR 1      4.2                      10.4   -6.2     16.3
  SINCE JUL 1     46.7                      48.3   -1.6     46.3
  SNOW DEPTH       0

DEGREE DAYS
 HEATING
  YESTERDAY        0                         5     -5        0
  MONTH TO DATE  161                       204    -43       41
  SINCE MAR 1   1510                      1564    -54     1639
  SINCE JUL 1   6004                      6189   -185     5959

 COOLING
  YESTERDAY       12                         2     10        4
  MONTH TO DATE   39                        24     15       44
  SINCE MAR 1     42                        32     10       49
  SINCE JAN 1     42                        32     10       50
..................................................................


WIND (MPH)
  HIGHEST WIND SPEED    30   HIGHEST WIND DIRECTION     W (270)
  HIGHEST GUST SPEED    45   HIGHEST GUST DIRECTION     W (280)
  AVERAGE WIND SPEED    11.8


SKY COVER
  POSSIBLE SUNSHINE  MM
  AVERAGE SKY COVER 0.2


WEATHER CONDITIONS
 THE FOLLOWING WEATHER WAS RECORDED YESTERDAY.
  HEAVY RAIN
  LIGHT RAIN
  FOG


RELATIVE HUMIDITY (PERCENT)
 HIGHEST    93           500 AM
 LOWEST     37           300 PM
 AVERAGE    65

..........................................................


THE MANSFIELD OH CLIMATE NORMALS FOR TODAY
                         NORMAL    RECORD    YEAR
 MAXIMUM TEMPERATURE (F)   72        88      1939
                                             1918
 MINIMUM TEMPERATURE (F)   51        32      1948


SUNRISE AND SUNSET
MAY 26 2019...........SUNRISE   604 AM EDT   SUNSET   850 PM EDT
MAY 27 2019...........SUNRISE   604 AM EDT   SUNSET   851 PM EDT


-  INDICATES NEGATIVE NUMBERS.
R  INDICATES RECORD WAS SET OR TIED.
MM INDICATES DATA IS MISSING.
T  INDICATES TRACE AMOUNT.




$$
