000
CDUS44 KBRO 250625
CLIMFE


CLIMATE REPORT
NATIONAL WEATHER SERVICE BROWNSVILLE TX
125 AM CDT SAT MAY 25 2019


...................................

...THE MCALLEN CLIMATE SUMMARY FOR MAY 24 2019...

CLIMATE NORMAL PERIOD 1981 TO 2010
CLIMATE RECORD PERIOD 1961 TO 2019


WEATHER ITEM   OBSERVED TIME   RECORD YEAR NORMAL DEPARTURE LAST
                VALUE   (LST)  VALUE       VALUE  FROM      YEAR
                                                  NORMAL
..................................................................
TEMPERATURE (F)
 YESTERDAY
  MAXIMUM         94    334 PM  99    2018  93      1       99
                                      2011
                                      2008
  MINIMUM         79    631 AM  60    1967  74      5       78
  AVERAGE         87                        83      4

PRECIPITATION (IN)
  YESTERDAY        0.00          3.01 1982   0.07  -0.07     0.00
  MONTH TO DATE    3.16                      1.71   1.45     0.73
  SINCE MAR 1      6.20                      4.08   2.12     2.62
  SINCE JAN 1      7.55                      6.24   1.31     3.82

SNOWFALL (IN)
  YESTERDAY        0.0
  MONTH TO DATE    0.0
  SINCE MAR 1      0.0
  SINCE JUL 1      0.0
  SNOW DEPTH       0

DEGREE DAYS
 HEATING
  YESTERDAY        0                         0      0        0
  MONTH TO DATE    0                         0      0        0
  SINCE MAR 1     93                        46     47        0
  SINCE JUL 1    503                       579    -76      550

 COOLING
  YESTERDAY       22                        18      4       24
  MONTH TO DATE  458                       390     68      479
  SINCE MAR 1   1087                       962    125     1216
  SINCE JAN 1   1316                      1121    195     1482
..................................................................


WIND (MPH)
  HIGHEST WIND SPEED    29   HIGHEST WIND DIRECTION    SE (130)
  HIGHEST GUST SPEED    37   HIGHEST GUST DIRECTION    SE (140)
  AVERAGE WIND SPEED    19.1



WEATHER CONDITIONS
 THE FOLLOWING WEATHER WAS RECORDED YESTERDAY.
  NO SIGNIFICANT WEATHER WAS OBSERVED.


RELATIVE HUMIDITY (PERCENT)
 HIGHEST    85
 LOWEST     49
 AVERAGE    67

..........................................................


THE MCALLEN CLIMATE NORMALS FOR TODAY
                         NORMAL    RECORD    YEAR
 MAXIMUM TEMPERATURE (F)   94       103      1989
 MINIMUM TEMPERATURE (F)   74        62      1967


SUNRISE AND SUNSET
MAY 25 2019...........SUNRISE   642 AM CDT   SUNSET   818 PM CDT
MAY 26 2019...........SUNRISE   642 AM CDT   SUNSET   818 PM CDT


-  INDICATES NEGATIVE NUMBERS.
R  INDICATES RECORD WAS SET OR TIED.
MM INDICATES DATA IS MISSING.
T  INDICATES TRACE AMOUNT.




$$
