501
CDUS44 KBRO 220629
CLIMFE


CLIMATE REPORT
NATIONAL WEATHER SERVICE BROWNSVILLE TX
128 AM CDT FRI MAR 22 2019


...................................

...THE MCALLEN CLIMATE SUMMARY FOR MARCH 21 2019...

CLIMATE NORMAL PERIOD 1981 TO 2010
CLIMATE RECORD PERIOD 1961 TO 2019


WEATHER ITEM   OBSERVED TIME   RECORD YEAR NORMAL DEPARTURE LAST
                VALUE   (LST)  VALUE       VALUE  FROM      YEAR
                                                  NORMAL
..................................................................
TEMPERATURE (F)
 YESTERDAY
  MAXIMUM         81    329 PM 100    1952  83     -2       86
  MINIMUM         61    641 AM  40    2010  61      0       59
  AVERAGE         71                        72     -1

PRECIPITATION (IN)
  YESTERDAY        0.00          0.49 2015   0.04  -0.04     0.00
  MONTH TO DATE    0.96                      0.69   0.27      T
  SINCE MAR 1      0.96                      0.69   0.27      T
  SINCE JAN 1      2.31                      2.85  -0.54     1.20

SNOWFALL (IN)
  YESTERDAY        0.0
  MONTH TO DATE    0.0
  SINCE MAR 1      0.0
  SINCE JUL 1      0.0
  SNOW DEPTH       0

DEGREE DAYS
 HEATING
  YESTERDAY        0                         1     -1        0
  MONTH TO DATE   71                        32     39        0
  SINCE MAR 1     71                        32     39        0
  SINCE JUL 1    481                       565    -84      550

 COOLING
  YESTERDAY        6                         8     -2        8
  MONTH TO DATE  156                       131     25      223
  SINCE MAR 1    156                       131     25      223
  SINCE JAN 1    385                       290     95      489
..................................................................


WIND (MPH)
  HIGHEST WIND SPEED    16   HIGHEST WIND DIRECTION    SE (120)
  HIGHEST GUST SPEED    20   HIGHEST GUST DIRECTION    SE (120)
  AVERAGE WIND SPEED     7.5



WEATHER CONDITIONS
 THE FOLLOWING WEATHER WAS RECORDED YESTERDAY.
  NO SIGNIFICANT WEATHER WAS OBSERVED.


RELATIVE HUMIDITY (PERCENT)
 HIGHEST    93
 LOWEST     42
 AVERAGE    68

..........................................................


THE MCALLEN CLIMATE NORMALS FOR TODAY
                         NORMAL    RECORD    YEAR
 MAXIMUM TEMPERATURE (F)   83        99      1991
 MINIMUM TEMPERATURE (F)   61        39      1968


SUNRISE AND SUNSET
MARCH 22 2019.........SUNRISE   735 AM CDT   SUNSET   745 PM CDT
MARCH 23 2019.........SUNRISE   734 AM CDT   SUNSET   746 PM CDT


-  INDICATES NEGATIVE NUMBERS.
R  INDICATES RECORD WAS SET OR TIED.
MM INDICATES DATA IS MISSING.
T  INDICATES TRACE AMOUNT.




$$
