000
CDUS46 KMFR 220837
CLIMFR


CLIMATE REPORT
NATIONAL WEATHER SERVICE MEDFORD, OR
137 AM PDT WED MAY 22 2019


...................................

...THE MEDFORD OR CLIMATE SUMMARY FOR MAY 21 2019...

CLIMATE NORMAL PERIOD 1981 TO 2010
CLIMATE RECORD PERIOD 1911 TO 2019


WEATHER ITEM   OBSERVED TIME   RECORD YEAR NORMAL DEPARTURE LAST
                VALUE   (LST)  VALUE       VALUE  FROM      YEAR
                                                  NORMAL
..................................................................
TEMPERATURE (F)
 YESTERDAY
  MAXIMUM         55    603 PM  96    2001  75    -20       82
  MINIMUM         46    838 AM  30    1918  47     -1       47
  AVERAGE         51                        61    -10       65

PRECIPITATION (IN)
  YESTERDAY        0.49          0.80 1996   0.04   0.45     0.00
  MONTH TO DATE    1.26                      0.90   0.36     0.55
  SINCE OCT 1     18.40                     16.07   2.33    10.56
  SINCE JAN 1     13.20                      8.43   4.77     5.95

SNOWFALL (IN)
  YESTERDAY        0.0                       0.0    0.0      0.0
  MONTH TO DATE    0.0                       0.0    0.0      0.0
  SINCE JUL 1      6.8                       4.1    2.7      4.2
  SNOW DEPTH       0

DEGREE DAYS
 HEATING
  YESTERDAY       14                         5      9        0
  MONTH TO DATE   97                       152    -55       49
  SINCE MAR 1    904                      1037   -133      959
  SINCE JUL 1   3974                      4151   -177     4052

 COOLING
  YESTERDAY        0                         1     -1        0
  MONTH TO DATE   15                        20     -5       21
  SINCE MAR 1     22                        23     -1       29
  SINCE JAN 1     22                        23     -1       29
..................................................................


WIND (MPH)
  HIGHEST WIND SPEED    10   HIGHEST WIND DIRECTION    NW (320)
  HIGHEST GUST SPEED    15   HIGHEST GUST DIRECTION    SW (230)
  AVERAGE WIND SPEED     3.5


SKY COVER
  POSSIBLE SUNSHINE  MM
  AVERAGE SKY COVER 1.0


WEATHER CONDITIONS
 THE FOLLOWING WEATHER WAS RECORDED YESTERDAY.
  RAIN
  LIGHT RAIN
  FOG
  HAZE


RELATIVE HUMIDITY (PERCENT)
 HIGHEST    93           500 AM
 LOWEST     66           600 PM
 AVERAGE    80

..........................................................


THE MEDFORD OR CLIMATE NORMALS FOR TODAY
                         NORMAL    RECORD    YEAR
 MAXIMUM TEMPERATURE (F)   75       100      2001
                                             1941
 MINIMUM TEMPERATURE (F)   47        33      1964
                                             1920


SUNRISE AND SUNSET
MAY 22 2019...........SUNRISE   544 AM PDT   SUNSET   833 PM PDT
MAY 23 2019...........SUNRISE   543 AM PDT   SUNSET   834 PM PDT


-  INDICATES NEGATIVE NUMBERS.
R  INDICATES RECORD WAS SET OR TIED.
MM INDICATES DATA IS MISSING.
T  INDICATES TRACE AMOUNT.




$$
