875
CDUS46 KMFR 230945
CLIMFR


CLIMATE REPORT
NATIONAL WEATHER SERVICE MEDFORD, OR
244 AM PDT SAT MAR 23 2019


...................................

...THE MEDFORD OR CLIMATE SUMMARY FOR MARCH 22 2019...

CLIMATE NORMAL PERIOD 1981 TO 2010
CLIMATE RECORD PERIOD 1911 TO 2019


WEATHER ITEM   OBSERVED TIME   RECORD YEAR NORMAL DEPARTURE LAST
                VALUE   (LST)  VALUE       VALUE  FROM      YEAR
                                                  NORMAL
..................................................................
TEMPERATURE (F)
 YESTERDAY
  MAXIMUM         53    531 PM  83    1939  60     -7       49
  MINIMUM         35    450 AM  24    1994  38     -3       37
                                      1966
  AVERAGE         44                        49     -5       43

PRECIPITATION (IN)
  YESTERDAY        0.07          1.01 1938   0.05   0.02     0.09
  MONTH TO DATE    0.47                      1.24  -0.77     1.49
  SINCE OCT 1     13.66                     13.32   0.34     8.75
  SINCE JAN 1      8.46                      5.68   2.78     4.14

SNOWFALL (IN)
  YESTERDAY        0.0                       0.0    0.0      0.0
  MONTH TO DATE    0.0                       0.4   -0.4       T
  SINCE JUL 1      6.8                       4.0    2.8      4.2
  SNOW DEPTH       0

DEGREE DAYS
 HEATING
  YESTERDAY       21                        16      5       22
  MONTH TO DATE  401                       380     21      411
  SINCE MAR 1    401                       380     21      411
  SINCE JUL 1   3471                      3494    -23     3504

 COOLING
  YESTERDAY        0                         0      0        0
  MONTH TO DATE    0                         0      0        0
  SINCE MAR 1      0                         0      0        0
  SINCE JAN 1      0                         0      0        0
..................................................................


WIND (MPH)
  HIGHEST WIND SPEED    12   HIGHEST WIND DIRECTION     S (160)
  HIGHEST GUST SPEED    18   HIGHEST GUST DIRECTION    SE (150)
  AVERAGE WIND SPEED     3.7


SKY COVER
  POSSIBLE SUNSHINE  MM
  AVERAGE SKY COVER 0.6


WEATHER CONDITIONS
 THE FOLLOWING WEATHER WAS RECORDED YESTERDAY.
  LIGHT RAIN
  FOG


RELATIVE HUMIDITY (PERCENT)
 HIGHEST    92          1100 PM
 LOWEST     63           700 PM
 AVERAGE    78

..........................................................


THE MEDFORD OR CLIMATE NORMALS FOR TODAY
                         NORMAL    RECORD    YEAR
 MAXIMUM TEMPERATURE (F)   60        81      1960
                                             1939
 MINIMUM TEMPERATURE (F)   38        25      2013
                                             1933


SUNRISE AND SUNSET
MARCH 23 2019.........SUNRISE   710 AM PDT   SUNSET   727 PM PDT
MARCH 24 2019.........SUNRISE   708 AM PDT   SUNSET   728 PM PDT


-  INDICATES NEGATIVE NUMBERS.
R  INDICATES RECORD WAS SET OR TIED.
MM INDICATES DATA IS MISSING.
T  INDICATES TRACE AMOUNT.




$$
