000
CDUS44 KBMX 270740
CLIMGM


CLIMATE REPORT
NATIONAL WEATHER SERVICE BIRMINGHAM, AL
239 AM CDT MON MAY 27 2019


...................................

...THE MONTGOMERY CLIMATE SUMMARY FOR MAY 26 2019...

CLIMATE NORMAL PERIOD 1981 TO 2010
CLIMATE RECORD PERIOD 1872 TO 2019


WEATHER ITEM   OBSERVED TIME   RECORD YEAR NORMAL DEPARTURE LAST
                VALUE   (LST)  VALUE       VALUE  FROM      YEAR
                                                  NORMAL
..................................................................
TEMPERATURE (F)
 YESTERDAY
  MAXIMUM         97R   307 PM  97    1916  86     11       88
  MINIMUM         69    452 AM  43    1979  64      5       67
  AVERAGE         83                        75      8       78

PRECIPITATION (IN)
  YESTERDAY        0.00          2.02 2011   0.11  -0.11     0.02
  MONTH TO DATE    5.09                      2.99   2.10     1.81
  SINCE MAR 1     13.57                     12.96   0.61     8.95
  SINCE JAN 1     20.37                     22.89  -2.52    17.94

DEGREE DAYS
 COOLING
  YESTERDAY       18                        10      8       13
  MONTH TO DATE  280                       183     97      287
  SINCE MAR 1    415                       278    137      352
  SINCE JAN 1    471                       284    187      417
..................................................................


WIND (MPH)
  HIGHEST WIND SPEED    10   HIGHEST WIND DIRECTION    SE (130)
  HIGHEST GUST SPEED    16   HIGHEST GUST DIRECTION    SE (130)
  AVERAGE WIND SPEED     2.3


SKY COVER
  AVERAGE SKY COVER 0.0


WEATHER CONDITIONS
 THE FOLLOWING WEATHER WAS RECORDED YESTERDAY.
  FOG


RELATIVE HUMIDITY (PERCENT)
 HIGHEST   100           200 AM
 LOWEST     39          1200 PM
 AVERAGE    70

..........................................................


THE MONTGOMERY CLIMATE NORMALS FOR TODAY
                         NORMAL    RECORD    YEAR
 MAXIMUM TEMPERATURE (F)   87        99      1916
 MINIMUM TEMPERATURE (F)   64        44      1961


SUNRISE AND SUNSET
MAY 27 2019...........SUNRISE   541 AM CDT   SUNSET   744 PM CDT
MAY 28 2019...........SUNRISE   541 AM CDT   SUNSET   745 PM CDT


-  INDICATES NEGATIVE NUMBERS.
R  INDICATES RECORD WAS SET OR TIED.
MM INDICATES DATA IS MISSING.
T  INDICATES TRACE AMOUNT.




$$
