000
CDUS41 KPBZ 180703
CLIMGW


CLIMATE REPORT
NATIONAL WEATHER SERVICE PITTSBURGH PA
303 AM EDT MON MAR 18 2019


...................................

...THE MORGANTOWN WV CLIMATE SUMMARY FOR MARCH 17 2019...

CLIMATE NORMAL PERIOD 1981 TO 2010
CLIMATE RECORD PERIOD 1872 TO 2019


WEATHER ITEM   OBSERVED TIME   RECORD YEAR NORMAL DEPARTURE LAST
                VALUE   (LST)  VALUE       VALUE  FROM      YEAR
                                                  NORMAL
..................................................................
TEMPERATURE (F)
 YESTERDAY
  MAXIMUM         46    302 PM  79    2012  52     -6       35
                                      1945
  MINIMUM         26    652 AM   3    1900  32     -6       20
  AVERAGE         36                        42     -6       28

PRECIPITATION (IN)
  YESTERDAY        T             1.90 1936   0.12  -0.12     0.02
  MONTH TO DATE    1.10                      1.93  -0.83     0.90
  SINCE JUN 1     41.11                     31.98   9.13    36.39
  SINCE JAN 1     10.14                      7.34   2.80    10.06

DEGREE DAYS
 HEATING
  YESTERDAY       29                        23      6       37
  MONTH TO DATE  465                       430     35      536
  SINCE MAR 1    465                       430     35      536
  SINCE JUL 1   4151                      4319   -168     4158

 COOLING
  YESTERDAY        0                         0      0        0
  MONTH TO DATE    0                         0      0        0
  SINCE MAR 1      0                         0      0        0
  SINCE JAN 1      0                         0      0        5
..................................................................


WIND (MPH)
  HIGHEST WIND SPEED    10   HIGHEST WIND DIRECTION    NW (300)
  HIGHEST GUST SPEED    16   HIGHEST GUST DIRECTION     W (280)
  AVERAGE WIND SPEED     3.0


SKY COVER
  POSSIBLE SUNSHINE  MM
  AVERAGE SKY COVER 0.5


WEATHER CONDITIONS
 THE FOLLOWING WEATHER WAS RECORDED YESTERDAY.
  LIGHT SNOW
  HAZE


RELATIVE HUMIDITY (PERCENT)
 HIGHEST    81           700 AM
 LOWEST     27           300 PM
 AVERAGE    54

..........................................................


THE MORGANTOWN WV CLIMATE NORMALS FOR TODAY
                         NORMAL    RECORD    YEAR
 MAXIMUM TEMPERATURE (F)   53        82      1894
 MINIMUM TEMPERATURE (F)   33         1      1877


SUNRISE AND SUNSET
MARCH 18 2019.........SUNRISE   727 AM EDT   SUNSET   729 PM EDT
MARCH 19 2019.........SUNRISE   725 AM EDT   SUNSET   730 PM EDT


-  INDICATES NEGATIVE NUMBERS.
R  INDICATES RECORD WAS SET OR TIED.
MM INDICATES DATA IS MISSING.
T  INDICATES TRACE AMOUNT.




$$
