000
CDUS41 KPBZ 222117
CLIMGW


CLIMATE REPORT
NATIONAL WEATHER SERVICE PITTSBURGH PA
517 PM EDT WED MAY 22 2019


...................................

...THE MORGANTOWN WV CLIMATE SUMMARY FOR MAY 22 2019...
VALID TODAY AS OF 0500 PM LOCAL TIME.

CLIMATE NORMAL PERIOD 1981 TO 2010
CLIMATE RECORD PERIOD 1872 TO 2019


WEATHER ITEM   OBSERVED TIME   RECORD YEAR NORMAL DEPARTURE LAST
                VALUE   (LST)  VALUE       VALUE  FROM      YEAR
                                                  NORMAL
..................................................................
TEMPERATURE (F)
 TODAY
  MAXIMUM         85    324 PM  90    1970  73     12       76
                                      1936
                                      1934
  MINIMUM         52   1257 AM  28    1895  52      0       63
  AVERAGE         69                        63      6       70

PRECIPITATION (IN)
  TODAY            0.00          1.13 2018   0.16  -0.16     1.13
  MONTH TO DATE    3.06                      3.21  -0.15     4.76
  SINCE JUN 1     48.53                     40.43   8.10    48.99
  SINCE JAN 1     17.56                     15.79   1.77    22.66

DEGREE DAYS
 HEATING
  TODAY            0                         4     -4        0
  MONTH TO DATE   73                       138    -65       25
  SINCE MAR 1   1061                      1232   -171     1407
  SINCE JUL 1   4747                      5121   -374     5029

 COOLING
  TODAY            4                         2      2        5
  MONTH TO DATE   63                        30     33       97
  SINCE MAR 1     82                        46     36      116
  SINCE JAN 1     82                        46     36      121
..................................................................


WIND (MPH)
  HIGHEST WIND SPEED    15   HIGHEST WIND DIRECTION    SE (120)
  HIGHEST GUST SPEED    19   HIGHEST GUST DIRECTION    SE (130)
  AVERAGE WIND SPEED     6.3


SKY COVER
  POSSIBLE SUNSHINE  MM
  AVERAGE SKY COVER 0.1


WEATHER CONDITIONS
 THE FOLLOWING WEATHER WAS RECORDED TODAY.
  NO SIGNIFICANT WEATHER WAS OBSERVED.


RELATIVE HUMIDITY (PERCENT)
 HIGHEST    71           100 AM
 LOWEST     42           600 AM
 AVERAGE    57

..........................................................


THE MORGANTOWN WV CLIMATE NORMALS FOR TOMORROW
                         NORMAL    RECORD    YEAR
 MAXIMUM TEMPERATURE (F)   74        91      1966
 MINIMUM TEMPERATURE (F)   52        34      2006
                                             1997


SUNRISE AND SUNSET
MAY 22 2019...........SUNRISE   600 AM EDT   SUNSET   833 PM EDT
MAY 23 2019...........SUNRISE   559 AM EDT   SUNSET   834 PM EDT


-  INDICATES NEGATIVE NUMBERS.
R  INDICATES RECORD WAS SET OR TIED.
MM INDICATES DATA IS MISSING.
T  INDICATES TRACE AMOUNT.




$$
