000
CDUS43 KFSD 192237
CLIMHE


CLIMATE REPORT
NATIONAL WEATHER SERVICE SIOUX FALLS SD
535 PM CDT TUE MAR 19 2019


...................................

...THE MITCHELL SD CLIMATE SUMMARY FOR MARCH 19 2019...
VALID TODAY AS OF 0500 PM LOCAL TIME.

CLIMATE NORMAL PERIOD 1981 TO 2010
CLIMATE RECORD PERIOD 1893 TO 2019


WEATHER ITEM   OBSERVED TIME   RECORD YEAR NORMAL DEPARTURE LAST
                VALUE   (LST)  VALUE       VALUE  FROM      YEAR
                                                  NORMAL
..................................................................
TEMPERATURE (F)
 TODAY
  MAXIMUM         41    235 PM  80    2004  46     -5       43
  MINIMUM         27    644 AM  -7    1923  25      2       33
  AVERAGE         34                        35     -1       38

PRECIPITATION (IN)
  TODAY            0.00          0.85 1979   0.04  -0.04      T
  MONTH TO DATE    2.78                      0.55   2.23     1.21
  SINCE MAR 1      2.78                      0.55   2.23     1.21
  SINCE JAN 1      4.41                      1.11   3.30     2.25

SNOWFALL (IN)
  TODAY            0.0           5.0  1970  MM     MM         T
  MONTH TO DATE    8.3                      MM     MM        8.7
  SINCE MAR 1      8.3                      MM     MM        8.7
  SINCE JUL 1     51.1                      MM     MM       35.7
  SNOW DEPTH       8

DEGREE DAYS
 HEATING
  TODAY           31                        30      1       27
  MONTH TO DATE  839                       632    207      646
  SINCE MAR 1    839                       632    207      646
  SINCE JUL 1   6846                      6154    692     6201

 COOLING
  TODAY            0                         0      0        0
  MONTH TO DATE    0                         0      0        0
  SINCE MAR 1      0                         0      0        0
  SINCE JAN 1      0                         0      0        0
..................................................................


WIND (MPH)
  HIGHEST WIND SPEED    18   HIGHEST WIND DIRECTION    NW (330)
  HIGHEST GUST SPEED    22   HIGHEST GUST DIRECTION    NW (330)
  AVERAGE WIND SPEED     6.6


SKY COVER
  POSSIBLE SUNSHINE  MM
  AVERAGE SKY COVER 0.1


WEATHER CONDITIONS
 THE FOLLOWING WEATHER WAS RECORDED TODAY.
  FOG


RELATIVE HUMIDITY (PERCENT)
 HIGHEST    85           600 AM
 LOWEST     65          1200 PM
 AVERAGE    75

..........................................................


THE MITCHELL SD CLIMATE NORMALS FOR TOMORROW
                         NORMAL    RECORD    YEAR
 MAXIMUM TEMPERATURE (F)   46        77      1994
                                             1976
 MINIMUM TEMPERATURE (F)   25        -6      1965


SUNRISE AND SUNSET
MARCH 19 2019.........SUNRISE   738 AM CDT   SUNSET   743 PM CDT
MARCH 20 2019.........SUNRISE   736 AM CDT   SUNSET   744 PM CDT


-  INDICATES NEGATIVE NUMBERS.
R  INDICATES RECORD WAS SET OR TIED.
MM INDICATES DATA IS MISSING.
T  INDICATES TRACE AMOUNT.




$$
