934
CDUS43 KFSD 230634
CLIMHE


CLIMATE REPORT
NATIONAL WEATHER SERVICE SIOUX FALLS SD
133 AM CDT THU MAY 23 2019


...................................

...THE MITCHELL SD CLIMATE SUMMARY FOR MAY 22 2019...

CLIMATE NORMAL PERIOD 1981 TO 2010
CLIMATE RECORD PERIOD 1893 TO 2019


WEATHER ITEM   OBSERVED TIME   RECORD YEAR NORMAL DEPARTURE LAST
                VALUE   (LST)  VALUE       VALUE  FROM      YEAR
                                                  NORMAL
..................................................................
TEMPERATURE (F)
 YESTERDAY
  MAXIMUM         57   1259 PM  95    1967  73    -16       83
                                      1964
  MINIMUM         48   1209 AM  26    1963  50     -2       53
  AVERAGE         53                        61     -8       68

PRECIPITATION (IN)
  YESTERDAY        0.02          1.90 1977   0.10  -0.08     0.00
  MONTH TO DATE    3.51                      1.73   1.78     0.64
  SINCE MAR 1      9.46                      4.97   4.49     3.79
  SINCE JAN 1     11.09                      5.53   5.56     4.83

SNOWFALL (IN)
  YESTERDAY        0.0           0.0    MM  MM     MM        0.0
  MONTH TO DATE    0.0                      MM     MM        0.0
  SINCE MAR 1     24.8                      MM     MM       33.7
  SINCE JUL 1     67.6                      MM     MM       60.7
  SNOW DEPTH       0

DEGREE DAYS
 HEATING
  YESTERDAY       12                         5      7        0
  MONTH TO DATE  262                       173     89       97
  SINCE MAR 1   1943                      1651    292     1865
  SINCE JUL 1   7950                      7173    777     7420

 COOLING
  YESTERDAY        0                         1     -1        3
  MONTH TO DATE    7                        19    -12       37
  SINCE MAR 1      7                        21    -14       43
  SINCE JAN 1      7                        21    -14       43
..................................................................


WIND (MPH)
  HIGHEST WIND SPEED    17   HIGHEST WIND DIRECTION     W (270)
  HIGHEST GUST SPEED    25   HIGHEST GUST DIRECTION     E (90)
  AVERAGE WIND SPEED     9.1


SKY COVER
  POSSIBLE SUNSHINE  MM
  AVERAGE SKY COVER 1.0


WEATHER CONDITIONS
 THE FOLLOWING WEATHER WAS RECORDED YESTERDAY.
  LIGHT RAIN
  FOG
  HAZE


RELATIVE HUMIDITY (PERCENT)
 HIGHEST    93           100 AM
 LOWEST     77           100 PM
 AVERAGE    85

..........................................................


THE MITCHELL SD CLIMATE NORMALS FOR TODAY
                         NORMAL    RECORD    YEAR
 MAXIMUM TEMPERATURE (F)   73       100      1926
 MINIMUM TEMPERATURE (F)   50        33      1947


SUNRISE AND SUNSET
MAY 23 2019...........SUNRISE   559 AM CDT   SUNSET   859 PM CDT
MAY 24 2019...........SUNRISE   559 AM CDT   SUNSET   900 PM CDT


-  INDICATES NEGATIVE NUMBERS.
R  INDICATES RECORD WAS SET OR TIED.
MM INDICATES DATA IS MISSING.
T  INDICATES TRACE AMOUNT.




$$
